{"id":16190,"date":"2018-10-12T09:28:36","date_gmt":"2018-10-12T07:28:36","guid":{"rendered":"https:\/\/test.guerini.it\/?product=la-marca"},"modified":"2025-03-22T13:53:29","modified_gmt":"2025-03-22T12:53:29","slug":"la-marca","status":"publish","type":"product","link":"https:\/\/www.guerini.it\/index.php\/prodotto\/la-marca\/","title":{"rendered":"La marca"},"content":{"rendered":"<p style=\"text-align: justify;\">La marca \u00e8 uno strumento strategico di creazione di valore per le imprese. Essa \u00e8 indispensabile nella nostra vita quotidiana. Ogni consumatore, infatti, incontra e consuma in media 3000 marche e ne conosce di nome almeno 5000. La marca \u00e8 oggi una potente macchina ideologica in grado di influenzare il nostro modo di pensare, parlare e agire.<br \/>\nColonna portante della societ\u00e0 dei consumi \u2013 come scrive Mauro Ferraresi nella sua Introduzione \u2013 la marca \u00e8 diventata essa stessa un sistema di comunicazione, in grado di orientare, fidelizzare, narrare percorsi di senso e veicolare messaggi. Oggetto principale della comunicazione pubblicitaria, si presenta come un \u00absistema simbolico\u00bb articolato su tre livelli: sensibile (fisicit\u00e0 della marca), retorico (dimensione persuasiva) e pragmatico (capacit\u00e0 di orientare il consumatore). \u00c8 protagonista del cambiamento sociale, culturale ed economico, e modifica lo status quo del consumatore, attraverso il mutamento di abitudini e usi.<br \/>\nQuesto libro, per la prima volta tradotto in italiano, spiega quali sono le potenzialit\u00e0 e il valore della marca per l\u2019industria, per i distributori e per i consumatori, e propone una riflessione sui modi attraverso cui essa \u00e8 diventata \u00abfornitore di senso\u00bb nelle societ\u00e0 occidentali.<\/p>\n<hr \/>\n<p style=\"text-align: justify;\"><strong>Beno\u00eet Heilbrunn<\/strong> \u00e8 professore di marketing presso l\u2019<span style=\"font-size: x-small;\">ESCP<\/span> Europe e all\u2019<span style=\"font-size: x-small;\">IFM<\/span>, consulente di strategia di marca e autore di diversi volumi, tra cui ricordiamo<em> Le logo <\/em>(Paris 2006), <em>La consommation et ses sociologies<\/em> (2010) e <em>Le packaging<\/em> (con B. Barr\u00e9, Paris 2012).<\/p>\n","protected":false},"excerpt":{"rendered":"<p style=\"text-align: justify;\">La marca \u00e8 uno strumento strategico di creazione di valore per le imprese. Essa \u00e8 indispensabile nella nostra vita quotidiana. Ogni consumatore, infatti, incontra e consuma in media 3000 marche e ne conosce di nome almeno 5000. La marca \u00e8 oggi una potente macchina ideologica in grado di influenzare il nostro modo di pensare, parlare e agire.<br \/>\nColonna portante della societ\u00e0 dei consumi \u2013 come scrive Mauro Ferraresi nella sua Introduzione \u2013 la marca \u00e8 diventata essa stessa un sistema di comunicazione, in grado di orientare, fidelizzare, narrare percorsi di senso e veicolare messaggi. Oggetto principale della comunicazione pubblicitaria, si presenta come un \u00absistema simbolico\u00bb articolato su tre livelli: sensibile (fisicit\u00e0 della marca), retorico (dimensione persuasiva) e pragmatico (capacit\u00e0 di orientare il consumatore). \u00c8 protagonista del cambiamento sociale, culturale ed economico, e modifica lo status quo del consumatore, attraverso il mutamento di abitudini e usi.<br \/>\nQuesto libro, per la prima volta tradotto in italiano, spiega quali sono le potenzialit\u00e0 e il valore della marca per l\u2019industria, per i distributori e per i consumatori, e propone una riflessione sui modi attraverso cui essa \u00e8 diventata \u00abfornitore di senso\u00bb nelle societ\u00e0 occidentali.<\/p>\n","protected":false},"featured_media":16189,"template":"","meta":{"_editorskit_title_hidden":false,"_editorskit_reading_time":0,"_editorskit_is_block_options_detached":false,"_editorskit_block_options_position":"{}","_monsterinsights_skip_tracking":false,"_monsterinsights_sitenote_active":false,"_monsterinsights_sitenote_note":"","_monsterinsights_sitenote_category":0},"product_brand":[],"product_cat":[6805,6529,6709],"product_tag":[],"class_list":{"0":"post-16190","1":"product","2":"type-product","3":"status-publish","4":"has-post-thumbnail","6":"product_cat-guerini-next","7":"product_cat-economia-e-management","8":"product_cat-societa-comunicazione-impresa","9":"pa_guerini_amazon_link-45-httpswwwamazonitmarca_beno","10":"pa_guerini_feltrinelli_link-70-httpswwwlafeltrinelliitlib","11":"pa_guerini_ibs_link-7a-httpswwwibsitmarca_libro_b","12":"pa_guerini_libruniver_link-24-httpswwwlibreriauniversita","13":"pa_guerini_mondadori_link-7e-httpswwwmondadoristoreitla","15":"first","16":"instock","17":"sale","18":"shipping-taxable","19":"purchasable","20":"product-type-simple"},"yoast_head":"<!-- This site is optimized with the Yoast SEO plugin v25.4 - https:\/\/yoast.com\/wordpress\/plugins\/seo\/ -->\n<title>La marca - Guerini e Associati<\/title>\n<meta name=\"robots\" content=\"index, follow, max-snippet:-1, max-image-preview:large, max-video-preview:-1\" \/>\n<link rel=\"canonical\" href=\"https:\/\/www.guerini.it\/index.php\/prodotto\/la-marca\/\" \/>\n<meta property=\"og:locale\" content=\"it_IT\" \/>\n<meta property=\"og:type\" content=\"article\" \/>\n<meta property=\"og:title\" content=\"La marca - Guerini e Associati\" \/>\n<meta property=\"og:description\" content=\"La marca \u00e8 uno strumento strategico di creazione di valore per le imprese. Essa \u00e8 indispensabile nella nostra vita quotidiana. Ogni consumatore, infatti, incontra e consuma in media 3000 marche e ne conosce di nome almeno 5000. La marca \u00e8 oggi una potente macchina ideologica in grado di influenzare il nostro modo di pensare, parlare e agire. Colonna portante della societ\u00e0 dei consumi \u2013 come scrive Mauro Ferraresi nella sua Introduzione \u2013 la marca \u00e8 diventata essa stessa un sistema di comunicazione, in grado di orientare, fidelizzare, narrare percorsi di senso e veicolare messaggi. Oggetto principale della comunicazione pubblicitaria, si presenta come un \u00absistema simbolico\u00bb articolato su tre livelli: sensibile (fisicit\u00e0 della marca), retorico (dimensione persuasiva) e pragmatico (capacit\u00e0 di orientare il consumatore). \u00c8 protagonista del cambiamento sociale, culturale ed economico, e modifica lo status quo del consumatore, attraverso il mutamento di abitudini e usi. Questo libro, per la prima volta tradotto in italiano, spiega quali sono le potenzialit\u00e0 e il valore della marca per l\u2019industria, per i distributori e per i consumatori, e propone una riflessione sui modi attraverso cui essa \u00e8 diventata \u00abfornitore di senso\u00bb nelle societ\u00e0 occidentali.\" \/>\n<meta property=\"og:url\" content=\"https:\/\/www.guerini.it\/index.php\/prodotto\/la-marca\/\" \/>\n<meta property=\"og:site_name\" content=\"Guerini e Associati\" \/>\n<meta property=\"article:modified_time\" content=\"2025-03-22T12:53:29+00:00\" \/>\n<meta property=\"og:image\" content=\"https:\/\/www.guerini.it\/wp-content\/uploads\/2018\/10\/marca_la__sito.jpg\" \/>\n\t<meta property=\"og:image:width\" content=\"235\" \/>\n\t<meta property=\"og:image:height\" content=\"353\" \/>\n\t<meta property=\"og:image:type\" content=\"image\/jpeg\" \/>\n<meta name=\"twitter:card\" content=\"summary_large_image\" \/>\n<meta name=\"twitter:label1\" content=\"Tempo di lettura stimato\" \/>\n\t<meta name=\"twitter:data1\" content=\"2 minuti\" \/>\n<!-- \/ Yoast SEO plugin. -->","yoast_head_json":{"title":"La marca - Guerini e Associati","robots":{"index":"index","follow":"follow","max-snippet":"max-snippet:-1","max-image-preview":"max-image-preview:large","max-video-preview":"max-video-preview:-1"},"canonical":"https:\/\/www.guerini.it\/index.php\/prodotto\/la-marca\/","og_locale":"it_IT","og_type":"article","og_title":"La marca - Guerini e Associati","og_description":"La marca \u00e8 uno strumento strategico di creazione di valore per le imprese. Essa \u00e8 indispensabile nella nostra vita quotidiana. Ogni consumatore, infatti, incontra e consuma in media 3000 marche e ne conosce di nome almeno 5000. La marca \u00e8 oggi una potente macchina ideologica in grado di influenzare il nostro modo di pensare, parlare e agire. Colonna portante della societ\u00e0 dei consumi \u2013 come scrive Mauro Ferraresi nella sua Introduzione \u2013 la marca \u00e8 diventata essa stessa un sistema di comunicazione, in grado di orientare, fidelizzare, narrare percorsi di senso e veicolare messaggi. Oggetto principale della comunicazione pubblicitaria, si presenta come un \u00absistema simbolico\u00bb articolato su tre livelli: sensibile (fisicit\u00e0 della marca), retorico (dimensione persuasiva) e pragmatico (capacit\u00e0 di orientare il consumatore). \u00c8 protagonista del cambiamento sociale, culturale ed economico, e modifica lo status quo del consumatore, attraverso il mutamento di abitudini e usi. Questo libro, per la prima volta tradotto in italiano, spiega quali sono le potenzialit\u00e0 e il valore della marca per l\u2019industria, per i distributori e per i consumatori, e propone una riflessione sui modi attraverso cui essa \u00e8 diventata \u00abfornitore di senso\u00bb nelle societ\u00e0 occidentali.","og_url":"https:\/\/www.guerini.it\/index.php\/prodotto\/la-marca\/","og_site_name":"Guerini e Associati","article_modified_time":"2025-03-22T12:53:29+00:00","og_image":[{"width":235,"height":353,"url":"https:\/\/www.guerini.it\/wp-content\/uploads\/2018\/10\/marca_la__sito.jpg","type":"image\/jpeg"}],"twitter_card":"summary_large_image","twitter_misc":{"Tempo di lettura stimato":"2 minuti"},"schema":{"@context":"https:\/\/schema.org","@graph":[{"@type":"WebPage","@id":"https:\/\/www.guerini.it\/index.php\/prodotto\/la-marca\/","url":"https:\/\/www.guerini.it\/index.php\/prodotto\/la-marca\/","name":"La marca - Guerini e Associati","isPartOf":{"@id":"https:\/\/www.guerini.it\/#website"},"primaryImageOfPage":{"@id":"https:\/\/www.guerini.it\/index.php\/prodotto\/la-marca\/#primaryimage"},"image":{"@id":"https:\/\/www.guerini.it\/index.php\/prodotto\/la-marca\/#primaryimage"},"thumbnailUrl":"https:\/\/www.guerini.it\/wp-content\/uploads\/2018\/10\/marca_la__sito.jpg","datePublished":"2018-10-12T07:28:36+00:00","dateModified":"2025-03-22T12:53:29+00:00","breadcrumb":{"@id":"https:\/\/www.guerini.it\/index.php\/prodotto\/la-marca\/#breadcrumb"},"inLanguage":"it-IT","potentialAction":[{"@type":"ReadAction","target":["https:\/\/www.guerini.it\/index.php\/prodotto\/la-marca\/"]}]},{"@type":"ImageObject","inLanguage":"it-IT","@id":"https:\/\/www.guerini.it\/index.php\/prodotto\/la-marca\/#primaryimage","url":"https:\/\/www.guerini.it\/wp-content\/uploads\/2018\/10\/marca_la__sito.jpg","contentUrl":"https:\/\/www.guerini.it\/wp-content\/uploads\/2018\/10\/marca_la__sito.jpg","width":235,"height":353,"caption":"Marca (La)"},{"@type":"BreadcrumbList","@id":"https:\/\/www.guerini.it\/index.php\/prodotto\/la-marca\/#breadcrumb","itemListElement":[{"@type":"ListItem","position":1,"name":"Home","item":"https:\/\/www.guerini.it\/"},{"@type":"ListItem","position":2,"name":"Catalogo","item":"https:\/\/www.guerini.it\/index.php\/negozio\/"},{"@type":"ListItem","position":3,"name":"La marca"}]},{"@type":"WebSite","@id":"https:\/\/www.guerini.it\/#website","url":"https:\/\/www.guerini.it\/","name":"Guerini e Associati","description":"30 anni di libri, idee e libert\u00e0","publisher":{"@id":"https:\/\/www.guerini.it\/#organization"},"potentialAction":[{"@type":"SearchAction","target":{"@type":"EntryPoint","urlTemplate":"https:\/\/www.guerini.it\/?s={search_term_string}"},"query-input":{"@type":"PropertyValueSpecification","valueRequired":true,"valueName":"search_term_string"}}],"inLanguage":"it-IT"},{"@type":"Organization","@id":"https:\/\/www.guerini.it\/#organization","name":"Guerini e Associati","url":"https:\/\/www.guerini.it\/","logo":{"@type":"ImageObject","inLanguage":"it-IT","@id":"https:\/\/www.guerini.it\/#\/schema\/logo\/image\/","url":"https:\/\/www.guerini.it\/wp-content\/uploads\/2021\/03\/Logo-Guerini-OK_-e1615831292285.png","contentUrl":"https:\/\/www.guerini.it\/wp-content\/uploads\/2021\/03\/Logo-Guerini-OK_-e1615831292285.png","width":2805,"height":1870,"caption":"Guerini e Associati"},"image":{"@id":"https:\/\/www.guerini.it\/#\/schema\/logo\/image\/"}}]}},"_links":{"self":[{"href":"https:\/\/www.guerini.it\/index.php\/wp-json\/wp\/v2\/product\/16190","targetHints":{"allow":["GET"]}}],"collection":[{"href":"https:\/\/www.guerini.it\/index.php\/wp-json\/wp\/v2\/product"}],"about":[{"href":"https:\/\/www.guerini.it\/index.php\/wp-json\/wp\/v2\/types\/product"}],"wp:featuredmedia":[{"embeddable":true,"href":"https:\/\/www.guerini.it\/index.php\/wp-json\/wp\/v2\/media\/16189"}],"wp:attachment":[{"href":"https:\/\/www.guerini.it\/index.php\/wp-json\/wp\/v2\/media?parent=16190"}],"wp:term":[{"taxonomy":"product_brand","embeddable":true,"href":"https:\/\/www.guerini.it\/index.php\/wp-json\/wp\/v2\/product_brand?post=16190"},{"taxonomy":"product_cat","embeddable":true,"href":"https:\/\/www.guerini.it\/index.php\/wp-json\/wp\/v2\/product_cat?post=16190"},{"taxonomy":"product_tag","embeddable":true,"href":"https:\/\/www.guerini.it\/index.php\/wp-json\/wp\/v2\/product_tag?post=16190"}],"curies":[{"name":"wp","href":"https:\/\/api.w.org\/{rel}","templated":true}]}}

<p style="text-align: justify;">La marca è uno strumento strategico di creazione di valore per le imprese. Essa è indispensabile nella nostra vita quotidiana. Ogni consumatore, infatti, incontra e consuma in media 3000 marche e ne conosce di nome almeno 5000. La marca è oggi una potente macchina ideologica in grado di influenzare il nostro modo di pensare, parlare e agire.<br />
Colonna portante della società dei consumi – come scrive Mauro Ferraresi nella sua Introduzione – la marca è diventata essa stessa un sistema di comunicazione, in grado di orientare, fidelizzare, narrare percorsi di senso e veicolare messaggi. Oggetto principale della comunicazione pubblicitaria, si presenta come un «sistema simbolico» articolato su tre livelli: sensibile (fisicità della marca), retorico (dimensione persuasiva) e pragmatico (capacità di orientare il consumatore). È protagonista del cambiamento sociale, culturale ed economico, e modifica lo status quo del consumatore, attraverso il mutamento di abitudini e usi.<br />
Questo libro, per la prima volta tradotto in italiano, spiega quali sono le potenzialità e il valore della marca per l’industria, per i distributori e per i consumatori, e propone una riflessione sui modi attraverso cui essa è diventata «fornitore di senso» nelle società occidentali.</p>
<hr />
<p style="text-align: justify;"><strong>Benoît Heilbrunn</strong> è professore di marketing presso l’<span style="font-size: x-small;">ESCP</span> Europe e all’<span style="font-size: x-small;">IFM</span>, consulente di strategia di marca e autore di diversi volumi, tra cui ricordiamo<em> Le logo </em>(Paris 2006), <em>La consommation et ses sociologies</em> (2010) e <em>Le packaging</em> (con B. Barré, Paris 2012).</p>

<p style="text-align: justify;">La marca è uno strumento strategico di creazione di valore per le imprese. Essa è indispensabile nella nostra vita quotidiana. Ogni consumatore, infatti, incontra e consuma in media 3000 marche e ne conosce di nome almeno 5000. La marca è oggi una potente macchina ideologica in grado di influenzare il nostro modo di pensare, parlare e agire.<br />
Colonna portante della società dei consumi – come scrive Mauro Ferraresi nella sua Introduzione – la marca è diventata essa stessa un sistema di comunicazione, in grado di orientare, fidelizzare, narrare percorsi di senso e veicolare messaggi. Oggetto principale della comunicazione pubblicitaria, si presenta come un «sistema simbolico» articolato su tre livelli: sensibile (fisicità della marca), retorico (dimensione persuasiva) e pragmatico (capacità di orientare il consumatore). È protagonista del cambiamento sociale, culturale ed economico, e modifica lo status quo del consumatore, attraverso il mutamento di abitudini e usi.<br />
Questo libro, per la prima volta tradotto in italiano, spiega quali sono le potenzialità e il valore della marca per l’industria, per i distributori e per i consumatori, e propone una riflessione sui modi attraverso cui essa è diventata «fornitore di senso» nelle società occidentali.</p>

<!-- This site is optimized with the Yoast SEO plugin v25.4 - https://yoast.com/wordpress/plugins/seo/ -->
<title>La marca - Guerini e Associati</title>
<meta name="robots" content="index, follow, max-snippet:-1, max-image-preview:large, max-video-preview:-1" />
<link rel="canonical" href="https://www.guerini.it/index.php/prodotto/la-marca/" />
<meta property="og:locale" content="it_IT" />
<meta property="og:type" content="article" />
<meta property="og:title" content="La marca - Guerini e Associati" />
<meta property="og:description" content="La marca è uno strumento strategico di creazione di valore per le imprese. Essa è indispensabile nella nostra vita quotidiana. Ogni consumatore, infatti, incontra e consuma in media 3000 marche e ne conosce di nome almeno 5000. La marca è oggi una potente macchina ideologica in grado di influenzare il nostro modo di pensare, parlare e agire. Colonna portante della società dei consumi – come scrive Mauro Ferraresi nella sua Introduzione – la marca è diventata essa stessa un sistema di comunicazione, in grado di orientare, fidelizzare, narrare percorsi di senso e veicolare messaggi. Oggetto principale della comunicazione pubblicitaria, si presenta come un «sistema simbolico» articolato su tre livelli: sensibile (fisicità della marca), retorico (dimensione persuasiva) e pragmatico (capacità di orientare il consumatore). È protagonista del cambiamento sociale, culturale ed economico, e modifica lo status quo del consumatore, attraverso il mutamento di abitudini e usi. Questo libro, per la prima volta tradotto in italiano, spiega quali sono le potenzialità e il valore della marca per l’industria, per i distributori e per i consumatori, e propone una riflessione sui modi attraverso cui essa è diventata «fornitore di senso» nelle società occidentali." />
<meta property="og:url" content="https://www.guerini.it/index.php/prodotto/la-marca/" />
<meta property="og:site_name" content="Guerini e Associati" />
<meta property="article:modified_time" content="2025-03-22T12:53:29+00:00" />
<meta property="og:image" content="https://www.guerini.it/wp-content/uploads/2018/10/marca_la__sito.jpg" />
	<meta property="og:image:width" content="235" />
	<meta property="og:image:height" content="353" />
	<meta property="og:image:type" content="image/jpeg" />
<meta name="twitter:card" content="summary_large_image" />
<meta name="twitter:label1" content="Tempo di lettura stimato" />
	<meta name="twitter:data1" content="2 minuti" />
<!-- / Yoast SEO plugin. -->

La marca è uno strumento strategico di creazione di valore per le imprese. Essa è indispensabile nella nostra vita quotidiana. Ogni consumatore, infatti, incontra e consuma in media 3000 marche e ne conosce di nome almeno 5000. La marca è oggi una potente macchina ideologica in grado di influenzare il nostro modo di pensare, parlare e agire. Colonna portante della società dei consumi – come scrive Mauro Ferraresi nella sua Introduzione – la marca è diventata essa stessa un sistema di comunicazione, in grado di orientare, fidelizzare, narrare percorsi di senso e veicolare messaggi. Oggetto principale della comunicazione pubblicitaria, si presenta come un «sistema simbolico» articolato su tre livelli: sensibile (fisicità della marca), retorico (dimensione persuasiva) e pragmatico (capacità di orientare il consumatore). È protagonista del cambiamento sociale, culturale ed economico, e modifica lo status quo del consumatore, attraverso il mutamento di abitudini e usi. Questo libro, per la prima volta tradotto in italiano, spiega quali sono le potenzialità e il valore della marca per l’industria, per i distributori e per i consumatori, e propone una riflessione sui modi attraverso cui essa è diventata «fornitore di senso» nelle società occidentali.

30 anni di libri, idee e libertà
