{"id":16204,"date":"2018-11-08T10:41:33","date_gmt":"2018-11-08T09:41:33","guid":{"rendered":"https:\/\/test.guerini.it\/?product=diventare-grandi-come-il-mare"},"modified":"2026-01-22T11:09:03","modified_gmt":"2026-01-22T10:09:03","slug":"diventare-grandi-come-il-mare","status":"publish","type":"product","link":"https:\/\/www.guerini.it\/index.php\/prodotto\/diventare-grandi-come-il-mare\/","title":{"rendered":"Diventare grandi come il mare"},"content":{"rendered":"<p style=\"text-align: justify;\">Il mare ricopre oltre due terzi della superficie terrestre e svolge un ruolo fondamentale per la vita umana, ma soffre una grave crisi ambientale. A partire da queste considerazioni, l\u2019ONU ha proclamato il decennio che andr\u00e0 dal 2021 al 2030 \u00abDecade Internazionale delle Scienze del Mare per lo Sviluppo Sostenibile \u00bb, un periodo in cui si dovranno acuire gli sforzi di conoscenza di questa vasta porzione di spazio e in cui studiosi di tutte le discipline si impegneranno a studiarne le caratteristiche e la vita che ospita, condividendo i risultati delle loro ricerche. Accanto a quest\u2019opera sar\u00e0 fondamentale avvicinare al mare le persone da un punto di vista affettivo, perch\u00e9 si desidera conoscere ci\u00f2 che si ama; e si ama, e dunque si protegge, ci\u00f2 che si conosce. Il presente volume parte da quest\u2019ultimo intento, in particolare rivolgendosi agli insegnanti e ai futuri insegnanti, soprattutto della scuola dell\u2019infanzia e primaria, affinch\u00e9 possano aiutare i loro alunni a conoscere e ad amare il mare, uno spazio di cui la scuola si \u00e8 occupata poco e male.<br \/>\nIl volume \u00e8 diviso in due parti: nella prima alcuni contributi giustificano da un punto di vista teorico la necessit\u00e0 di insegnare il mare; nella seconda sono illustrati alcuni esempi di attivit\u00e0 didattiche efficaci e coinvolgenti.<\/p>\n<hr \/>\n<p style=\"text-align: justify;\"><strong>Enrico Squarcina<\/strong> insegna Geografia e Didattica della geografia e Geografia culturale presso l\u2019Universit\u00e0 degli Studi di Milano-Bicocca. I suoi campi di ricerca riguardano soprattutto la didattica della geografia, la geografia culturale, la geografia umana del mare e l\u2019educazione geografico-ambientale degli spazi marini. Per le nostre edizioni ha pubblicato i volumi:<a href=\"https:\/\/www.guerini.it\/index.php\/prodotto\/un-mondo-di-carta-e-di-carte\/\"><em> Un mondo di carta e di carte<\/em><\/a> (2007) e <a href=\"https:\/\/www.guerini.it\/index.php\/prodotto\/l-ultimo-spazio-di-liberta\/\"><em>L\u2019ultimo spazio di libert\u00e0<\/em><\/a> (2015).<\/p>\n<p style=\"text-align: justify;\"><strong>Valeria Pecorelli<\/strong> si \u00e8 dottorata nel 2012 presso la Loughborough University (G.B). Dal 2016 \u00e8 docente a contratto di Geografia presso l\u2019Universit\u00e0 degli Studi dell\u2019Insubria di Como. Ha inoltre collaborato come assegnista di ricerca e docente presso l\u2019Universit\u00e0 degli Studi di Milano Bicocca, tenendo corsi e lezioni in particolare di geografia del turismo, geografia culturale e didattica della geografia.<\/p>\n<p style=\"text-align: justify;\"><strong>Permalink:\u00a0<a href=\"http:\/\/digital.casalini.it\/9788881074211\" target=\"_blank\" rel=\"noopener\">http:\/\/digital.casalini.it\/9788881074211<\/a><\/strong><\/p>\n","protected":false},"excerpt":{"rendered":"<p style=\"text-align: justify;\">Il mare ricopre oltre due terzi della superficie terrestre e svolge un ruolo fondamentale per la vita umana, ma soffre una grave crisi ambientale. A partire da queste considerazioni, l\u2019ONU ha proclamato il decennio che andr\u00e0 dal 2021 al 2030 \u00abDecade Internazionale delle Scienze del Mare per lo Sviluppo Sostenibile \u00bb, un periodo in cui si dovranno acuire gli sforzi di conoscenza di questa vasta porzione di spazio e in cui studiosi di tutte le discipline si impegneranno a studiarne le caratteristiche e la vita che ospita, condividendo i risultati delle loro ricerche. Accanto a quest\u2019opera sar\u00e0 fondamentale avvicinare al mare le persone da un punto di vista affettivo, perch\u00e9 si desidera conoscere ci\u00f2 che si ama; e si ama, e dunque si protegge, ci\u00f2 che si conosce. Il presente volume parte da quest\u2019ultimo intento, in particolare rivolgendosi agli insegnanti e ai futuri insegnanti, soprattutto della scuola dell\u2019infanzia e primaria, affinch\u00e9 possano aiutare i loro alunni a conoscere e ad amare il mare, uno spazio di cui la scuola si \u00e8 occupata poco e male.<br \/>\nIl volume \u00e8 diviso in due parti: nella prima alcuni contributi giustificano da un punto di vista teorico la necessit\u00e0 di insegnare il mare; nella seconda sono illustrati alcuni esempi di attivit\u00e0 didattiche efficaci e coinvolgenti.<\/p>\n","protected":false},"featured_media":23792,"template":"","meta":{"_editorskit_title_hidden":false,"_editorskit_reading_time":0,"_editorskit_is_block_options_detached":false,"_editorskit_block_options_position":"{}","_monsterinsights_skip_tracking":false,"_monsterinsights_sitenote_active":false,"_monsterinsights_sitenote_note":"","_monsterinsights_sitenote_category":0},"product_brand":[],"product_cat":[6586,6539],"product_tag":[],"class_list":{"0":"post-16204","1":"product","2":"type-product","3":"status-publish","4":"has-post-thumbnail","6":"product_cat-sp","7":"product_cat-storia-e-geografia","8":"pa_guerini_amazon_link-82-httpswwwamazonitdiventare_","9":"pa_guerini_feltrinelli_link-c0-httpswwwlafeltrinelliitlib","10":"pa_guerini_ibs_link-1f-httpswwwibsitdiventare_gra","11":"pa_guerini_libruniver_link-8f-httpswwwlibreriauniversita","12":"pa_guerini_mondadori_link-0f-httpswwwmondadoristoreitdi","14":"first","15":"instock","16":"sale","17":"shipping-taxable","18":"purchasable","19":"product-type-simple"},"yoast_head":"<!-- This site is optimized with the Yoast SEO plugin v25.4 - https:\/\/yoast.com\/wordpress\/plugins\/seo\/ -->\n<title>Diventare grandi come il mare - Guerini e Associati<\/title>\n<meta name=\"robots\" content=\"index, follow, max-snippet:-1, max-image-preview:large, max-video-preview:-1\" \/>\n<link rel=\"canonical\" href=\"https:\/\/www.guerini.it\/index.php\/prodotto\/diventare-grandi-come-il-mare\/\" \/>\n<meta property=\"og:locale\" content=\"it_IT\" \/>\n<meta property=\"og:type\" content=\"article\" \/>\n<meta property=\"og:title\" content=\"Diventare grandi come il mare - Guerini e Associati\" \/>\n<meta property=\"og:description\" content=\"Il mare ricopre oltre due terzi della superficie terrestre e svolge un ruolo fondamentale per la vita umana, ma soffre una grave crisi ambientale. A partire da queste considerazioni, l\u2019ONU ha proclamato il decennio che andr\u00e0 dal 2021 al 2030 \u00abDecade Internazionale delle Scienze del Mare per lo Sviluppo Sostenibile \u00bb, un periodo in cui si dovranno acuire gli sforzi di conoscenza di questa vasta porzione di spazio e in cui studiosi di tutte le discipline si impegneranno a studiarne le caratteristiche e la vita che ospita, condividendo i risultati delle loro ricerche. Accanto a quest\u2019opera sar\u00e0 fondamentale avvicinare al mare le persone da un punto di vista affettivo, perch\u00e9 si desidera conoscere ci\u00f2 che si ama; e si ama, e dunque si protegge, ci\u00f2 che si conosce. Il presente volume parte da quest\u2019ultimo intento, in particolare rivolgendosi agli insegnanti e ai futuri insegnanti, soprattutto della scuola dell\u2019infanzia e primaria, affinch\u00e9 possano aiutare i loro alunni a conoscere e ad amare il mare, uno spazio di cui la scuola si \u00e8 occupata poco e male. Il volume \u00e8 diviso in due parti: nella prima alcuni contributi giustificano da un punto di vista teorico la necessit\u00e0 di insegnare il mare; nella seconda sono illustrati alcuni esempi di attivit\u00e0 didattiche efficaci e coinvolgenti.\" \/>\n<meta property=\"og:url\" content=\"https:\/\/www.guerini.it\/index.php\/prodotto\/diventare-grandi-come-il-mare\/\" \/>\n<meta property=\"og:site_name\" content=\"Guerini e Associati\" \/>\n<meta property=\"article:modified_time\" content=\"2026-01-22T10:09:03+00:00\" \/>\n<meta property=\"og:image\" content=\"https:\/\/www.guerini.it\/wp-content\/uploads\/2018\/11\/Diventare-grandi-come-il-mare.webp\" \/>\n\t<meta property=\"og:image:width\" content=\"643\" \/>\n\t<meta property=\"og:image:height\" content=\"1000\" \/>\n\t<meta property=\"og:image:type\" content=\"image\/webp\" \/>\n<meta name=\"twitter:card\" content=\"summary_large_image\" \/>\n<meta name=\"twitter:label1\" content=\"Tempo di lettura stimato\" \/>\n\t<meta name=\"twitter:data1\" content=\"2 minuti\" \/>\n<!-- \/ Yoast SEO plugin. -->","yoast_head_json":{"title":"Diventare grandi come il mare - Guerini e Associati","robots":{"index":"index","follow":"follow","max-snippet":"max-snippet:-1","max-image-preview":"max-image-preview:large","max-video-preview":"max-video-preview:-1"},"canonical":"https:\/\/www.guerini.it\/index.php\/prodotto\/diventare-grandi-come-il-mare\/","og_locale":"it_IT","og_type":"article","og_title":"Diventare grandi come il mare - Guerini e Associati","og_description":"Il mare ricopre oltre due terzi della superficie terrestre e svolge un ruolo fondamentale per la vita umana, ma soffre una grave crisi ambientale. A partire da queste considerazioni, l\u2019ONU ha proclamato il decennio che andr\u00e0 dal 2021 al 2030 \u00abDecade Internazionale delle Scienze del Mare per lo Sviluppo Sostenibile \u00bb, un periodo in cui si dovranno acuire gli sforzi di conoscenza di questa vasta porzione di spazio e in cui studiosi di tutte le discipline si impegneranno a studiarne le caratteristiche e la vita che ospita, condividendo i risultati delle loro ricerche. Accanto a quest\u2019opera sar\u00e0 fondamentale avvicinare al mare le persone da un punto di vista affettivo, perch\u00e9 si desidera conoscere ci\u00f2 che si ama; e si ama, e dunque si protegge, ci\u00f2 che si conosce. Il presente volume parte da quest\u2019ultimo intento, in particolare rivolgendosi agli insegnanti e ai futuri insegnanti, soprattutto della scuola dell\u2019infanzia e primaria, affinch\u00e9 possano aiutare i loro alunni a conoscere e ad amare il mare, uno spazio di cui la scuola si \u00e8 occupata poco e male. Il volume \u00e8 diviso in due parti: nella prima alcuni contributi giustificano da un punto di vista teorico la necessit\u00e0 di insegnare il mare; nella seconda sono illustrati alcuni esempi di attivit\u00e0 didattiche efficaci e coinvolgenti.","og_url":"https:\/\/www.guerini.it\/index.php\/prodotto\/diventare-grandi-come-il-mare\/","og_site_name":"Guerini e Associati","article_modified_time":"2026-01-22T10:09:03+00:00","og_image":[{"width":643,"height":1000,"url":"https:\/\/www.guerini.it\/wp-content\/uploads\/2018\/11\/Diventare-grandi-come-il-mare.webp","type":"image\/webp"}],"twitter_card":"summary_large_image","twitter_misc":{"Tempo di lettura stimato":"2 minuti"},"schema":{"@context":"https:\/\/schema.org","@graph":[{"@type":"WebPage","@id":"https:\/\/www.guerini.it\/index.php\/prodotto\/diventare-grandi-come-il-mare\/","url":"https:\/\/www.guerini.it\/index.php\/prodotto\/diventare-grandi-come-il-mare\/","name":"Diventare grandi come il mare - Guerini e Associati","isPartOf":{"@id":"https:\/\/www.guerini.it\/#website"},"primaryImageOfPage":{"@id":"https:\/\/www.guerini.it\/index.php\/prodotto\/diventare-grandi-come-il-mare\/#primaryimage"},"image":{"@id":"https:\/\/www.guerini.it\/index.php\/prodotto\/diventare-grandi-come-il-mare\/#primaryimage"},"thumbnailUrl":"https:\/\/www.guerini.it\/wp-content\/uploads\/2018\/11\/Diventare-grandi-come-il-mare.webp","datePublished":"2018-11-08T09:41:33+00:00","dateModified":"2026-01-22T10:09:03+00:00","breadcrumb":{"@id":"https:\/\/www.guerini.it\/index.php\/prodotto\/diventare-grandi-come-il-mare\/#breadcrumb"},"inLanguage":"it-IT","potentialAction":[{"@type":"ReadAction","target":["https:\/\/www.guerini.it\/index.php\/prodotto\/diventare-grandi-come-il-mare\/"]}]},{"@type":"ImageObject","inLanguage":"it-IT","@id":"https:\/\/www.guerini.it\/index.php\/prodotto\/diventare-grandi-come-il-mare\/#primaryimage","url":"https:\/\/www.guerini.it\/wp-content\/uploads\/2018\/11\/Diventare-grandi-come-il-mare.webp","contentUrl":"https:\/\/www.guerini.it\/wp-content\/uploads\/2018\/11\/Diventare-grandi-come-il-mare.webp","width":643,"height":1000,"caption":"Copertina del volume Diventare grandi come il mare, Guerini Scientifica, 2018"},{"@type":"BreadcrumbList","@id":"https:\/\/www.guerini.it\/index.php\/prodotto\/diventare-grandi-come-il-mare\/#breadcrumb","itemListElement":[{"@type":"ListItem","position":1,"name":"Home","item":"https:\/\/www.guerini.it\/"},{"@type":"ListItem","position":2,"name":"Catalogo","item":"https:\/\/www.guerini.it\/index.php\/negozio\/"},{"@type":"ListItem","position":3,"name":"Diventare grandi come il mare"}]},{"@type":"WebSite","@id":"https:\/\/www.guerini.it\/#website","url":"https:\/\/www.guerini.it\/","name":"Guerini e Associati","description":"30 anni di libri, idee e libert\u00e0","publisher":{"@id":"https:\/\/www.guerini.it\/#organization"},"potentialAction":[{"@type":"SearchAction","target":{"@type":"EntryPoint","urlTemplate":"https:\/\/www.guerini.it\/?s={search_term_string}"},"query-input":{"@type":"PropertyValueSpecification","valueRequired":true,"valueName":"search_term_string"}}],"inLanguage":"it-IT"},{"@type":"Organization","@id":"https:\/\/www.guerini.it\/#organization","name":"Guerini e Associati","url":"https:\/\/www.guerini.it\/","logo":{"@type":"ImageObject","inLanguage":"it-IT","@id":"https:\/\/www.guerini.it\/#\/schema\/logo\/image\/","url":"https:\/\/www.guerini.it\/wp-content\/uploads\/2021\/03\/Logo-Guerini-OK_-e1615831292285.png","contentUrl":"https:\/\/www.guerini.it\/wp-content\/uploads\/2021\/03\/Logo-Guerini-OK_-e1615831292285.png","width":2805,"height":1870,"caption":"Guerini e Associati"},"image":{"@id":"https:\/\/www.guerini.it\/#\/schema\/logo\/image\/"}}]}},"_links":{"self":[{"href":"https:\/\/www.guerini.it\/index.php\/wp-json\/wp\/v2\/product\/16204","targetHints":{"allow":["GET"]}}],"collection":[{"href":"https:\/\/www.guerini.it\/index.php\/wp-json\/wp\/v2\/product"}],"about":[{"href":"https:\/\/www.guerini.it\/index.php\/wp-json\/wp\/v2\/types\/product"}],"wp:featuredmedia":[{"embeddable":true,"href":"https:\/\/www.guerini.it\/index.php\/wp-json\/wp\/v2\/media\/23792"}],"wp:attachment":[{"href":"https:\/\/www.guerini.it\/index.php\/wp-json\/wp\/v2\/media?parent=16204"}],"wp:term":[{"taxonomy":"product_brand","embeddable":true,"href":"https:\/\/www.guerini.it\/index.php\/wp-json\/wp\/v2\/product_brand?post=16204"},{"taxonomy":"product_cat","embeddable":true,"href":"https:\/\/www.guerini.it\/index.php\/wp-json\/wp\/v2\/product_cat?post=16204"},{"taxonomy":"product_tag","embeddable":true,"href":"https:\/\/www.guerini.it\/index.php\/wp-json\/wp\/v2\/product_tag?post=16204"}],"curies":[{"name":"wp","href":"https:\/\/api.w.org\/{rel}","templated":true}]}}

<p style="text-align: justify;">Il mare ricopre oltre due terzi della superficie terrestre e svolge un ruolo fondamentale per la vita umana, ma soffre una grave crisi ambientale. A partire da queste considerazioni, l’ONU ha proclamato il decennio che andrà dal 2021 al 2030 «Decade Internazionale delle Scienze del Mare per lo Sviluppo Sostenibile », un periodo in cui si dovranno acuire gli sforzi di conoscenza di questa vasta porzione di spazio e in cui studiosi di tutte le discipline si impegneranno a studiarne le caratteristiche e la vita che ospita, condividendo i risultati delle loro ricerche. Accanto a quest’opera sarà fondamentale avvicinare al mare le persone da un punto di vista affettivo, perché si desidera conoscere ciò che si ama; e si ama, e dunque si protegge, ciò che si conosce. Il presente volume parte da quest’ultimo intento, in particolare rivolgendosi agli insegnanti e ai futuri insegnanti, soprattutto della scuola dell’infanzia e primaria, affinché possano aiutare i loro alunni a conoscere e ad amare il mare, uno spazio di cui la scuola si è occupata poco e male.<br />
Il volume è diviso in due parti: nella prima alcuni contributi giustificano da un punto di vista teorico la necessità di insegnare il mare; nella seconda sono illustrati alcuni esempi di attività didattiche efficaci e coinvolgenti.</p>
<hr />
<p style="text-align: justify;"><strong>Enrico Squarcina</strong> insegna Geografia e Didattica della geografia e Geografia culturale presso l’Università degli Studi di Milano-Bicocca. I suoi campi di ricerca riguardano soprattutto la didattica della geografia, la geografia culturale, la geografia umana del mare e l’educazione geografico-ambientale degli spazi marini. Per le nostre edizioni ha pubblicato i volumi:<a href="https://www.guerini.it/index.php/prodotto/un-mondo-di-carta-e-di-carte/"><em> Un mondo di carta e di carte</em></a> (2007) e <a href="https://www.guerini.it/index.php/prodotto/l-ultimo-spazio-di-liberta/"><em>L’ultimo spazio di libertà</em></a> (2015).</p>
<p style="text-align: justify;"><strong>Valeria Pecorelli</strong> si è dottorata nel 2012 presso la Loughborough University (G.B). Dal 2016 è docente a contratto di Geografia presso l’Università degli Studi dell’Insubria di Como. Ha inoltre collaborato come assegnista di ricerca e docente presso l’Università degli Studi di Milano Bicocca, tenendo corsi e lezioni in particolare di geografia del turismo, geografia culturale e didattica della geografia.</p>
<p style="text-align: justify;"><strong>Permalink: <a href="http://digital.casalini.it/9788881074211" target="_blank" rel="noopener">http://digital.casalini.it/9788881074211</a></strong></p>

<p style="text-align: justify;">Il mare ricopre oltre due terzi della superficie terrestre e svolge un ruolo fondamentale per la vita umana, ma soffre una grave crisi ambientale. A partire da queste considerazioni, l’ONU ha proclamato il decennio che andrà dal 2021 al 2030 «Decade Internazionale delle Scienze del Mare per lo Sviluppo Sostenibile », un periodo in cui si dovranno acuire gli sforzi di conoscenza di questa vasta porzione di spazio e in cui studiosi di tutte le discipline si impegneranno a studiarne le caratteristiche e la vita che ospita, condividendo i risultati delle loro ricerche. Accanto a quest’opera sarà fondamentale avvicinare al mare le persone da un punto di vista affettivo, perché si desidera conoscere ciò che si ama; e si ama, e dunque si protegge, ciò che si conosce. Il presente volume parte da quest’ultimo intento, in particolare rivolgendosi agli insegnanti e ai futuri insegnanti, soprattutto della scuola dell’infanzia e primaria, affinché possano aiutare i loro alunni a conoscere e ad amare il mare, uno spazio di cui la scuola si è occupata poco e male.<br />
Il volume è diviso in due parti: nella prima alcuni contributi giustificano da un punto di vista teorico la necessità di insegnare il mare; nella seconda sono illustrati alcuni esempi di attività didattiche efficaci e coinvolgenti.</p>

<!-- This site is optimized with the Yoast SEO plugin v25.4 - https://yoast.com/wordpress/plugins/seo/ -->
<title>Diventare grandi come il mare - Guerini e Associati</title>
<meta name="robots" content="index, follow, max-snippet:-1, max-image-preview:large, max-video-preview:-1" />
<link rel="canonical" href="https://www.guerini.it/index.php/prodotto/diventare-grandi-come-il-mare/" />
<meta property="og:locale" content="it_IT" />
<meta property="og:type" content="article" />
<meta property="og:title" content="Diventare grandi come il mare - Guerini e Associati" />
<meta property="og:description" content="Il mare ricopre oltre due terzi della superficie terrestre e svolge un ruolo fondamentale per la vita umana, ma soffre una grave crisi ambientale. A partire da queste considerazioni, l’ONU ha proclamato il decennio che andrà dal 2021 al 2030 «Decade Internazionale delle Scienze del Mare per lo Sviluppo Sostenibile », un periodo in cui si dovranno acuire gli sforzi di conoscenza di questa vasta porzione di spazio e in cui studiosi di tutte le discipline si impegneranno a studiarne le caratteristiche e la vita che ospita, condividendo i risultati delle loro ricerche. Accanto a quest’opera sarà fondamentale avvicinare al mare le persone da un punto di vista affettivo, perché si desidera conoscere ciò che si ama; e si ama, e dunque si protegge, ciò che si conosce. Il presente volume parte da quest’ultimo intento, in particolare rivolgendosi agli insegnanti e ai futuri insegnanti, soprattutto della scuola dell’infanzia e primaria, affinché possano aiutare i loro alunni a conoscere e ad amare il mare, uno spazio di cui la scuola si è occupata poco e male. Il volume è diviso in due parti: nella prima alcuni contributi giustificano da un punto di vista teorico la necessità di insegnare il mare; nella seconda sono illustrati alcuni esempi di attività didattiche efficaci e coinvolgenti." />
<meta property="og:url" content="https://www.guerini.it/index.php/prodotto/diventare-grandi-come-il-mare/" />
<meta property="og:site_name" content="Guerini e Associati" />
<meta property="article:modified_time" content="2026-01-22T10:09:03+00:00" />
<meta property="og:image" content="https://www.guerini.it/wp-content/uploads/2018/11/Diventare-grandi-come-il-mare.webp" />
	<meta property="og:image:width" content="643" />
	<meta property="og:image:height" content="1000" />
	<meta property="og:image:type" content="image/webp" />
<meta name="twitter:card" content="summary_large_image" />
<meta name="twitter:label1" content="Tempo di lettura stimato" />
	<meta name="twitter:data1" content="2 minuti" />
<!-- / Yoast SEO plugin. -->

Il mare ricopre oltre due terzi della superficie terrestre e svolge un ruolo fondamentale per la vita umana, ma soffre una grave crisi ambientale. A partire da queste considerazioni, l’ONU ha proclamato il decennio che andrà dal 2021 al 2030 «Decade Internazionale delle Scienze del Mare per lo Sviluppo Sostenibile », un periodo in cui si dovranno acuire gli sforzi di conoscenza di questa vasta porzione di spazio e in cui studiosi di tutte le discipline si impegneranno a studiarne le caratteristiche e la vita che ospita, condividendo i risultati delle loro ricerche. Accanto a quest’opera sarà fondamentale avvicinare al mare le persone da un punto di vista affettivo, perché si desidera conoscere ciò che si ama; e si ama, e dunque si protegge, ciò che si conosce. Il presente volume parte da quest’ultimo intento, in particolare rivolgendosi agli insegnanti e ai futuri insegnanti, soprattutto della scuola dell’infanzia e primaria, affinché possano aiutare i loro alunni a conoscere e ad amare il mare, uno spazio di cui la scuola si è occupata poco e male. Il volume è diviso in due parti: nella prima alcuni contributi giustificano da un punto di vista teorico la necessità di insegnare il mare; nella seconda sono illustrati alcuni esempi di attività didattiche efficaci e coinvolgenti.

30 anni di libri, idee e libertà
