{"id":16232,"date":"2019-01-14T08:37:10","date_gmt":"2019-01-14T07:37:10","guid":{"rendered":"https:\/\/test.guerini.it\/?product=il-vaticano-e-hitler"},"modified":"2026-04-21T13:14:58","modified_gmt":"2026-04-21T11:14:58","slug":"il-vaticano-e-hitler","status":"publish","type":"product","link":"https:\/\/www.guerini.it\/index.php\/prodotto\/il-vaticano-e-hitler\/","title":{"rendered":"Il Vaticano e Hitler"},"content":{"rendered":"<p style=\"text-align: justify;\">Il nazismo ha costituito una terribile sfida per la Chiesa cattolica, che, in un certo senso, continua fino ad oggi: molti giudizi sul cattolicesimo contemporaneo ruotano ancora intorno al rapporto di Pio XI e di Pio XII con Hitler.<br \/>\nInnanzitutto, il nazismo ha disorientato la Chiesa tedesca, stretta tra minacce gravissime e crimini che non tolleravano il silenzio. Alessandro Bellino ricostruisce l\u2019accidentato percorso di questa Chiesa, ripercorrendo un vasto dibattito storiografico e mettendo a fuoco vicende poco conosciute, come i processi per scandali finanziari e sessuali del clero, che il regime us\u00f2 come pesanti mezzi di pressione. Ci\u00f2 che accadeva in Germania coinvolse subito anche la Santa Sede. Dai documenti vaticani, qui ampiamente esplorati, emerge una gestione quotidiana della sfida nazista, che non segu\u00ec inizialmente un disegno chiaro e organico, ma che poi acquist\u00f2 un orientamento sempre pi\u00f9 severo. Lungo questa strada, la condanna della <em>Mit Brennender Sorge<\/em> non \u00e8 stata un punto d\u2019arrivo definitivo, ma la base di una sistematica strategia diplomatica \u2013 anch\u2019essa ricostruita per la prima volta \u2013 finalizzata a contrastare l\u2019influenza nazista nel mondo. La Santa Sede ag\u00ec come un collettivo al cui interno non c\u2019era spazio per contrapposizioni radicali, tuttavia dai documenti emergono differenze di giudizio, di atteggiamento, di azione. Il Segretario di Stato Eugenio Pacelli appare pienamente coinvolto nel progressivo indurimento della linea vaticana e il pontificato di Pio XI si chiuse con una ferma presa di posizione, proposta dal Segretario di Stato a sostegno del card. Mundelein, contro l\u2019\u00abimbianchino austriaco e per giunta inetto\u00bb.<\/p>\n<p style=\"text-align: justify;\"><strong>Alessandro Bellino<\/strong> \u00e8 laureato in Filologia moderna presso l\u2019Universit\u00e0 Cattolica del Sacro Cuore dove svolge il dottorato di ricerca in Storia contemporanea con una tesi sul Centro cattolico tedesco e la Santa Sede da Leone XIII a Pio XI.<\/p>\n<p style=\"text-align: justify;\"><strong>Permalink: <a href=\"http:\/\/digital.casalini.it\/9788862507486\" target=\"_blank\" rel=\"noopener\">http:\/\/digital.casalini.it\/9788862507486<\/a><\/strong><\/p>\n","protected":false},"excerpt":{"rendered":"<p>Il nazismo ha costituito una terribile sfida per la Chiesa cattolica, che, in un certo senso, continua fino ad oggi: molti giudizi sul cattolicesimo contemporaneo ruotano ancora intorno al rapporto [&hellip;]<\/p>\n","protected":false},"featured_media":16231,"template":"","meta":{"_editorskit_title_hidden":false,"_editorskit_reading_time":0,"_editorskit_is_block_options_detached":false,"_editorskit_block_options_position":"{}","_monsterinsights_skip_tracking":false,"_monsterinsights_sitenote_active":false,"_monsterinsights_sitenote_note":"","_monsterinsights_sitenote_category":0},"product_brand":[],"product_cat":[6543,6539],"product_tag":[],"class_list":{"0":"post-16232","1":"product","2":"type-product","3":"status-publish","4":"has-post-thumbnail","6":"product_cat-co","7":"product_cat-storia-e-geografia","8":"pa_guerini_amazon_link-https-www-amazon-it-vaticano-hitler-tedesca-nazismo-1922-1939-dp-8862507488","9":"pa_guerini_ibs_link-https-www-ibs-it-vaticano-hitler-santa-sede-chiesa-libro-alessandro-bellino-e-9788862507486","11":"first","12":"instock","13":"sale","14":"shipping-taxable","15":"purchasable","16":"product-type-simple"},"yoast_head":"<!-- This site is optimized with the Yoast SEO plugin v25.4 - https:\/\/yoast.com\/wordpress\/plugins\/seo\/ -->\n<title>Il Vaticano e Hitler - Guerini e Associati<\/title>\n<meta name=\"robots\" content=\"index, follow, max-snippet:-1, max-image-preview:large, max-video-preview:-1\" \/>\n<link rel=\"canonical\" href=\"https:\/\/www.guerini.it\/index.php\/prodotto\/il-vaticano-e-hitler\/\" \/>\n<meta property=\"og:locale\" content=\"it_IT\" \/>\n<meta property=\"og:type\" content=\"article\" \/>\n<meta property=\"og:title\" content=\"Il Vaticano e Hitler - Guerini e Associati\" \/>\n<meta property=\"og:description\" content=\"Il nazismo ha costituito una terribile sfida per la Chiesa cattolica, che, in un certo senso, continua fino ad oggi: molti giudizi sul cattolicesimo contemporaneo ruotano ancora intorno al rapporto [&hellip;]\" \/>\n<meta property=\"og:url\" content=\"https:\/\/www.guerini.it\/index.php\/prodotto\/il-vaticano-e-hitler\/\" \/>\n<meta property=\"og:site_name\" content=\"Guerini e Associati\" \/>\n<meta property=\"article:modified_time\" content=\"2026-04-21T11:14:58+00:00\" \/>\n<meta property=\"og:image\" content=\"https:\/\/www.guerini.it\/wp-content\/uploads\/2019\/01\/vaticano_e_hitler_sito.jpg\" \/>\n\t<meta property=\"og:image:width\" content=\"227\" \/>\n\t<meta property=\"og:image:height\" content=\"353\" \/>\n\t<meta property=\"og:image:type\" content=\"image\/jpeg\" \/>\n<meta name=\"twitter:card\" content=\"summary_large_image\" \/>\n<meta name=\"twitter:label1\" content=\"Tempo di lettura stimato\" \/>\n\t<meta name=\"twitter:data1\" content=\"2 minuti\" \/>\n<!-- \/ Yoast SEO plugin. -->","yoast_head_json":{"title":"Il Vaticano e Hitler - Guerini e Associati","robots":{"index":"index","follow":"follow","max-snippet":"max-snippet:-1","max-image-preview":"max-image-preview:large","max-video-preview":"max-video-preview:-1"},"canonical":"https:\/\/www.guerini.it\/index.php\/prodotto\/il-vaticano-e-hitler\/","og_locale":"it_IT","og_type":"article","og_title":"Il Vaticano e Hitler - Guerini e Associati","og_description":"Il nazismo ha costituito una terribile sfida per la Chiesa cattolica, che, in un certo senso, continua fino ad oggi: molti giudizi sul cattolicesimo contemporaneo ruotano ancora intorno al rapporto [&hellip;]","og_url":"https:\/\/www.guerini.it\/index.php\/prodotto\/il-vaticano-e-hitler\/","og_site_name":"Guerini e Associati","article_modified_time":"2026-04-21T11:14:58+00:00","og_image":[{"width":227,"height":353,"url":"https:\/\/www.guerini.it\/wp-content\/uploads\/2019\/01\/vaticano_e_hitler_sito.jpg","type":"image\/jpeg"}],"twitter_card":"summary_large_image","twitter_misc":{"Tempo di lettura stimato":"2 minuti"},"schema":{"@context":"https:\/\/schema.org","@graph":[{"@type":"WebPage","@id":"https:\/\/www.guerini.it\/index.php\/prodotto\/il-vaticano-e-hitler\/","url":"https:\/\/www.guerini.it\/index.php\/prodotto\/il-vaticano-e-hitler\/","name":"Il Vaticano e Hitler - Guerini e Associati","isPartOf":{"@id":"https:\/\/www.guerini.it\/#website"},"primaryImageOfPage":{"@id":"https:\/\/www.guerini.it\/index.php\/prodotto\/il-vaticano-e-hitler\/#primaryimage"},"image":{"@id":"https:\/\/www.guerini.it\/index.php\/prodotto\/il-vaticano-e-hitler\/#primaryimage"},"thumbnailUrl":"https:\/\/www.guerini.it\/wp-content\/uploads\/2019\/01\/vaticano_e_hitler_sito.jpg","datePublished":"2019-01-14T07:37:10+00:00","dateModified":"2026-04-21T11:14:58+00:00","breadcrumb":{"@id":"https:\/\/www.guerini.it\/index.php\/prodotto\/il-vaticano-e-hitler\/#breadcrumb"},"inLanguage":"it-IT","potentialAction":[{"@type":"ReadAction","target":["https:\/\/www.guerini.it\/index.php\/prodotto\/il-vaticano-e-hitler\/"]}]},{"@type":"ImageObject","inLanguage":"it-IT","@id":"https:\/\/www.guerini.it\/index.php\/prodotto\/il-vaticano-e-hitler\/#primaryimage","url":"https:\/\/www.guerini.it\/wp-content\/uploads\/2019\/01\/vaticano_e_hitler_sito.jpg","contentUrl":"https:\/\/www.guerini.it\/wp-content\/uploads\/2019\/01\/vaticano_e_hitler_sito.jpg","width":227,"height":353,"caption":"Vaticano e Hitler"},{"@type":"BreadcrumbList","@id":"https:\/\/www.guerini.it\/index.php\/prodotto\/il-vaticano-e-hitler\/#breadcrumb","itemListElement":[{"@type":"ListItem","position":1,"name":"Home","item":"https:\/\/www.guerini.it\/"},{"@type":"ListItem","position":2,"name":"Catalogo","item":"https:\/\/www.guerini.it\/index.php\/negozio\/"},{"@type":"ListItem","position":3,"name":"Il Vaticano e Hitler"}]},{"@type":"WebSite","@id":"https:\/\/www.guerini.it\/#website","url":"https:\/\/www.guerini.it\/","name":"Guerini e Associati","description":"30 anni di libri, idee e libert\u00e0","publisher":{"@id":"https:\/\/www.guerini.it\/#organization"},"potentialAction":[{"@type":"SearchAction","target":{"@type":"EntryPoint","urlTemplate":"https:\/\/www.guerini.it\/?s={search_term_string}"},"query-input":{"@type":"PropertyValueSpecification","valueRequired":true,"valueName":"search_term_string"}}],"inLanguage":"it-IT"},{"@type":"Organization","@id":"https:\/\/www.guerini.it\/#organization","name":"Guerini e Associati","url":"https:\/\/www.guerini.it\/","logo":{"@type":"ImageObject","inLanguage":"it-IT","@id":"https:\/\/www.guerini.it\/#\/schema\/logo\/image\/","url":"https:\/\/www.guerini.it\/wp-content\/uploads\/2021\/03\/Logo-Guerini-OK_-e1615831292285.png","contentUrl":"https:\/\/www.guerini.it\/wp-content\/uploads\/2021\/03\/Logo-Guerini-OK_-e1615831292285.png","width":2805,"height":1870,"caption":"Guerini e Associati"},"image":{"@id":"https:\/\/www.guerini.it\/#\/schema\/logo\/image\/"}}]}},"_links":{"self":[{"href":"https:\/\/www.guerini.it\/index.php\/wp-json\/wp\/v2\/product\/16232","targetHints":{"allow":["GET"]}}],"collection":[{"href":"https:\/\/www.guerini.it\/index.php\/wp-json\/wp\/v2\/product"}],"about":[{"href":"https:\/\/www.guerini.it\/index.php\/wp-json\/wp\/v2\/types\/product"}],"wp:featuredmedia":[{"embeddable":true,"href":"https:\/\/www.guerini.it\/index.php\/wp-json\/wp\/v2\/media\/16231"}],"wp:attachment":[{"href":"https:\/\/www.guerini.it\/index.php\/wp-json\/wp\/v2\/media?parent=16232"}],"wp:term":[{"taxonomy":"product_brand","embeddable":true,"href":"https:\/\/www.guerini.it\/index.php\/wp-json\/wp\/v2\/product_brand?post=16232"},{"taxonomy":"product_cat","embeddable":true,"href":"https:\/\/www.guerini.it\/index.php\/wp-json\/wp\/v2\/product_cat?post=16232"},{"taxonomy":"product_tag","embeddable":true,"href":"https:\/\/www.guerini.it\/index.php\/wp-json\/wp\/v2\/product_tag?post=16232"}],"curies":[{"name":"wp","href":"https:\/\/api.w.org\/{rel}","templated":true}]}}

<p style="text-align: justify;">Il nazismo ha costituito una terribile sfida per la Chiesa cattolica, che, in un certo senso, continua fino ad oggi: molti giudizi sul cattolicesimo contemporaneo ruotano ancora intorno al rapporto di Pio XI e di Pio XII con Hitler.<br />
Innanzitutto, il nazismo ha disorientato la Chiesa tedesca, stretta tra minacce gravissime e crimini che non tolleravano il silenzio. Alessandro Bellino ricostruisce l’accidentato percorso di questa Chiesa, ripercorrendo un vasto dibattito storiografico e mettendo a fuoco vicende poco conosciute, come i processi per scandali finanziari e sessuali del clero, che il regime usò come pesanti mezzi di pressione. Ciò che accadeva in Germania coinvolse subito anche la Santa Sede. Dai documenti vaticani, qui ampiamente esplorati, emerge una gestione quotidiana della sfida nazista, che non seguì inizialmente un disegno chiaro e organico, ma che poi acquistò un orientamento sempre più severo. Lungo questa strada, la condanna della <em>Mit Brennender Sorge</em> non è stata un punto d’arrivo definitivo, ma la base di una sistematica strategia diplomatica – anch’essa ricostruita per la prima volta – finalizzata a contrastare l’influenza nazista nel mondo. La Santa Sede agì come un collettivo al cui interno non c’era spazio per contrapposizioni radicali, tuttavia dai documenti emergono differenze di giudizio, di atteggiamento, di azione. Il Segretario di Stato Eugenio Pacelli appare pienamente coinvolto nel progressivo indurimento della linea vaticana e il pontificato di Pio XI si chiuse con una ferma presa di posizione, proposta dal Segretario di Stato a sostegno del card. Mundelein, contro l’«imbianchino austriaco e per giunta inetto».</p>
<p style="text-align: justify;"><strong>Alessandro Bellino</strong> è laureato in Filologia moderna presso l’Università Cattolica del Sacro Cuore dove svolge il dottorato di ricerca in Storia contemporanea con una tesi sul Centro cattolico tedesco e la Santa Sede da Leone XIII a Pio XI.</p>
<p style="text-align: justify;"><strong>Permalink: <a href="http://digital.casalini.it/9788862507486" target="_blank" rel="noopener">http://digital.casalini.it/9788862507486</a></strong></p>

30 anni di libri, idee e libertà
