{"id":16242,"date":"2019-02-06T12:02:35","date_gmt":"2019-02-06T11:02:35","guid":{"rendered":"https:\/\/test.guerini.it\/?product=reti-creative"},"modified":"2024-06-12T14:41:07","modified_gmt":"2024-06-12T12:41:07","slug":"reti-creative","status":"publish","type":"product","link":"https:\/\/www.guerini.it\/index.php\/prodotto\/reti-creative\/","title":{"rendered":"Reti creative"},"content":{"rendered":"<p style=\"text-align: justify;\">La scena culturale grassroots delle grandi citt\u00e0 mostra negli ultimi anni una particolare effervescenza: alle forme pi\u00f9 tradizionali di impegno si va affiancando una istanza partecipativa orientata alla costruzione di un \u00abpolitico urbano\u00bb inedito, che punta all\u2019engagement della cittadinanza e all\u2019apertura e moltiplicazione di nuovi spazi pubblici, anche grazie al supporto delle tecnologie di rete. L\u2019osservazione della geografia di queste esperienze ci racconta di luoghi recuperati, sottratti all\u2019abbandono o all\u2019incuria, riconvertiti e ripopolati a partire da progetti condivisi di presa in carico dei <em>commons <\/em>urbani. I soggetti \u2013 individui e gruppi \u2013 che animano spazi, insieme fisici e connessi, della citt\u00e0 attraverso declinazioni inedite dei linguaggi dell\u2019arte, del cinema, del teatro si fanno promotori di pratiche partecipative sempre pi\u00f9 inclusive mirate a coinvolgere i cittadini anche nella loro qualit\u00e0 di <em>pubblici attivi<\/em>.<br \/>\nTra le molte chiavi di lettura e i possibili ambiti di analisi di un fenomeno dalla natura multiforme, il volume si concentra sul caso romano, lo inquadra nella cornice di processi sociali pi\u00f9 ampi e si concentra su alcune esperienze-chiave in cui l\u2019attivazione della partecipazione appare efficacemente <em>mediata dalla cultura<\/em>.<\/p>\n<hr \/>\n<p style=\"text-align: justify;\"><strong>ROMANA AND\u00d2<\/strong> \u00e8 Presidente del Corso di Laurea Magistrale in Fashion Studies presso la Facolt\u00e0 di Lettere e Filosofia della Sapienza Universit\u00e0 di Roma. I suoi interessi di studio e ricerca riguardano gli audience e fandom studies, il consumo mediale, con particolare attenzione alla tv, il rapporto tra moda e media.<\/p>\n<p style=\"text-align: justify;\"><strong>ANTIMO LUIGI FARRO <\/strong>\u00e8 professore di Sociologia nel Dipartimento di Scienze sociali ed economiche della Sapienza Universit\u00e0 di Roma e membro del Centre d\u2019Analyse et d\u2019Intervention Sociologique (Cadis), EHESS, Parigi. Tra le ultime pubblicazioni ha curato <em>Reimagining Social Movements, From Collectives to Individuals <\/em>(con H. Lustiger-Thaler, 2014) e <em>La citt\u00e0 inquieta: culture, rivolte e nuove socialit\u00e0<\/em>\u00a0(con S. Maddanu, Padova 2016).<\/p>\n<p style=\"text-align: justify;\"><strong>ALBERTO MARINELLI <\/strong>insegna Teorie della comunicazione e dei nuovi media in Sapienza Universit\u00e0 di Roma ed \u00e8 Presidente del corso di laurea in Comunicazione pubblica e d\u2019impresa. Tra le ultime pubblicazioni: <em>YouTube Content Creators. Volti, formati ed esperienze produttive nel nuovo ecosistema mediale<\/em> (con R. And\u00f2, Milano 2016), e <em>Television(s). Come cambia l\u2019esperienza televisiva tra tecnologie convergenti e pratiche social<\/em>\u00a0(con R. And\u00f2, Milano 2018).<\/p>\n<p style=\"text-align: justify;\"><strong>STEFANIA PARISI <\/strong>coordina l\u2019Unit\u00e0 di ricerca \u00abSpazio urbano, creativit\u00e0 e media\u00bb presso il Dipartimento di Comunicazione e Ricerca sociale della Sapienza Universit\u00e0 di Roma. Si occupa di media and urban studies; movimenti sociali e sfera dei media; teoria critica di internet e forme di produzione abilitate da reti e piattaforme digitali.<\/p>\n","protected":false},"excerpt":{"rendered":"<p>La scena culturale grassroots delle grandi citt\u00e0 mostra negli ultimi anni una particolare effervescenza: alle forme pi\u00f9 tradizionali di impegno si va affiancando una istanza partecipativa orientata alla costruzione di un \u00abpolitico urbano\u00bb inedito, che punta all\u2019engagement della cittadinanza e all\u2019apertura e moltiplicazione di nuovi spazi pubblici, anche grazie al supporto delle tecnologie di rete. L\u2019osservazione della geografia di queste esperienze ci racconta di luoghi recuperati, sottratti all\u2019abbandono o all\u2019incuria, riconvertiti e ripopolati a partire da progetti condivisi di presa in carico dei commons urbani. I soggetti \u2013 individui e gruppi \u2013 che animano spazi, insieme fisici e connessi, della citt\u00e0 attraverso declinazioni inedite dei linguaggi dell\u2019arte, del cinema, del teatro si fanno promotori di pratiche partecipative sempre pi\u00f9 inclusive mirate a coinvolgere i cittadini anche nella loro qualit\u00e0 di pubblici attivi.<br \/>\nTra le molte chiavi di lettura e i possibili ambiti di analisi di un fenomeno dalla natura multiforme, il volume si concentra sul caso romano, lo inquadra nella cornice di processi sociali pi\u00f9 ampi e si concentra su alcune esperienze-chiave in cui l\u2019attivazione della partecipazione appare efficacemente mediata dalla cultura.<\/p>\n","protected":false},"featured_media":16241,"template":"","meta":{"_editorskit_title_hidden":false,"_editorskit_reading_time":0,"_editorskit_is_block_options_detached":false,"_editorskit_block_options_position":"{}","_monsterinsights_skip_tracking":false,"_monsterinsights_sitenote_active":false,"_monsterinsights_sitenote_note":"","_monsterinsights_sitenote_category":0},"product_brand":[],"product_cat":[6582,6528],"product_tag":[],"class_list":{"0":"post-16242","1":"product","2":"type-product","3":"status-publish","4":"has-post-thumbnail","6":"product_cat-cn","7":"product_cat-comunicazione","8":"pa_guerini_amazon_link-36-httpswwwamazonitcreative_p","9":"pa_guerini_feltrinelli_link-ea-httpswwwlafeltrinelliitlib","10":"pa_guerini_ibs_link-d5-httpswwwibsitreti_creative","11":"pa_guerini_libruniver_link-f7-httpswwwlibreriauniversita","12":"pa_guerini_mondadori_link-79-httpswwwmondadoristoreitre","14":"first","15":"instock","16":"sale","17":"shipping-taxable","18":"purchasable","19":"product-type-simple"},"yoast_head":"<!-- This site is optimized with the Yoast SEO plugin v25.4 - https:\/\/yoast.com\/wordpress\/plugins\/seo\/ -->\n<title>Reti creative - Guerini e Associati<\/title>\n<meta name=\"robots\" content=\"index, follow, max-snippet:-1, max-image-preview:large, max-video-preview:-1\" \/>\n<link rel=\"canonical\" href=\"https:\/\/www.guerini.it\/index.php\/prodotto\/reti-creative\/\" \/>\n<meta property=\"og:locale\" content=\"it_IT\" \/>\n<meta property=\"og:type\" content=\"article\" \/>\n<meta property=\"og:title\" content=\"Reti creative - Guerini e Associati\" \/>\n<meta property=\"og:description\" content=\"La scena culturale grassroots delle grandi citt\u00e0 mostra negli ultimi anni una particolare effervescenza: alle forme pi\u00f9 tradizionali di impegno si va affiancando una istanza partecipativa orientata alla costruzione di un \u00abpolitico urbano\u00bb inedito, che punta all\u2019engagement della cittadinanza e all\u2019apertura e moltiplicazione di nuovi spazi pubblici, anche grazie al supporto delle tecnologie di rete. L\u2019osservazione della geografia di queste esperienze ci racconta di luoghi recuperati, sottratti all\u2019abbandono o all\u2019incuria, riconvertiti e ripopolati a partire da progetti condivisi di presa in carico dei commons urbani. I soggetti \u2013 individui e gruppi \u2013 che animano spazi, insieme fisici e connessi, della citt\u00e0 attraverso declinazioni inedite dei linguaggi dell\u2019arte, del cinema, del teatro si fanno promotori di pratiche partecipative sempre pi\u00f9 inclusive mirate a coinvolgere i cittadini anche nella loro qualit\u00e0 di pubblici attivi. Tra le molte chiavi di lettura e i possibili ambiti di analisi di un fenomeno dalla natura multiforme, il volume si concentra sul caso romano, lo inquadra nella cornice di processi sociali pi\u00f9 ampi e si concentra su alcune esperienze-chiave in cui l\u2019attivazione della partecipazione appare efficacemente mediata dalla cultura.\" \/>\n<meta property=\"og:url\" content=\"https:\/\/www.guerini.it\/index.php\/prodotto\/reti-creative\/\" \/>\n<meta property=\"og:site_name\" content=\"Guerini e Associati\" \/>\n<meta property=\"article:modified_time\" content=\"2024-06-12T12:41:07+00:00\" \/>\n<meta property=\"og:image\" content=\"https:\/\/www.guerini.it\/wp-content\/uploads\/2019\/02\/reti_creative_sito.jpg\" \/>\n\t<meta property=\"og:image:width\" content=\"234\" \/>\n\t<meta property=\"og:image:height\" content=\"353\" \/>\n\t<meta property=\"og:image:type\" content=\"image\/jpeg\" \/>\n<meta name=\"twitter:card\" content=\"summary_large_image\" \/>\n<meta name=\"twitter:label1\" content=\"Tempo di lettura stimato\" \/>\n\t<meta name=\"twitter:data1\" content=\"3 minuti\" \/>\n<!-- \/ Yoast SEO plugin. -->","yoast_head_json":{"title":"Reti creative - Guerini e Associati","robots":{"index":"index","follow":"follow","max-snippet":"max-snippet:-1","max-image-preview":"max-image-preview:large","max-video-preview":"max-video-preview:-1"},"canonical":"https:\/\/www.guerini.it\/index.php\/prodotto\/reti-creative\/","og_locale":"it_IT","og_type":"article","og_title":"Reti creative - Guerini e Associati","og_description":"La scena culturale grassroots delle grandi citt\u00e0 mostra negli ultimi anni una particolare effervescenza: alle forme pi\u00f9 tradizionali di impegno si va affiancando una istanza partecipativa orientata alla costruzione di un \u00abpolitico urbano\u00bb inedito, che punta all\u2019engagement della cittadinanza e all\u2019apertura e moltiplicazione di nuovi spazi pubblici, anche grazie al supporto delle tecnologie di rete. L\u2019osservazione della geografia di queste esperienze ci racconta di luoghi recuperati, sottratti all\u2019abbandono o all\u2019incuria, riconvertiti e ripopolati a partire da progetti condivisi di presa in carico dei commons urbani. I soggetti \u2013 individui e gruppi \u2013 che animano spazi, insieme fisici e connessi, della citt\u00e0 attraverso declinazioni inedite dei linguaggi dell\u2019arte, del cinema, del teatro si fanno promotori di pratiche partecipative sempre pi\u00f9 inclusive mirate a coinvolgere i cittadini anche nella loro qualit\u00e0 di pubblici attivi. Tra le molte chiavi di lettura e i possibili ambiti di analisi di un fenomeno dalla natura multiforme, il volume si concentra sul caso romano, lo inquadra nella cornice di processi sociali pi\u00f9 ampi e si concentra su alcune esperienze-chiave in cui l\u2019attivazione della partecipazione appare efficacemente mediata dalla cultura.","og_url":"https:\/\/www.guerini.it\/index.php\/prodotto\/reti-creative\/","og_site_name":"Guerini e Associati","article_modified_time":"2024-06-12T12:41:07+00:00","og_image":[{"width":234,"height":353,"url":"https:\/\/www.guerini.it\/wp-content\/uploads\/2019\/02\/reti_creative_sito.jpg","type":"image\/jpeg"}],"twitter_card":"summary_large_image","twitter_misc":{"Tempo di lettura stimato":"3 minuti"},"schema":{"@context":"https:\/\/schema.org","@graph":[{"@type":"WebPage","@id":"https:\/\/www.guerini.it\/index.php\/prodotto\/reti-creative\/","url":"https:\/\/www.guerini.it\/index.php\/prodotto\/reti-creative\/","name":"Reti creative - Guerini e Associati","isPartOf":{"@id":"https:\/\/www.guerini.it\/#website"},"primaryImageOfPage":{"@id":"https:\/\/www.guerini.it\/index.php\/prodotto\/reti-creative\/#primaryimage"},"image":{"@id":"https:\/\/www.guerini.it\/index.php\/prodotto\/reti-creative\/#primaryimage"},"thumbnailUrl":"https:\/\/www.guerini.it\/wp-content\/uploads\/2019\/02\/reti_creative_sito.jpg","datePublished":"2019-02-06T11:02:35+00:00","dateModified":"2024-06-12T12:41:07+00:00","breadcrumb":{"@id":"https:\/\/www.guerini.it\/index.php\/prodotto\/reti-creative\/#breadcrumb"},"inLanguage":"it-IT","potentialAction":[{"@type":"ReadAction","target":["https:\/\/www.guerini.it\/index.php\/prodotto\/reti-creative\/"]}]},{"@type":"ImageObject","inLanguage":"it-IT","@id":"https:\/\/www.guerini.it\/index.php\/prodotto\/reti-creative\/#primaryimage","url":"https:\/\/www.guerini.it\/wp-content\/uploads\/2019\/02\/reti_creative_sito.jpg","contentUrl":"https:\/\/www.guerini.it\/wp-content\/uploads\/2019\/02\/reti_creative_sito.jpg","width":234,"height":353,"caption":"Reti creative"},{"@type":"BreadcrumbList","@id":"https:\/\/www.guerini.it\/index.php\/prodotto\/reti-creative\/#breadcrumb","itemListElement":[{"@type":"ListItem","position":1,"name":"Home","item":"https:\/\/www.guerini.it\/"},{"@type":"ListItem","position":2,"name":"Catalogo","item":"https:\/\/www.guerini.it\/index.php\/negozio\/"},{"@type":"ListItem","position":3,"name":"Reti creative"}]},{"@type":"WebSite","@id":"https:\/\/www.guerini.it\/#website","url":"https:\/\/www.guerini.it\/","name":"Guerini e Associati","description":"30 anni di libri, idee e libert\u00e0","publisher":{"@id":"https:\/\/www.guerini.it\/#organization"},"potentialAction":[{"@type":"SearchAction","target":{"@type":"EntryPoint","urlTemplate":"https:\/\/www.guerini.it\/?s={search_term_string}"},"query-input":{"@type":"PropertyValueSpecification","valueRequired":true,"valueName":"search_term_string"}}],"inLanguage":"it-IT"},{"@type":"Organization","@id":"https:\/\/www.guerini.it\/#organization","name":"Guerini e Associati","url":"https:\/\/www.guerini.it\/","logo":{"@type":"ImageObject","inLanguage":"it-IT","@id":"https:\/\/www.guerini.it\/#\/schema\/logo\/image\/","url":"https:\/\/www.guerini.it\/wp-content\/uploads\/2021\/03\/Logo-Guerini-OK_-e1615831292285.png","contentUrl":"https:\/\/www.guerini.it\/wp-content\/uploads\/2021\/03\/Logo-Guerini-OK_-e1615831292285.png","width":2805,"height":1870,"caption":"Guerini e Associati"},"image":{"@id":"https:\/\/www.guerini.it\/#\/schema\/logo\/image\/"}}]}},"_links":{"self":[{"href":"https:\/\/www.guerini.it\/index.php\/wp-json\/wp\/v2\/product\/16242","targetHints":{"allow":["GET"]}}],"collection":[{"href":"https:\/\/www.guerini.it\/index.php\/wp-json\/wp\/v2\/product"}],"about":[{"href":"https:\/\/www.guerini.it\/index.php\/wp-json\/wp\/v2\/types\/product"}],"wp:featuredmedia":[{"embeddable":true,"href":"https:\/\/www.guerini.it\/index.php\/wp-json\/wp\/v2\/media\/16241"}],"wp:attachment":[{"href":"https:\/\/www.guerini.it\/index.php\/wp-json\/wp\/v2\/media?parent=16242"}],"wp:term":[{"taxonomy":"product_brand","embeddable":true,"href":"https:\/\/www.guerini.it\/index.php\/wp-json\/wp\/v2\/product_brand?post=16242"},{"taxonomy":"product_cat","embeddable":true,"href":"https:\/\/www.guerini.it\/index.php\/wp-json\/wp\/v2\/product_cat?post=16242"},{"taxonomy":"product_tag","embeddable":true,"href":"https:\/\/www.guerini.it\/index.php\/wp-json\/wp\/v2\/product_tag?post=16242"}],"curies":[{"name":"wp","href":"https:\/\/api.w.org\/{rel}","templated":true}]}}

<p style="text-align: justify;">La scena culturale grassroots delle grandi città mostra negli ultimi anni una particolare effervescenza: alle forme più tradizionali di impegno si va affiancando una istanza partecipativa orientata alla costruzione di un «politico urbano» inedito, che punta all’engagement della cittadinanza e all’apertura e moltiplicazione di nuovi spazi pubblici, anche grazie al supporto delle tecnologie di rete. L’osservazione della geografia di queste esperienze ci racconta di luoghi recuperati, sottratti all’abbandono o all’incuria, riconvertiti e ripopolati a partire da progetti condivisi di presa in carico dei <em>commons </em>urbani. I soggetti – individui e gruppi – che animano spazi, insieme fisici e connessi, della città attraverso declinazioni inedite dei linguaggi dell’arte, del cinema, del teatro si fanno promotori di pratiche partecipative sempre più inclusive mirate a coinvolgere i cittadini anche nella loro qualità di <em>pubblici attivi</em>.<br />
Tra le molte chiavi di lettura e i possibili ambiti di analisi di un fenomeno dalla natura multiforme, il volume si concentra sul caso romano, lo inquadra nella cornice di processi sociali più ampi e si concentra su alcune esperienze-chiave in cui l’attivazione della partecipazione appare efficacemente <em>mediata dalla cultura</em>.</p>
<hr />
<p style="text-align: justify;"><strong>ROMANA ANDÒ</strong> è Presidente del Corso di Laurea Magistrale in Fashion Studies presso la Facoltà di Lettere e Filosofia della Sapienza Università di Roma. I suoi interessi di studio e ricerca riguardano gli audience e fandom studies, il consumo mediale, con particolare attenzione alla tv, il rapporto tra moda e media.</p>
<p style="text-align: justify;"><strong>ANTIMO LUIGI FARRO </strong>è professore di Sociologia nel Dipartimento di Scienze sociali ed economiche della Sapienza Università di Roma e membro del Centre d’Analyse et d’Intervention Sociologique (Cadis), EHESS, Parigi. Tra le ultime pubblicazioni ha curato <em>Reimagining Social Movements, From Collectives to Individuals </em>(con H. Lustiger-Thaler, 2014) e <em>La città inquieta: culture, rivolte e nuove socialità</em> (con S. Maddanu, Padova 2016).</p>
<p style="text-align: justify;"><strong>ALBERTO MARINELLI </strong>insegna Teorie della comunicazione e dei nuovi media in Sapienza Università di Roma ed è Presidente del corso di laurea in Comunicazione pubblica e d’impresa. Tra le ultime pubblicazioni: <em>YouTube Content Creators. Volti, formati ed esperienze produttive nel nuovo ecosistema mediale</em> (con R. Andò, Milano 2016), e <em>Television(s). Come cambia l’esperienza televisiva tra tecnologie convergenti e pratiche social</em> (con R. Andò, Milano 2018).</p>
<p style="text-align: justify;"><strong>STEFANIA PARISI </strong>coordina l’Unità di ricerca «Spazio urbano, creatività e media» presso il Dipartimento di Comunicazione e Ricerca sociale della Sapienza Università di Roma. Si occupa di media and urban studies; movimenti sociali e sfera dei media; teoria critica di internet e forme di produzione abilitate da reti e piattaforme digitali.</p>

<p>La scena culturale grassroots delle grandi città mostra negli ultimi anni una particolare effervescenza: alle forme più tradizionali di impegno si va affiancando una istanza partecipativa orientata alla costruzione di un «politico urbano» inedito, che punta all’engagement della cittadinanza e all’apertura e moltiplicazione di nuovi spazi pubblici, anche grazie al supporto delle tecnologie di rete. L’osservazione della geografia di queste esperienze ci racconta di luoghi recuperati, sottratti all’abbandono o all’incuria, riconvertiti e ripopolati a partire da progetti condivisi di presa in carico dei commons urbani. I soggetti – individui e gruppi – che animano spazi, insieme fisici e connessi, della città attraverso declinazioni inedite dei linguaggi dell’arte, del cinema, del teatro si fanno promotori di pratiche partecipative sempre più inclusive mirate a coinvolgere i cittadini anche nella loro qualità di pubblici attivi.<br />
Tra le molte chiavi di lettura e i possibili ambiti di analisi di un fenomeno dalla natura multiforme, il volume si concentra sul caso romano, lo inquadra nella cornice di processi sociali più ampi e si concentra su alcune esperienze-chiave in cui l’attivazione della partecipazione appare efficacemente mediata dalla cultura.</p>

<!-- This site is optimized with the Yoast SEO plugin v25.4 - https://yoast.com/wordpress/plugins/seo/ -->
<title>Reti creative - Guerini e Associati</title>
<meta name="robots" content="index, follow, max-snippet:-1, max-image-preview:large, max-video-preview:-1" />
<link rel="canonical" href="https://www.guerini.it/index.php/prodotto/reti-creative/" />
<meta property="og:locale" content="it_IT" />
<meta property="og:type" content="article" />
<meta property="og:title" content="Reti creative - Guerini e Associati" />
<meta property="og:description" content="La scena culturale grassroots delle grandi città mostra negli ultimi anni una particolare effervescenza: alle forme più tradizionali di impegno si va affiancando una istanza partecipativa orientata alla costruzione di un «politico urbano» inedito, che punta all’engagement della cittadinanza e all’apertura e moltiplicazione di nuovi spazi pubblici, anche grazie al supporto delle tecnologie di rete. L’osservazione della geografia di queste esperienze ci racconta di luoghi recuperati, sottratti all’abbandono o all’incuria, riconvertiti e ripopolati a partire da progetti condivisi di presa in carico dei commons urbani. I soggetti – individui e gruppi – che animano spazi, insieme fisici e connessi, della città attraverso declinazioni inedite dei linguaggi dell’arte, del cinema, del teatro si fanno promotori di pratiche partecipative sempre più inclusive mirate a coinvolgere i cittadini anche nella loro qualità di pubblici attivi. Tra le molte chiavi di lettura e i possibili ambiti di analisi di un fenomeno dalla natura multiforme, il volume si concentra sul caso romano, lo inquadra nella cornice di processi sociali più ampi e si concentra su alcune esperienze-chiave in cui l’attivazione della partecipazione appare efficacemente mediata dalla cultura." />
<meta property="og:url" content="https://www.guerini.it/index.php/prodotto/reti-creative/" />
<meta property="og:site_name" content="Guerini e Associati" />
<meta property="article:modified_time" content="2024-06-12T12:41:07+00:00" />
<meta property="og:image" content="https://www.guerini.it/wp-content/uploads/2019/02/reti_creative_sito.jpg" />
	<meta property="og:image:width" content="234" />
	<meta property="og:image:height" content="353" />
	<meta property="og:image:type" content="image/jpeg" />
<meta name="twitter:card" content="summary_large_image" />
<meta name="twitter:label1" content="Tempo di lettura stimato" />
	<meta name="twitter:data1" content="3 minuti" />
<!-- / Yoast SEO plugin. -->

La scena culturale grassroots delle grandi città mostra negli ultimi anni una particolare effervescenza: alle forme più tradizionali di impegno si va affiancando una istanza partecipativa orientata alla costruzione di un «politico urbano» inedito, che punta all’engagement della cittadinanza e all’apertura e moltiplicazione di nuovi spazi pubblici, anche grazie al supporto delle tecnologie di rete. L’osservazione della geografia di queste esperienze ci racconta di luoghi recuperati, sottratti all’abbandono o all’incuria, riconvertiti e ripopolati a partire da progetti condivisi di presa in carico dei commons urbani. I soggetti – individui e gruppi – che animano spazi, insieme fisici e connessi, della città attraverso declinazioni inedite dei linguaggi dell’arte, del cinema, del teatro si fanno promotori di pratiche partecipative sempre più inclusive mirate a coinvolgere i cittadini anche nella loro qualità di pubblici attivi. Tra le molte chiavi di lettura e i possibili ambiti di analisi di un fenomeno dalla natura multiforme, il volume si concentra sul caso romano, lo inquadra nella cornice di processi sociali più ampi e si concentra su alcune esperienze-chiave in cui l’attivazione della partecipazione appare efficacemente mediata dalla cultura.

30 anni di libri, idee e libertà
