{"id":16251,"date":"2019-02-25T10:48:58","date_gmt":"2019-02-25T09:48:58","guid":{"rendered":"https:\/\/test.guerini.it\/?product=il-68-e-l-istruzione"},"modified":"2026-04-21T13:12:39","modified_gmt":"2026-04-21T11:12:39","slug":"il-68-e-l-istruzione","status":"publish","type":"product","link":"https:\/\/www.guerini.it\/index.php\/prodotto\/il-68-e-l-istruzione\/","title":{"rendered":"Il &#8217;68 e l&#8217;istruzione"},"content":{"rendered":"<p style=\"text-align: justify;\">Il cinquantenario del \u201968 ha suscitato un ampio dibattito che ha impegnato protagonisti e studiosi con contributi di taglio diverso. Per lo pi\u00f9 si \u00e8 parlato del movimento degli studenti con riferimento alla nascita e al suo sviluppo, agli ideali di cui si \u00e8 fatto portatore, agli effetti a breve o lungo periodo sulla cultura, la politica e i comportamenti sociali. L\u2019approccio generalista, certo giustificato essendosi il movimento battuto per un cambiamento radicale dell\u2019intera societ\u00e0 fin dall\u2019inizio, e maggiormente in seguito, ha travalicato con il pensiero e con l\u2019azione il suo luogo di origine, mettendo in ombra il tema dell\u2019universit\u00e0, per non parlare di quello della scuola, rimasto marginale fin dal suo insorgere.<br \/>\nIn questo volume ci siamo proposti di colmare quello che ci \u00e8 parso un limite nel dibattito intercorso, mettendo a tema proprio il sistema di istruzione e interrogandoci su cosa ha significato per esso il \u201968 e quali effetti vi ha dispiegato. \u00c8 questo uno dei due tratti caratterizzanti del nostro lavoro. L\u2019altro \u00e8 l\u2019aver adottato un approccio in certo senso \u00abcontinuistico\u00bb tra il prima, il durante e il dopo. Il \u201968, almeno per quanto attiene al campo dell\u2019istruzione, \u00e8 stato s\u00ec un momento di rottura con il passato, un<em>\u00a0breaking point<\/em>, ma ha avuto le sue pre-condizioni e i suoi prodromi nel periodo precedente, e molte ricadute sul periodo successivo.<\/p>\n<p style=\"text-align: justify;\"><strong>Permalink:\u00a0<a href=\"http:\/\/digital.casalini.it\/9788862507455\" target=\"_blank\" rel=\"noopener\">http:\/\/digital.casalini.it\/9788862507455<\/a><\/strong><\/p>\n","protected":false},"excerpt":{"rendered":"<p>Il cinquantenario del \u201968 ha suscitato un ampio dibattito che ha impegnato protagonisti e studiosi con contributi di taglio diverso. Per lo pi\u00f9 si \u00e8 parlato del movimento degli studenti [&hellip;]<\/p>\n","protected":false},"featured_media":16250,"template":"","meta":{"_editorskit_title_hidden":false,"_editorskit_reading_time":0,"_editorskit_is_block_options_detached":false,"_editorskit_block_options_position":"{}","_monsterinsights_skip_tracking":false,"_monsterinsights_sitenote_active":false,"_monsterinsights_sitenote_note":"","_monsterinsights_sitenote_category":0},"product_brand":[],"product_cat":[6568],"product_tag":[],"class_list":{"0":"post-16251","1":"product","2":"type-product","3":"status-publish","4":"has-post-thumbnail","6":"product_cat-sf","7":"pa_guerini_amazon_link-https-www-amazon-it-listruzione-prodromi-ricadute-movimenti-studenti-dp-8862507453","8":"pa_guerini_formato-ebook","9":"pa_guerini_ibs_link-https-www-ibs-it-68-istruzione-prodromi-ricadute-dei-libro-luciano-benadusi-vittorio-campione-e-9788862507455","10":"pa_guerini_link_amazon-99-httpswwwamazonitlistruzion","11":"pa_guerini_link_apple_ibook-89-httpsitunesapplecomitbooki","12":"pa_guerini_link_kobo-61-httpswwwkobocomititebookil","14":"first","15":"instock","16":"sale","17":"shipping-taxable","18":"purchasable","19":"product-type-simple"},"yoast_head":"<!-- This site is optimized with the Yoast SEO plugin v25.4 - https:\/\/yoast.com\/wordpress\/plugins\/seo\/ -->\n<title>Il &#039;68 e l&#039;istruzione - Guerini e Associati<\/title>\n<meta name=\"robots\" content=\"index, follow, max-snippet:-1, max-image-preview:large, max-video-preview:-1\" \/>\n<link rel=\"canonical\" href=\"https:\/\/www.guerini.it\/index.php\/prodotto\/il-68-e-l-istruzione\/\" \/>\n<meta property=\"og:locale\" content=\"it_IT\" \/>\n<meta property=\"og:type\" content=\"article\" \/>\n<meta property=\"og:title\" content=\"Il &#039;68 e l&#039;istruzione - Guerini e Associati\" \/>\n<meta property=\"og:description\" content=\"Il cinquantenario del \u201968 ha suscitato un ampio dibattito che ha impegnato protagonisti e studiosi con contributi di taglio diverso. Per lo pi\u00f9 si \u00e8 parlato del movimento degli studenti [&hellip;]\" \/>\n<meta property=\"og:url\" content=\"https:\/\/www.guerini.it\/index.php\/prodotto\/il-68-e-l-istruzione\/\" \/>\n<meta property=\"og:site_name\" content=\"Guerini e Associati\" \/>\n<meta property=\"article:modified_time\" content=\"2026-04-21T11:12:39+00:00\" \/>\n<meta property=\"og:image\" content=\"https:\/\/www.guerini.it\/wp-content\/uploads\/2019\/02\/68_e_l_sitruzione_il__sito_1.jpg\" \/>\n\t<meta property=\"og:image:width\" content=\"324\" \/>\n\t<meta property=\"og:image:height\" content=\"500\" \/>\n\t<meta property=\"og:image:type\" content=\"image\/jpeg\" \/>\n<meta name=\"twitter:card\" content=\"summary_large_image\" \/>\n<meta name=\"twitter:label1\" content=\"Tempo di lettura stimato\" \/>\n\t<meta name=\"twitter:data1\" content=\"2 minuti\" \/>\n<!-- \/ Yoast SEO plugin. -->","yoast_head_json":{"title":"Il '68 e l'istruzione - Guerini e Associati","robots":{"index":"index","follow":"follow","max-snippet":"max-snippet:-1","max-image-preview":"max-image-preview:large","max-video-preview":"max-video-preview:-1"},"canonical":"https:\/\/www.guerini.it\/index.php\/prodotto\/il-68-e-l-istruzione\/","og_locale":"it_IT","og_type":"article","og_title":"Il '68 e l'istruzione - Guerini e Associati","og_description":"Il cinquantenario del \u201968 ha suscitato un ampio dibattito che ha impegnato protagonisti e studiosi con contributi di taglio diverso. Per lo pi\u00f9 si \u00e8 parlato del movimento degli studenti [&hellip;]","og_url":"https:\/\/www.guerini.it\/index.php\/prodotto\/il-68-e-l-istruzione\/","og_site_name":"Guerini e Associati","article_modified_time":"2026-04-21T11:12:39+00:00","og_image":[{"width":324,"height":500,"url":"https:\/\/www.guerini.it\/wp-content\/uploads\/2019\/02\/68_e_l_sitruzione_il__sito_1.jpg","type":"image\/jpeg"}],"twitter_card":"summary_large_image","twitter_misc":{"Tempo di lettura stimato":"2 minuti"},"schema":{"@context":"https:\/\/schema.org","@graph":[{"@type":"WebPage","@id":"https:\/\/www.guerini.it\/index.php\/prodotto\/il-68-e-l-istruzione\/","url":"https:\/\/www.guerini.it\/index.php\/prodotto\/il-68-e-l-istruzione\/","name":"Il '68 e l'istruzione - Guerini e Associati","isPartOf":{"@id":"https:\/\/www.guerini.it\/#website"},"primaryImageOfPage":{"@id":"https:\/\/www.guerini.it\/index.php\/prodotto\/il-68-e-l-istruzione\/#primaryimage"},"image":{"@id":"https:\/\/www.guerini.it\/index.php\/prodotto\/il-68-e-l-istruzione\/#primaryimage"},"thumbnailUrl":"https:\/\/www.guerini.it\/wp-content\/uploads\/2019\/02\/68_e_l_sitruzione_il__sito_1.jpg","datePublished":"2019-02-25T09:48:58+00:00","dateModified":"2026-04-21T11:12:39+00:00","breadcrumb":{"@id":"https:\/\/www.guerini.it\/index.php\/prodotto\/il-68-e-l-istruzione\/#breadcrumb"},"inLanguage":"it-IT","potentialAction":[{"@type":"ReadAction","target":["https:\/\/www.guerini.it\/index.php\/prodotto\/il-68-e-l-istruzione\/"]}]},{"@type":"ImageObject","inLanguage":"it-IT","@id":"https:\/\/www.guerini.it\/index.php\/prodotto\/il-68-e-l-istruzione\/#primaryimage","url":"https:\/\/www.guerini.it\/wp-content\/uploads\/2019\/02\/68_e_l_sitruzione_il__sito_1.jpg","contentUrl":"https:\/\/www.guerini.it\/wp-content\/uploads\/2019\/02\/68_e_l_sitruzione_il__sito_1.jpg","width":324,"height":500,"caption":"Il '68 e l'istruzione"},{"@type":"BreadcrumbList","@id":"https:\/\/www.guerini.it\/index.php\/prodotto\/il-68-e-l-istruzione\/#breadcrumb","itemListElement":[{"@type":"ListItem","position":1,"name":"Home","item":"https:\/\/www.guerini.it\/"},{"@type":"ListItem","position":2,"name":"Catalogo","item":"https:\/\/www.guerini.it\/index.php\/negozio\/"},{"@type":"ListItem","position":3,"name":"Il &#8217;68 e l&#8217;istruzione"}]},{"@type":"WebSite","@id":"https:\/\/www.guerini.it\/#website","url":"https:\/\/www.guerini.it\/","name":"Guerini e Associati","description":"30 anni di libri, idee e libert\u00e0","publisher":{"@id":"https:\/\/www.guerini.it\/#organization"},"potentialAction":[{"@type":"SearchAction","target":{"@type":"EntryPoint","urlTemplate":"https:\/\/www.guerini.it\/?s={search_term_string}"},"query-input":{"@type":"PropertyValueSpecification","valueRequired":true,"valueName":"search_term_string"}}],"inLanguage":"it-IT"},{"@type":"Organization","@id":"https:\/\/www.guerini.it\/#organization","name":"Guerini e Associati","url":"https:\/\/www.guerini.it\/","logo":{"@type":"ImageObject","inLanguage":"it-IT","@id":"https:\/\/www.guerini.it\/#\/schema\/logo\/image\/","url":"https:\/\/www.guerini.it\/wp-content\/uploads\/2021\/03\/Logo-Guerini-OK_-e1615831292285.png","contentUrl":"https:\/\/www.guerini.it\/wp-content\/uploads\/2021\/03\/Logo-Guerini-OK_-e1615831292285.png","width":2805,"height":1870,"caption":"Guerini e Associati"},"image":{"@id":"https:\/\/www.guerini.it\/#\/schema\/logo\/image\/"}}]}},"_links":{"self":[{"href":"https:\/\/www.guerini.it\/index.php\/wp-json\/wp\/v2\/product\/16251","targetHints":{"allow":["GET"]}}],"collection":[{"href":"https:\/\/www.guerini.it\/index.php\/wp-json\/wp\/v2\/product"}],"about":[{"href":"https:\/\/www.guerini.it\/index.php\/wp-json\/wp\/v2\/types\/product"}],"wp:featuredmedia":[{"embeddable":true,"href":"https:\/\/www.guerini.it\/index.php\/wp-json\/wp\/v2\/media\/16250"}],"wp:attachment":[{"href":"https:\/\/www.guerini.it\/index.php\/wp-json\/wp\/v2\/media?parent=16251"}],"wp:term":[{"taxonomy":"product_brand","embeddable":true,"href":"https:\/\/www.guerini.it\/index.php\/wp-json\/wp\/v2\/product_brand?post=16251"},{"taxonomy":"product_cat","embeddable":true,"href":"https:\/\/www.guerini.it\/index.php\/wp-json\/wp\/v2\/product_cat?post=16251"},{"taxonomy":"product_tag","embeddable":true,"href":"https:\/\/www.guerini.it\/index.php\/wp-json\/wp\/v2\/product_tag?post=16251"}],"curies":[{"name":"wp","href":"https:\/\/api.w.org\/{rel}","templated":true}]}}