{"id":16267,"date":"2019-04-03T08:44:45","date_gmt":"2019-04-03T06:44:45","guid":{"rendered":"https:\/\/test.guerini.it\/?product=nativi-digitali"},"modified":"2024-06-12T14:39:05","modified_gmt":"2024-06-12T12:39:05","slug":"nativi-digitali","status":"publish","type":"product","link":"https:\/\/www.guerini.it\/index.php\/prodotto\/nativi-digitali\/","title":{"rendered":"Nativi digitali"},"content":{"rendered":"<p style=\"text-align: justify;\">\u00abCompie un azzardo chi predica certezze sulla portata dell\u2019impatto di quanto \u00e8 successo e ancora sta succedendo nel mondo in cui viviamo per effetto della rivoluzione digitale, interpretandolo dalla prospettiva del lavoro e delle professioni\u00bb. Le conseguenze della rivoluzione digitale in ambito aziendale e il destino del lavoro nell\u2019era della robotica sono le tematiche organizzative pi\u00f9 attuali; eppure non vi sono ancora elementi sufficienti per tracciare un profilo definitivo e univoco della situazione. Lo studio di Marco Monga, che ben delinea la complessit\u00e0 dello scenario, affianca alla disamina degli argomenti legati all\u2019intelligenza artificiale il tema dei Millenials e dei Nativi Digitali, del loro atteggiamento di fronte all\u2019utilizzo delle tecnologie e della compresenza generazionale in azienda. Per poter comprendere gli scenari manageriali pi\u00f9 probabili, \u00e8 necessaria una maggiore integrazione tra il punto di vista pi\u00f9 specificamente aziendale (espresso dai direttori del personale ma anche dalle organizzazioni sindacali e dai decisori politici) e gli studi dei neuroscienziati sulle dinamiche comportamentali implicate sia nella <em>digital transformation<\/em>, sia nel confronto tra generazioni e tra atteggiamenti differenti nei confronti del lavoro.<\/p>\n<hr \/>\n<p style=\"text-align: justify;\"><strong>Marco Monga<\/strong>, direttore del personale presso l\u2019Istituto Italiano di Tecnologia di Genova, si occupa, da oltre vent\u2019anni, di risorse umane in diversi ambiti e contesti: dai servizi a rete e multiutility, al mondo degli intermediari finanziari, fino al manifatturiero. Consigliere di <span style=\"font-size: x-small;\">AIDP<\/span>, \u00e8 esperto in gestione del cambiamento, sviluppo organizzativo ed evoluzione digitale.<\/p>\n<p>&nbsp;<\/p>\n","protected":false},"excerpt":{"rendered":"<p style=\"text-align: justify;\">\u00abCompie un azzardo chi predica certezze sulla portata dell\u2019impatto di quanto \u00e8 successo e ancora sta succedendo nel mondo in cui viviamo per effetto della rivoluzione digitale, interpretandolo dalla prospettiva del lavoro e delle professioni\u00bb. Le conseguenze della rivoluzione digitale in ambito aziendale e il destino del lavoro nell\u2019era della robotica sono le tematiche organizzative pi\u00f9 attuali; eppure non vi sono ancora elementi sufficienti per tracciare un profilo definitivo e univoco della situazione. Lo studio di Marco Monga, che ben delinea la complessit\u00e0 dello scenario, affianca alla disamina degli argomenti legati all\u2019intelligenza artificiale il tema dei Millenials e dei Nativi Digitali, del loro atteggiamento di fronte all\u2019utilizzo delle tecnologie e della compresenza generazionale in azienda. Per poter comprendere gli scenari manageriali pi\u00f9 probabili, \u00e8 necessaria una maggiore integrazione tra il punto di vista pi\u00f9 specificamente aziendale (espresso dai direttori del personale ma anche dalle organizzazioni sindacali e dai decisori politici) e gli studi dei neuroscienziati sulle dinamiche comportamentali implicate sia nella <em>digital transformation<\/em>, sia nel confronto tra generazioni e tra atteggiamenti differenti nei confronti del lavoro.<\/p>\n<p>&nbsp;<\/p>\n","protected":false},"featured_media":21870,"template":"","meta":{"_editorskit_title_hidden":false,"_editorskit_reading_time":0,"_editorskit_is_block_options_detached":false,"_editorskit_block_options_position":"{}","_monsterinsights_skip_tracking":false,"_monsterinsights_sitenote_active":false,"_monsterinsights_sitenote_note":"","_monsterinsights_sitenote_category":0},"product_brand":[],"product_cat":[6805,8828,6529],"product_tag":[],"class_list":{"0":"post-16267","1":"product","2":"type-product","3":"status-publish","4":"has-post-thumbnail","6":"product_cat-guerini-next","7":"product_cat-persone-strumenti-e-organizzazioni","8":"product_cat-economia-e-management","9":"pa_fulfillment-default","10":"pa_guerini_amazon_link-https-www-amazon-it-digitali-rivoluzione-competenze-nellera-transformation-dp-8868962446","11":"pa_guerini_feltrinelli_link-https-www-lafeltrinelli-it-nativi-digitali-rivoluzione-del-lavoro-libro-marco-monga-e-9788868962449","12":"pa_guerini_ibs_link-https-tidd-ly-3nr8b8m","13":"pa_guerini_libruniver_link-https-www-libreriauniversitaria-it-nativi-digitali-rivoluzione-lavoro-competenze-libro-9788868962449","14":"pa_guerini_link_amazon-https-www-amazon-it-dp-b0939stnvv","15":"pa_guerini_link_apple_ibook-https-books-apple-com-it-book-nativi-digitali-la-rivoluzione-del-lavoro-e-delle-competenze-id1564259820","16":"pa_guerini_link_bookrepublic-https-www-bookrepublic-it-ebook-9788868964061-nativi-digitali-la-rivoluzione-del-lavoro-e-delle-competenze-nellera-della-digital-transformation-goware-guerini-next","17":"pa_guerini_link_giunti_punto-https-www-giuntialpunto-it-product-b0939stnvv-libri-nativi-digitali-la-rivoluzione-del-lavoro-e-delle-competenze-nell-era-della","18":"pa_guerini_link_google_play-https-play-google-com-store-books-details-marco_monga_nativi_digitali_la_rivoluzione_del_lavidpsaqeaaaqbaj","19":"pa_guerini_link_ibs-https-tidd-ly-3eawxuc","20":"pa_guerini_link_kobo-https-www-kobo-com-it-it-ebook-nativi-digitali-la-rivoluzione-del-lavoro-e-delle-competenze-nell-era-della-digital-transformation","21":"pa_guerini_link_lafeltrinelli-https-www-lafeltrinelli-it-nativi-digitali-rivoluzione-del-lavoro-ebook-marco-monga-e-9788868964061","22":"pa_guerini_link_mondadori-https-www-mondadoristore-it-nativi-digitali-rivoluzione-marco-monga-eai978886896406","23":"pa_guerini_mondadori_link-https-www-mondadoristore-it-nativi-digitali-rivoluzione-marco-monga-eai978886896244","25":"first","26":"instock","27":"sale","28":"shipping-taxable","29":"purchasable","30":"product-type-simple"},"yoast_head":"<!-- This site is optimized with the Yoast SEO plugin v25.4 - https:\/\/yoast.com\/wordpress\/plugins\/seo\/ -->\n<title>Nativi digitali - Guerini e Associati<\/title>\n<meta name=\"robots\" content=\"index, follow, max-snippet:-1, max-image-preview:large, max-video-preview:-1\" \/>\n<link rel=\"canonical\" href=\"https:\/\/www.guerini.it\/index.php\/prodotto\/nativi-digitali\/\" \/>\n<meta property=\"og:locale\" content=\"it_IT\" \/>\n<meta property=\"og:type\" content=\"article\" \/>\n<meta property=\"og:title\" content=\"Nativi digitali - Guerini e Associati\" \/>\n<meta property=\"og:description\" content=\"\u00abCompie un azzardo chi predica certezze sulla portata dell\u2019impatto di quanto \u00e8 successo e ancora sta succedendo nel mondo in cui viviamo per effetto della rivoluzione digitale, interpretandolo dalla prospettiva del lavoro e delle professioni\u00bb. Le conseguenze della rivoluzione digitale in ambito aziendale e il destino del lavoro nell\u2019era della robotica sono le tematiche organizzative pi\u00f9 attuali; eppure non vi sono ancora elementi sufficienti per tracciare un profilo definitivo e univoco della situazione. Lo studio di Marco Monga, che ben delinea la complessit\u00e0 dello scenario, affianca alla disamina degli argomenti legati all\u2019intelligenza artificiale il tema dei Millenials e dei Nativi Digitali, del loro atteggiamento di fronte all\u2019utilizzo delle tecnologie e della compresenza generazionale in azienda. Per poter comprendere gli scenari manageriali pi\u00f9 probabili, \u00e8 necessaria una maggiore integrazione tra il punto di vista pi\u00f9 specificamente aziendale (espresso dai direttori del personale ma anche dalle organizzazioni sindacali e dai decisori politici) e gli studi dei neuroscienziati sulle dinamiche comportamentali implicate sia nella digital transformation, sia nel confronto tra generazioni e tra atteggiamenti differenti nei confronti del lavoro. &nbsp;\" \/>\n<meta property=\"og:url\" content=\"https:\/\/www.guerini.it\/index.php\/prodotto\/nativi-digitali\/\" \/>\n<meta property=\"og:site_name\" content=\"Guerini e Associati\" \/>\n<meta property=\"article:modified_time\" content=\"2024-06-12T12:39:05+00:00\" \/>\n<meta property=\"og:image\" content=\"https:\/\/www.guerini.it\/wp-content\/uploads\/2019\/04\/Cop.-Nativi-digitali-e1619602652260.jpg\" \/>\n\t<meta property=\"og:image:width\" content=\"233\" \/>\n\t<meta property=\"og:image:height\" content=\"350\" \/>\n\t<meta property=\"og:image:type\" content=\"image\/jpeg\" \/>\n<meta name=\"twitter:card\" content=\"summary_large_image\" \/>\n<meta name=\"twitter:label1\" content=\"Tempo di lettura stimato\" \/>\n\t<meta name=\"twitter:data1\" content=\"2 minuti\" \/>\n<!-- \/ Yoast SEO plugin. -->","yoast_head_json":{"title":"Nativi digitali - Guerini e Associati","robots":{"index":"index","follow":"follow","max-snippet":"max-snippet:-1","max-image-preview":"max-image-preview:large","max-video-preview":"max-video-preview:-1"},"canonical":"https:\/\/www.guerini.it\/index.php\/prodotto\/nativi-digitali\/","og_locale":"it_IT","og_type":"article","og_title":"Nativi digitali - Guerini e Associati","og_description":"\u00abCompie un azzardo chi predica certezze sulla portata dell\u2019impatto di quanto \u00e8 successo e ancora sta succedendo nel mondo in cui viviamo per effetto della rivoluzione digitale, interpretandolo dalla prospettiva del lavoro e delle professioni\u00bb. Le conseguenze della rivoluzione digitale in ambito aziendale e il destino del lavoro nell\u2019era della robotica sono le tematiche organizzative pi\u00f9 attuali; eppure non vi sono ancora elementi sufficienti per tracciare un profilo definitivo e univoco della situazione. Lo studio di Marco Monga, che ben delinea la complessit\u00e0 dello scenario, affianca alla disamina degli argomenti legati all\u2019intelligenza artificiale il tema dei Millenials e dei Nativi Digitali, del loro atteggiamento di fronte all\u2019utilizzo delle tecnologie e della compresenza generazionale in azienda. Per poter comprendere gli scenari manageriali pi\u00f9 probabili, \u00e8 necessaria una maggiore integrazione tra il punto di vista pi\u00f9 specificamente aziendale (espresso dai direttori del personale ma anche dalle organizzazioni sindacali e dai decisori politici) e gli studi dei neuroscienziati sulle dinamiche comportamentali implicate sia nella digital transformation, sia nel confronto tra generazioni e tra atteggiamenti differenti nei confronti del lavoro. &nbsp;","og_url":"https:\/\/www.guerini.it\/index.php\/prodotto\/nativi-digitali\/","og_site_name":"Guerini e Associati","article_modified_time":"2024-06-12T12:39:05+00:00","og_image":[{"width":233,"height":350,"url":"https:\/\/www.guerini.it\/wp-content\/uploads\/2019\/04\/Cop.-Nativi-digitali-e1619602652260.jpg","type":"image\/jpeg"}],"twitter_card":"summary_large_image","twitter_misc":{"Tempo di lettura stimato":"2 minuti"},"schema":{"@context":"https:\/\/schema.org","@graph":[{"@type":"WebPage","@id":"https:\/\/www.guerini.it\/index.php\/prodotto\/nativi-digitali\/","url":"https:\/\/www.guerini.it\/index.php\/prodotto\/nativi-digitali\/","name":"Nativi digitali - Guerini e Associati","isPartOf":{"@id":"https:\/\/www.guerini.it\/#website"},"primaryImageOfPage":{"@id":"https:\/\/www.guerini.it\/index.php\/prodotto\/nativi-digitali\/#primaryimage"},"image":{"@id":"https:\/\/www.guerini.it\/index.php\/prodotto\/nativi-digitali\/#primaryimage"},"thumbnailUrl":"https:\/\/www.guerini.it\/wp-content\/uploads\/2019\/04\/Cop.-Nativi-digitali-e1619602652260.jpg","datePublished":"2019-04-03T06:44:45+00:00","dateModified":"2024-06-12T12:39:05+00:00","breadcrumb":{"@id":"https:\/\/www.guerini.it\/index.php\/prodotto\/nativi-digitali\/#breadcrumb"},"inLanguage":"it-IT","potentialAction":[{"@type":"ReadAction","target":["https:\/\/www.guerini.it\/index.php\/prodotto\/nativi-digitali\/"]}]},{"@type":"ImageObject","inLanguage":"it-IT","@id":"https:\/\/www.guerini.it\/index.php\/prodotto\/nativi-digitali\/#primaryimage","url":"https:\/\/www.guerini.it\/wp-content\/uploads\/2019\/04\/Cop.-Nativi-digitali-e1619602652260.jpg","contentUrl":"https:\/\/www.guerini.it\/wp-content\/uploads\/2019\/04\/Cop.-Nativi-digitali-e1619602652260.jpg","width":233,"height":350,"caption":"Copertina del libro Nativi digitali"},{"@type":"BreadcrumbList","@id":"https:\/\/www.guerini.it\/index.php\/prodotto\/nativi-digitali\/#breadcrumb","itemListElement":[{"@type":"ListItem","position":1,"name":"Home","item":"https:\/\/www.guerini.it\/"},{"@type":"ListItem","position":2,"name":"Catalogo","item":"https:\/\/www.guerini.it\/index.php\/negozio\/"},{"@type":"ListItem","position":3,"name":"Nativi digitali"}]},{"@type":"WebSite","@id":"https:\/\/www.guerini.it\/#website","url":"https:\/\/www.guerini.it\/","name":"Guerini e Associati","description":"30 anni di libri, idee e libert\u00e0","publisher":{"@id":"https:\/\/www.guerini.it\/#organization"},"potentialAction":[{"@type":"SearchAction","target":{"@type":"EntryPoint","urlTemplate":"https:\/\/www.guerini.it\/?s={search_term_string}"},"query-input":{"@type":"PropertyValueSpecification","valueRequired":true,"valueName":"search_term_string"}}],"inLanguage":"it-IT"},{"@type":"Organization","@id":"https:\/\/www.guerini.it\/#organization","name":"Guerini e Associati","url":"https:\/\/www.guerini.it\/","logo":{"@type":"ImageObject","inLanguage":"it-IT","@id":"https:\/\/www.guerini.it\/#\/schema\/logo\/image\/","url":"https:\/\/www.guerini.it\/wp-content\/uploads\/2021\/03\/Logo-Guerini-OK_-e1615831292285.png","contentUrl":"https:\/\/www.guerini.it\/wp-content\/uploads\/2021\/03\/Logo-Guerini-OK_-e1615831292285.png","width":2805,"height":1870,"caption":"Guerini e Associati"},"image":{"@id":"https:\/\/www.guerini.it\/#\/schema\/logo\/image\/"}}]}},"_links":{"self":[{"href":"https:\/\/www.guerini.it\/index.php\/wp-json\/wp\/v2\/product\/16267","targetHints":{"allow":["GET"]}}],"collection":[{"href":"https:\/\/www.guerini.it\/index.php\/wp-json\/wp\/v2\/product"}],"about":[{"href":"https:\/\/www.guerini.it\/index.php\/wp-json\/wp\/v2\/types\/product"}],"wp:featuredmedia":[{"embeddable":true,"href":"https:\/\/www.guerini.it\/index.php\/wp-json\/wp\/v2\/media\/21870"}],"wp:attachment":[{"href":"https:\/\/www.guerini.it\/index.php\/wp-json\/wp\/v2\/media?parent=16267"}],"wp:term":[{"taxonomy":"product_brand","embeddable":true,"href":"https:\/\/www.guerini.it\/index.php\/wp-json\/wp\/v2\/product_brand?post=16267"},{"taxonomy":"product_cat","embeddable":true,"href":"https:\/\/www.guerini.it\/index.php\/wp-json\/wp\/v2\/product_cat?post=16267"},{"taxonomy":"product_tag","embeddable":true,"href":"https:\/\/www.guerini.it\/index.php\/wp-json\/wp\/v2\/product_tag?post=16267"}],"curies":[{"name":"wp","href":"https:\/\/api.w.org\/{rel}","templated":true}]}}

<p style="text-align: justify;">«Compie un azzardo chi predica certezze sulla portata dell’impatto di quanto è successo e ancora sta succedendo nel mondo in cui viviamo per effetto della rivoluzione digitale, interpretandolo dalla prospettiva del lavoro e delle professioni». Le conseguenze della rivoluzione digitale in ambito aziendale e il destino del lavoro nell’era della robotica sono le tematiche organizzative più attuali; eppure non vi sono ancora elementi sufficienti per tracciare un profilo definitivo e univoco della situazione. Lo studio di Marco Monga, che ben delinea la complessità dello scenario, affianca alla disamina degli argomenti legati all’intelligenza artificiale il tema dei Millenials e dei Nativi Digitali, del loro atteggiamento di fronte all’utilizzo delle tecnologie e della compresenza generazionale in azienda. Per poter comprendere gli scenari manageriali più probabili, è necessaria una maggiore integrazione tra il punto di vista più specificamente aziendale (espresso dai direttori del personale ma anche dalle organizzazioni sindacali e dai decisori politici) e gli studi dei neuroscienziati sulle dinamiche comportamentali implicate sia nella <em>digital transformation</em>, sia nel confronto tra generazioni e tra atteggiamenti differenti nei confronti del lavoro.</p>
<hr />
<p style="text-align: justify;"><strong>Marco Monga</strong>, direttore del personale presso l’Istituto Italiano di Tecnologia di Genova, si occupa, da oltre vent’anni, di risorse umane in diversi ambiti e contesti: dai servizi a rete e multiutility, al mondo degli intermediari finanziari, fino al manifatturiero. Consigliere di <span style="font-size: x-small;">AIDP</span>, è esperto in gestione del cambiamento, sviluppo organizzativo ed evoluzione digitale.</p>
<p>&nbsp;</p>

<p style="text-align: justify;">«Compie un azzardo chi predica certezze sulla portata dell’impatto di quanto è successo e ancora sta succedendo nel mondo in cui viviamo per effetto della rivoluzione digitale, interpretandolo dalla prospettiva del lavoro e delle professioni». Le conseguenze della rivoluzione digitale in ambito aziendale e il destino del lavoro nell’era della robotica sono le tematiche organizzative più attuali; eppure non vi sono ancora elementi sufficienti per tracciare un profilo definitivo e univoco della situazione. Lo studio di Marco Monga, che ben delinea la complessità dello scenario, affianca alla disamina degli argomenti legati all’intelligenza artificiale il tema dei Millenials e dei Nativi Digitali, del loro atteggiamento di fronte all’utilizzo delle tecnologie e della compresenza generazionale in azienda. Per poter comprendere gli scenari manageriali più probabili, è necessaria una maggiore integrazione tra il punto di vista più specificamente aziendale (espresso dai direttori del personale ma anche dalle organizzazioni sindacali e dai decisori politici) e gli studi dei neuroscienziati sulle dinamiche comportamentali implicate sia nella <em>digital transformation</em>, sia nel confronto tra generazioni e tra atteggiamenti differenti nei confronti del lavoro.</p>
<p>&nbsp;</p>

<!-- This site is optimized with the Yoast SEO plugin v25.4 - https://yoast.com/wordpress/plugins/seo/ -->
<title>Nativi digitali - Guerini e Associati</title>
<meta name="robots" content="index, follow, max-snippet:-1, max-image-preview:large, max-video-preview:-1" />
<link rel="canonical" href="https://www.guerini.it/index.php/prodotto/nativi-digitali/" />
<meta property="og:locale" content="it_IT" />
<meta property="og:type" content="article" />
<meta property="og:title" content="Nativi digitali - Guerini e Associati" />
<meta property="og:description" content="«Compie un azzardo chi predica certezze sulla portata dell’impatto di quanto è successo e ancora sta succedendo nel mondo in cui viviamo per effetto della rivoluzione digitale, interpretandolo dalla prospettiva del lavoro e delle professioni». Le conseguenze della rivoluzione digitale in ambito aziendale e il destino del lavoro nell’era della robotica sono le tematiche organizzative più attuali; eppure non vi sono ancora elementi sufficienti per tracciare un profilo definitivo e univoco della situazione. Lo studio di Marco Monga, che ben delinea la complessità dello scenario, affianca alla disamina degli argomenti legati all’intelligenza artificiale il tema dei Millenials e dei Nativi Digitali, del loro atteggiamento di fronte all’utilizzo delle tecnologie e della compresenza generazionale in azienda. Per poter comprendere gli scenari manageriali più probabili, è necessaria una maggiore integrazione tra il punto di vista più specificamente aziendale (espresso dai direttori del personale ma anche dalle organizzazioni sindacali e dai decisori politici) e gli studi dei neuroscienziati sulle dinamiche comportamentali implicate sia nella digital transformation, sia nel confronto tra generazioni e tra atteggiamenti differenti nei confronti del lavoro. &nbsp;" />
<meta property="og:url" content="https://www.guerini.it/index.php/prodotto/nativi-digitali/" />
<meta property="og:site_name" content="Guerini e Associati" />
<meta property="article:modified_time" content="2024-06-12T12:39:05+00:00" />
<meta property="og:image" content="https://www.guerini.it/wp-content/uploads/2019/04/Cop.-Nativi-digitali-e1619602652260.jpg" />
	<meta property="og:image:width" content="233" />
	<meta property="og:image:height" content="350" />
	<meta property="og:image:type" content="image/jpeg" />
<meta name="twitter:card" content="summary_large_image" />
<meta name="twitter:label1" content="Tempo di lettura stimato" />
	<meta name="twitter:data1" content="2 minuti" />
<!-- / Yoast SEO plugin. -->

«Compie un azzardo chi predica certezze sulla portata dell’impatto di quanto è successo e ancora sta succedendo nel mondo in cui viviamo per effetto della rivoluzione digitale, interpretandolo dalla prospettiva del lavoro e delle professioni». Le conseguenze della rivoluzione digitale in ambito aziendale e il destino del lavoro nell’era della robotica sono le tematiche organizzative più attuali; eppure non vi sono ancora elementi sufficienti per tracciare un profilo definitivo e univoco della situazione. Lo studio di Marco Monga, che ben delinea la complessità dello scenario, affianca alla disamina degli argomenti legati all’intelligenza artificiale il tema dei Millenials e dei Nativi Digitali, del loro atteggiamento di fronte all’utilizzo delle tecnologie e della compresenza generazionale in azienda. Per poter comprendere gli scenari manageriali più probabili, è necessaria una maggiore integrazione tra il punto di vista più specificamente aziendale (espresso dai direttori del personale ma anche dalle organizzazioni sindacali e dai decisori politici) e gli studi dei neuroscienziati sulle dinamiche comportamentali implicate sia nella digital transformation, sia nel confronto tra generazioni e tra atteggiamenti differenti nei confronti del lavoro. &nbsp;

30 anni di libri, idee e libertà
