{"id":16281,"date":"2019-05-08T08:22:35","date_gmt":"2019-05-08T06:22:35","guid":{"rendered":"https:\/\/test.guerini.it\/?product=manuale-di-edutainment"},"modified":"2024-06-12T14:38:19","modified_gmt":"2024-06-12T12:38:19","slug":"manuale-di-edutainment","status":"publish","type":"product","link":"https:\/\/www.guerini.it\/index.php\/prodotto\/manuale-di-edutainment\/","title":{"rendered":"Manuale di edutainment"},"content":{"rendered":"<p style=\"text-align: center;\"><strong>In fondo cosa \u00e8 la vita se non uno dei giochi pi\u00f9 fantastici e rischiosi che si possano immaginare? <\/strong><br \/>\n<strong>Ogni mossa non \u00e8 ripetibile e ti lascia i segni per sempre. <\/strong><br \/>\n<strong>Inserire il gioco all\u2019interno di un business \u00e8 l\u2019azione pi\u00f9 seria che possiamo realizzare.<\/strong><\/p>\n<p style=\"text-align: justify;\">Affidarsi all\u2019immaginazione, leggere la realt\u00e0 con lenti originali per confrontare mondi eterogenei, aiuta ad interpretare la complessit\u00e0 con sguardo pi\u00f9 ampio.<br \/>\nQuesto vale anche nell\u2019ambito dell\u2019apprendimento, dove una prospettiva ludica affiancata a un contesto di acquisizione di conoscenza, potenzia le competenze e stimola il pensiero.<br \/>\nCrisi e incertezze, quarta rivoluzione industriale, modalit\u00e0 digitali, richiedono oggi un approccio formativo e un management lontano dai canoni della lezione frontale o dei metodi tradizionali che, per quanto consolidati, non riescono pi\u00f9 a rappresentare una realt\u00e0 sempre pi\u00f9 composita e articolata.<br \/>\nIader Giraldi, imprenditore della conoscenza, autore, regista teatrale e cinematografico, sceneggiatore e produttore di cinema, art director e consulente di marketing e comunicazione, propone, per la prima volta in Italia, una lettura dell\u2019Edutainment applicata al management e al design di esperienze. Forte di una storia decennale multidisciplinare, costruisce percorsi originali ed efficaci, applicabili alla comunicazione d\u2019impresa, all\u2019apprendimento formativo e al change management, offrendo al lettore racconti evocativi e spunti operativi concreti. Un metodo per chi vuole rivoluzionare il modo di costruire User &amp; Leraning Experience Design e per chi si accosta per la prima volta ai principi dell\u2019edutainment.<br \/>\n\u00abIn questo decimo anniversario mi \u00e8 stato chiesto di tentare la mappatura di questo metodo per poterlo condividere con tutti coloro che per passione, professione o anche caso, si trovano nella vita a dover trasferire ad altri conoscenza, comunicazione e futuro\u00bb.<\/p>\n<hr \/>\n<p style=\"text-align: justify;\"><strong>Iader Giraldi<\/strong> \u00e8 fondatore e CEO di Zeranta Edutainment srl. Imprenditore della conoscenza, autore, regista, produttore e direttore artistico \u00e8 specializzato nella consulenza, progettazione e ideazione di format per il training e il change management, educational museale e creazione di percorsi culturali. Dopo una laurea in legge e un master in psicologia del lavoro, da oltre 15 anni ricerca, produce e sviluppa format che utilizzano teatro, cinema, arte visiva digitale per la produzione di eventi, video e format di edutainment.<\/p>\n","protected":false},"excerpt":{"rendered":"<p>Affidarsi all\u2019immaginazione, leggere la realt\u00e0 con lenti originali per confrontare mondi eterogenei, aiuta ad interpretare la complessit\u00e0 con sguardo pi\u00f9 ampio.<br \/>\nQuesto vale anche nell\u2019ambito dell\u2019apprendimento, dove una prospettiva ludica affiancata a un contesto di acquisizione di conoscenza, potenzia le competenze e stimola il pensiero.<br \/>\nCrisi e incertezze, quarta rivoluzione industriale, modalit\u00e0 digitali, richiedono oggi un approccio formativo e un management lontano dai canoni della lezione frontale o dei metodi tradizionali che, per quanto consolidati, non riescono pi\u00f9 a rappresentare una realt\u00e0 sempre pi\u00f9 composita e articolata.<br \/>\nIader Giraldi, imprenditore della conoscenza, autore, regista teatrale e cinematografico, sceneggiatore e produttore di cinema, art director e consulente di marketing e comunicazione, propone, per la prima volta in Italia, una lettura dell\u2019Edutainment applicata al management e al design di esperienze. Forte di una storia decennale multidisciplinare, costruisce percorsi originali ed efficaci, applicabili alla comunicazione d\u2019impresa, all\u2019apprendimento formativo e al change management, offrendo al lettore racconti evocativi e spunti operativi concreti. Un metodo per chi vuole rivoluzionare il modo di costruire User &amp; Leraning Experience Design e per chi si accosta per la prima volta ai principi dell\u2019edutainment.<br \/>\n\u00abIn questo decimo anniversario mi \u00e8 stato chiesto di tentare la mappatura di questo metodo per poterlo condividere con tutti coloro che per passione, professione o anche caso, si trovano nella vita a dover trasferire ad altri conoscenza, comunicazione e futuro\u00bb.<\/p>\n","protected":false},"featured_media":16280,"template":"","meta":{"_editorskit_title_hidden":false,"_editorskit_reading_time":0,"_editorskit_is_block_options_detached":false,"_editorskit_block_options_position":"{}","_monsterinsights_skip_tracking":false,"_monsterinsights_sitenote_active":false,"_monsterinsights_sitenote_note":"","_monsterinsights_sitenote_category":0},"product_brand":[],"product_cat":[6805,8828,6529],"product_tag":[],"class_list":{"0":"post-16281","1":"product","2":"type-product","3":"status-publish","4":"has-post-thumbnail","6":"product_cat-guerini-next","7":"product_cat-persone-strumenti-e-organizzazioni","8":"product_cat-economia-e-management","9":"pa_fulfillment-default","10":"pa_guerini_amazon_link-https-www-amazon-it-edutainment-lapprendimento-divertente-organizzazioni-intelligenti-dp-8868962438","11":"pa_guerini_feltrinelli_link-https-www-lafeltrinelli-it-manuale-di-edutainment-perche-apprendimento-libro-iader-giraldi-e-9788868962432","12":"pa_guerini_ibs_link-https-www-ibs-it-manuale-di-edutainment-perche-apprendimento-libro-iader-giraldi-e-9788868962432","13":"pa_guerini_libruniver_link-https-www-libreriauniversitaria-it-manuale-edutainment-perche-apprendimento-divertente-libro-9788868962432","14":"pa_guerini_mondadori_link-https-www-mondadoristore-it-manuale-edutainment-perche-iader-giraldi-eai978886896243","16":"first","17":"instock","18":"sale","19":"shipping-taxable","20":"purchasable","21":"product-type-simple"},"yoast_head":"<!-- This site is optimized with the Yoast SEO plugin v25.4 - https:\/\/yoast.com\/wordpress\/plugins\/seo\/ -->\n<title>Manuale di edutainment - Guerini e Associati<\/title>\n<meta name=\"robots\" content=\"index, follow, max-snippet:-1, max-image-preview:large, max-video-preview:-1\" \/>\n<link rel=\"canonical\" href=\"https:\/\/www.guerini.it\/index.php\/prodotto\/manuale-di-edutainment\/\" \/>\n<meta property=\"og:locale\" content=\"it_IT\" \/>\n<meta property=\"og:type\" content=\"article\" \/>\n<meta property=\"og:title\" content=\"Manuale di edutainment - Guerini e Associati\" \/>\n<meta property=\"og:description\" content=\"Affidarsi all\u2019immaginazione, leggere la realt\u00e0 con lenti originali per confrontare mondi eterogenei, aiuta ad interpretare la complessit\u00e0 con sguardo pi\u00f9 ampio. Questo vale anche nell\u2019ambito dell\u2019apprendimento, dove una prospettiva ludica affiancata a un contesto di acquisizione di conoscenza, potenzia le competenze e stimola il pensiero. Crisi e incertezze, quarta rivoluzione industriale, modalit\u00e0 digitali, richiedono oggi un approccio formativo e un management lontano dai canoni della lezione frontale o dei metodi tradizionali che, per quanto consolidati, non riescono pi\u00f9 a rappresentare una realt\u00e0 sempre pi\u00f9 composita e articolata. Iader Giraldi, imprenditore della conoscenza, autore, regista teatrale e cinematografico, sceneggiatore e produttore di cinema, art director e consulente di marketing e comunicazione, propone, per la prima volta in Italia, una lettura dell\u2019Edutainment applicata al management e al design di esperienze. Forte di una storia decennale multidisciplinare, costruisce percorsi originali ed efficaci, applicabili alla comunicazione d\u2019impresa, all\u2019apprendimento formativo e al change management, offrendo al lettore racconti evocativi e spunti operativi concreti. Un metodo per chi vuole rivoluzionare il modo di costruire User &amp; Leraning Experience Design e per chi si accosta per la prima volta ai principi dell\u2019edutainment. \u00abIn questo decimo anniversario mi \u00e8 stato chiesto di tentare la mappatura di questo metodo per poterlo condividere con tutti coloro che per passione, professione o anche caso, si trovano nella vita a dover trasferire ad altri conoscenza, comunicazione e futuro\u00bb.\" \/>\n<meta property=\"og:url\" content=\"https:\/\/www.guerini.it\/index.php\/prodotto\/manuale-di-edutainment\/\" \/>\n<meta property=\"og:site_name\" content=\"Guerini e Associati\" \/>\n<meta property=\"article:modified_time\" content=\"2024-06-12T12:38:19+00:00\" \/>\n<meta property=\"og:image\" content=\"https:\/\/www.guerini.it\/wp-content\/uploads\/2019\/05\/manuale_di_edutainment_sito-e1664529663556.jpg\" \/>\n\t<meta property=\"og:image:width\" content=\"225\" \/>\n\t<meta property=\"og:image:height\" content=\"350\" \/>\n\t<meta property=\"og:image:type\" content=\"image\/jpeg\" \/>\n<meta name=\"twitter:card\" content=\"summary_large_image\" \/>\n<meta name=\"twitter:label1\" content=\"Tempo di lettura stimato\" \/>\n\t<meta name=\"twitter:data1\" content=\"2 minuti\" \/>\n<!-- \/ Yoast SEO plugin. -->","yoast_head_json":{"title":"Manuale di edutainment - Guerini e Associati","robots":{"index":"index","follow":"follow","max-snippet":"max-snippet:-1","max-image-preview":"max-image-preview:large","max-video-preview":"max-video-preview:-1"},"canonical":"https:\/\/www.guerini.it\/index.php\/prodotto\/manuale-di-edutainment\/","og_locale":"it_IT","og_type":"article","og_title":"Manuale di edutainment - Guerini e Associati","og_description":"Affidarsi all\u2019immaginazione, leggere la realt\u00e0 con lenti originali per confrontare mondi eterogenei, aiuta ad interpretare la complessit\u00e0 con sguardo pi\u00f9 ampio. Questo vale anche nell\u2019ambito dell\u2019apprendimento, dove una prospettiva ludica affiancata a un contesto di acquisizione di conoscenza, potenzia le competenze e stimola il pensiero. Crisi e incertezze, quarta rivoluzione industriale, modalit\u00e0 digitali, richiedono oggi un approccio formativo e un management lontano dai canoni della lezione frontale o dei metodi tradizionali che, per quanto consolidati, non riescono pi\u00f9 a rappresentare una realt\u00e0 sempre pi\u00f9 composita e articolata. Iader Giraldi, imprenditore della conoscenza, autore, regista teatrale e cinematografico, sceneggiatore e produttore di cinema, art director e consulente di marketing e comunicazione, propone, per la prima volta in Italia, una lettura dell\u2019Edutainment applicata al management e al design di esperienze. Forte di una storia decennale multidisciplinare, costruisce percorsi originali ed efficaci, applicabili alla comunicazione d\u2019impresa, all\u2019apprendimento formativo e al change management, offrendo al lettore racconti evocativi e spunti operativi concreti. Un metodo per chi vuole rivoluzionare il modo di costruire User &amp; Leraning Experience Design e per chi si accosta per la prima volta ai principi dell\u2019edutainment. \u00abIn questo decimo anniversario mi \u00e8 stato chiesto di tentare la mappatura di questo metodo per poterlo condividere con tutti coloro che per passione, professione o anche caso, si trovano nella vita a dover trasferire ad altri conoscenza, comunicazione e futuro\u00bb.","og_url":"https:\/\/www.guerini.it\/index.php\/prodotto\/manuale-di-edutainment\/","og_site_name":"Guerini e Associati","article_modified_time":"2024-06-12T12:38:19+00:00","og_image":[{"width":225,"height":350,"url":"https:\/\/www.guerini.it\/wp-content\/uploads\/2019\/05\/manuale_di_edutainment_sito-e1664529663556.jpg","type":"image\/jpeg"}],"twitter_card":"summary_large_image","twitter_misc":{"Tempo di lettura stimato":"2 minuti"},"schema":{"@context":"https:\/\/schema.org","@graph":[{"@type":"WebPage","@id":"https:\/\/www.guerini.it\/index.php\/prodotto\/manuale-di-edutainment\/","url":"https:\/\/www.guerini.it\/index.php\/prodotto\/manuale-di-edutainment\/","name":"Manuale di edutainment - Guerini e Associati","isPartOf":{"@id":"https:\/\/www.guerini.it\/#website"},"primaryImageOfPage":{"@id":"https:\/\/www.guerini.it\/index.php\/prodotto\/manuale-di-edutainment\/#primaryimage"},"image":{"@id":"https:\/\/www.guerini.it\/index.php\/prodotto\/manuale-di-edutainment\/#primaryimage"},"thumbnailUrl":"https:\/\/www.guerini.it\/wp-content\/uploads\/2019\/05\/manuale_di_edutainment_sito-e1664529663556.jpg","datePublished":"2019-05-08T06:22:35+00:00","dateModified":"2024-06-12T12:38:19+00:00","breadcrumb":{"@id":"https:\/\/www.guerini.it\/index.php\/prodotto\/manuale-di-edutainment\/#breadcrumb"},"inLanguage":"it-IT","potentialAction":[{"@type":"ReadAction","target":["https:\/\/www.guerini.it\/index.php\/prodotto\/manuale-di-edutainment\/"]}]},{"@type":"ImageObject","inLanguage":"it-IT","@id":"https:\/\/www.guerini.it\/index.php\/prodotto\/manuale-di-edutainment\/#primaryimage","url":"https:\/\/www.guerini.it\/wp-content\/uploads\/2019\/05\/manuale_di_edutainment_sito-e1664529663556.jpg","contentUrl":"https:\/\/www.guerini.it\/wp-content\/uploads\/2019\/05\/manuale_di_edutainment_sito-e1664529663556.jpg","width":225,"height":350,"caption":"Copertina del volume Manuale di edutainment"},{"@type":"BreadcrumbList","@id":"https:\/\/www.guerini.it\/index.php\/prodotto\/manuale-di-edutainment\/#breadcrumb","itemListElement":[{"@type":"ListItem","position":1,"name":"Home","item":"https:\/\/www.guerini.it\/"},{"@type":"ListItem","position":2,"name":"Catalogo","item":"https:\/\/www.guerini.it\/index.php\/negozio\/"},{"@type":"ListItem","position":3,"name":"Manuale di edutainment"}]},{"@type":"WebSite","@id":"https:\/\/www.guerini.it\/#website","url":"https:\/\/www.guerini.it\/","name":"Guerini e Associati","description":"30 anni di libri, idee e libert\u00e0","publisher":{"@id":"https:\/\/www.guerini.it\/#organization"},"potentialAction":[{"@type":"SearchAction","target":{"@type":"EntryPoint","urlTemplate":"https:\/\/www.guerini.it\/?s={search_term_string}"},"query-input":{"@type":"PropertyValueSpecification","valueRequired":true,"valueName":"search_term_string"}}],"inLanguage":"it-IT"},{"@type":"Organization","@id":"https:\/\/www.guerini.it\/#organization","name":"Guerini e Associati","url":"https:\/\/www.guerini.it\/","logo":{"@type":"ImageObject","inLanguage":"it-IT","@id":"https:\/\/www.guerini.it\/#\/schema\/logo\/image\/","url":"https:\/\/www.guerini.it\/wp-content\/uploads\/2021\/03\/Logo-Guerini-OK_-e1615831292285.png","contentUrl":"https:\/\/www.guerini.it\/wp-content\/uploads\/2021\/03\/Logo-Guerini-OK_-e1615831292285.png","width":2805,"height":1870,"caption":"Guerini e Associati"},"image":{"@id":"https:\/\/www.guerini.it\/#\/schema\/logo\/image\/"}}]}},"_links":{"self":[{"href":"https:\/\/www.guerini.it\/index.php\/wp-json\/wp\/v2\/product\/16281","targetHints":{"allow":["GET"]}}],"collection":[{"href":"https:\/\/www.guerini.it\/index.php\/wp-json\/wp\/v2\/product"}],"about":[{"href":"https:\/\/www.guerini.it\/index.php\/wp-json\/wp\/v2\/types\/product"}],"wp:featuredmedia":[{"embeddable":true,"href":"https:\/\/www.guerini.it\/index.php\/wp-json\/wp\/v2\/media\/16280"}],"wp:attachment":[{"href":"https:\/\/www.guerini.it\/index.php\/wp-json\/wp\/v2\/media?parent=16281"}],"wp:term":[{"taxonomy":"product_brand","embeddable":true,"href":"https:\/\/www.guerini.it\/index.php\/wp-json\/wp\/v2\/product_brand?post=16281"},{"taxonomy":"product_cat","embeddable":true,"href":"https:\/\/www.guerini.it\/index.php\/wp-json\/wp\/v2\/product_cat?post=16281"},{"taxonomy":"product_tag","embeddable":true,"href":"https:\/\/www.guerini.it\/index.php\/wp-json\/wp\/v2\/product_tag?post=16281"}],"curies":[{"name":"wp","href":"https:\/\/api.w.org\/{rel}","templated":true}]}}