{"id":16285,"date":"2019-05-08T09:27:06","date_gmt":"2019-05-08T07:27:06","guid":{"rendered":"https:\/\/test.guerini.it\/?product=posso-essere-felice"},"modified":"2024-06-12T14:40:47","modified_gmt":"2024-06-12T12:40:47","slug":"posso-essere-felice","status":"publish","type":"product","link":"https:\/\/www.guerini.it\/index.php\/prodotto\/posso-essere-felice\/","title":{"rendered":"Posso essere felice"},"content":{"rendered":"<p style=\"text-align: justify;\">Dove va la psicoterapia in un&#8217;epoca nella quale il singolo individuo vive la profonda contraddizione fra una globalizzazione massificante e la possibilit&agrave; sempre pi&ugrave; ampia di fare scelte individuali? Per rispondere a questo interrogativo, cruciale per il nostro tempo, l&#8217;autore indaga su come si pu&ograve; fare, oggi, una psicoterapia moderna basata sui concetti fondamentali per comprendere la propria identit&agrave;: felicit&agrave;, responsabilit&agrave;, autorealizzazione, emancipazione e comunit&agrave;.<br \/>Partendo da queste riflessioni Ullrich compie un percorso in cinque tappe per dimostrare come un individuo possa raggiungere la propria felicit&agrave; grazie al raggiungimento di un alto grado di autostima e a uno stile di comunicazione con i suoi simili che sia orientato alla comprensione reciproca. Il disegno di un&nbsp;&laquo;nuovo modo di stare nel mondo&raquo; della persona porta l&#8217;autore ad abbozzare una psicoterapia innovativa, fondata sulla costruzione di un vero e proprio personale &laquo;progetto di felicit&agrave;&raquo;.&nbsp;<\/p>\n<p style=\"text-align: justify;\"><strong>Wolfgang H. Ullrich<\/strong>, psicoterapeuta e formatore. Specializzato in terapia sistemica, della Gestalt e terapia mirata, ha svolto un&#8217;intensa attivit&agrave; di trainer e formatore in Germania, Austria e Svizzera, anche in ambito aziendale.<br \/>Attualmente lavora con il Centro Milanese di Terapia della Famiglia e collabora come didatta stabile nell&#8217;Istituto di Psicoterapia Sistemica Integrata (IDIPSI) di Parma e di Siracusa, dove si occupa soprattutto del tema del corpo nella psicoterapia e dello sviluppo di nuove forme di terapia comunitaria.<\/p>\n<p style=\"text-align: justify;\">&nbsp;<\/p>\n<p style=\"text-align: justify;\"><strong>Permalink:&nbsp;<a href=\"http:\/\/digital.casalini.it\/9788881953394\">http:\/\/digital.casalini.it\/9788881953394<\/a><\/strong><\/p>\n","protected":false},"excerpt":{"rendered":"<p>Dove va la psicoterapia in un&#8217;epoca nella quale il singolo individuo vive la profonda contraddizione fra una globalizzazione massificante e la possibilit\u00e0 sempre pi\u00f9 ampia di fare scelte individuali? Per rispondere a questo interrogativo, cruciale per il nostro tempo, l&#8217;autore indaga su come si pu\u00f2 fare, oggi, una psicoterapia moderna basata sui concetti fondamentali per comprendere la propria identit\u00e0: felicit\u00e0, responsabilit\u00e0, autorealizzazione, emancipazione e comunit\u00e0.<br \/>\nPartendo da queste riflessioni Ullrich compie un percorso in cinque tappe per dimostrare come un individuo possa raggiungere la propria felicit\u00e0 grazie al raggiungimento di un alto grado di autostima e a uno stile di comunicazione con i suoi simili che sia orientato alla comprensione reciproca. Il disegno di un \u00abnuovo modo di stare nel mondo\u00bb della persona porta l&#8217;autore ad abbozzare una psicoterapia innovativa, fondata sulla costruzione di un vero e proprio personale \u00abprogetto di felicit\u00e0\u00bb. <\/p>\n","protected":false},"featured_media":16284,"template":"","meta":{"_editorskit_title_hidden":false,"_editorskit_reading_time":0,"_editorskit_is_block_options_detached":false,"_editorskit_block_options_position":"{}","_monsterinsights_skip_tracking":false,"_monsterinsights_sitenote_active":false,"_monsterinsights_sitenote_note":"","_monsterinsights_sitenote_category":0},"product_brand":[],"product_cat":[6536],"product_tag":[],"class_list":{"0":"post-16285","1":"product","2":"type-product","3":"status-publish","4":"has-post-thumbnail","6":"product_cat-psicologia-pedagogia","7":"pa_fulfillment-default","8":"pa_guerini_amazon_link-62-httpswwwamazonitfelice_aut","9":"pa_guerini_ibs_link-bf-httpswwwibsitposso_essere_","10":"pa_guerini_link_amazon-httpswwwamazonitdpb07rrrqdnn","11":"pa_guerini_link_apple_ibook-3e-httpsbooksapplecomitbookpo","12":"pa_guerini_link_bookrepublic-07-httpswwwbookrepublicitbook","13":"pa_guerini_link_google_play-f2-httpsplaygooglecomstoreboo","14":"pa_guerini_link_ibs-70-httpswwwkobocomititebookpo","15":"pa_guerini_link_kobo-70-httpswwwkobocomititebookpo","16":"pa_guerini_link_mondadori-56-httpswwwmondadoristoreitpo","17":"pa_guerini_link_rizzoli-de-httpswwwlibreriarizzoliitp","18":"pa_guerini_mondadori_link-25-httpswwwmondadoristoreitpo","20":"first","21":"instock","22":"sale","23":"shipping-taxable","24":"purchasable","25":"product-type-simple"},"yoast_head":"<!-- This site is optimized with the Yoast SEO plugin v25.4 - https:\/\/yoast.com\/wordpress\/plugins\/seo\/ -->\n<title>Posso essere felice - Guerini e Associati<\/title>\n<meta name=\"robots\" content=\"index, follow, max-snippet:-1, max-image-preview:large, max-video-preview:-1\" \/>\n<link rel=\"canonical\" href=\"https:\/\/www.guerini.it\/index.php\/prodotto\/posso-essere-felice\/\" \/>\n<meta property=\"og:locale\" content=\"it_IT\" \/>\n<meta property=\"og:type\" content=\"article\" \/>\n<meta property=\"og:title\" content=\"Posso essere felice - Guerini e Associati\" \/>\n<meta property=\"og:description\" content=\"Dove va la psicoterapia in un&#039;epoca nella quale il singolo individuo vive la profonda contraddizione fra una globalizzazione massificante e la possibilit\u00e0 sempre pi\u00f9 ampia di fare scelte individuali? Per rispondere a questo interrogativo, cruciale per il nostro tempo, l&#039;autore indaga su come si pu\u00f2 fare, oggi, una psicoterapia moderna basata sui concetti fondamentali per comprendere la propria identit\u00e0: felicit\u00e0, responsabilit\u00e0, autorealizzazione, emancipazione e comunit\u00e0. Partendo da queste riflessioni Ullrich compie un percorso in cinque tappe per dimostrare come un individuo possa raggiungere la propria felicit\u00e0 grazie al raggiungimento di un alto grado di autostima e a uno stile di comunicazione con i suoi simili che sia orientato alla comprensione reciproca. Il disegno di un \u00abnuovo modo di stare nel mondo\u00bb della persona porta l&#039;autore ad abbozzare una psicoterapia innovativa, fondata sulla costruzione di un vero e proprio personale \u00abprogetto di felicit\u00e0\u00bb.\" \/>\n<meta property=\"og:url\" content=\"https:\/\/www.guerini.it\/index.php\/prodotto\/posso-essere-felice\/\" \/>\n<meta property=\"og:site_name\" content=\"Guerini e Associati\" \/>\n<meta property=\"article:modified_time\" content=\"2024-06-12T12:40:47+00:00\" \/>\n<meta property=\"og:image\" content=\"https:\/\/www.guerini.it\/wp-content\/uploads\/2019\/05\/posso_essere_felice_sito.jpg\" \/>\n\t<meta property=\"og:image:width\" content=\"234\" \/>\n\t<meta property=\"og:image:height\" content=\"353\" \/>\n\t<meta property=\"og:image:type\" content=\"image\/jpeg\" \/>\n<meta name=\"twitter:card\" content=\"summary_large_image\" \/>\n<meta name=\"twitter:label1\" content=\"Tempo di lettura stimato\" \/>\n\t<meta name=\"twitter:data1\" content=\"1 minuto\" \/>\n<!-- \/ Yoast SEO plugin. -->","yoast_head_json":{"title":"Posso essere felice - Guerini e Associati","robots":{"index":"index","follow":"follow","max-snippet":"max-snippet:-1","max-image-preview":"max-image-preview:large","max-video-preview":"max-video-preview:-1"},"canonical":"https:\/\/www.guerini.it\/index.php\/prodotto\/posso-essere-felice\/","og_locale":"it_IT","og_type":"article","og_title":"Posso essere felice - Guerini e Associati","og_description":"Dove va la psicoterapia in un'epoca nella quale il singolo individuo vive la profonda contraddizione fra una globalizzazione massificante e la possibilit\u00e0 sempre pi\u00f9 ampia di fare scelte individuali? Per rispondere a questo interrogativo, cruciale per il nostro tempo, l'autore indaga su come si pu\u00f2 fare, oggi, una psicoterapia moderna basata sui concetti fondamentali per comprendere la propria identit\u00e0: felicit\u00e0, responsabilit\u00e0, autorealizzazione, emancipazione e comunit\u00e0. Partendo da queste riflessioni Ullrich compie un percorso in cinque tappe per dimostrare come un individuo possa raggiungere la propria felicit\u00e0 grazie al raggiungimento di un alto grado di autostima e a uno stile di comunicazione con i suoi simili che sia orientato alla comprensione reciproca. Il disegno di un \u00abnuovo modo di stare nel mondo\u00bb della persona porta l'autore ad abbozzare una psicoterapia innovativa, fondata sulla costruzione di un vero e proprio personale \u00abprogetto di felicit\u00e0\u00bb.","og_url":"https:\/\/www.guerini.it\/index.php\/prodotto\/posso-essere-felice\/","og_site_name":"Guerini e Associati","article_modified_time":"2024-06-12T12:40:47+00:00","og_image":[{"width":234,"height":353,"url":"https:\/\/www.guerini.it\/wp-content\/uploads\/2019\/05\/posso_essere_felice_sito.jpg","type":"image\/jpeg"}],"twitter_card":"summary_large_image","twitter_misc":{"Tempo di lettura stimato":"1 minuto"},"schema":{"@context":"https:\/\/schema.org","@graph":[{"@type":"WebPage","@id":"https:\/\/www.guerini.it\/index.php\/prodotto\/posso-essere-felice\/","url":"https:\/\/www.guerini.it\/index.php\/prodotto\/posso-essere-felice\/","name":"Posso essere felice - Guerini e Associati","isPartOf":{"@id":"https:\/\/www.guerini.it\/#website"},"primaryImageOfPage":{"@id":"https:\/\/www.guerini.it\/index.php\/prodotto\/posso-essere-felice\/#primaryimage"},"image":{"@id":"https:\/\/www.guerini.it\/index.php\/prodotto\/posso-essere-felice\/#primaryimage"},"thumbnailUrl":"https:\/\/www.guerini.it\/wp-content\/uploads\/2019\/05\/posso_essere_felice_sito.jpg","datePublished":"2019-05-08T07:27:06+00:00","dateModified":"2024-06-12T12:40:47+00:00","breadcrumb":{"@id":"https:\/\/www.guerini.it\/index.php\/prodotto\/posso-essere-felice\/#breadcrumb"},"inLanguage":"it-IT","potentialAction":[{"@type":"ReadAction","target":["https:\/\/www.guerini.it\/index.php\/prodotto\/posso-essere-felice\/"]}]},{"@type":"ImageObject","inLanguage":"it-IT","@id":"https:\/\/www.guerini.it\/index.php\/prodotto\/posso-essere-felice\/#primaryimage","url":"https:\/\/www.guerini.it\/wp-content\/uploads\/2019\/05\/posso_essere_felice_sito.jpg","contentUrl":"https:\/\/www.guerini.it\/wp-content\/uploads\/2019\/05\/posso_essere_felice_sito.jpg","width":234,"height":353,"caption":"Posso essere felice"},{"@type":"BreadcrumbList","@id":"https:\/\/www.guerini.it\/index.php\/prodotto\/posso-essere-felice\/#breadcrumb","itemListElement":[{"@type":"ListItem","position":1,"name":"Home","item":"https:\/\/www.guerini.it\/"},{"@type":"ListItem","position":2,"name":"Catalogo","item":"https:\/\/www.guerini.it\/index.php\/negozio\/"},{"@type":"ListItem","position":3,"name":"Posso essere felice"}]},{"@type":"WebSite","@id":"https:\/\/www.guerini.it\/#website","url":"https:\/\/www.guerini.it\/","name":"Guerini e Associati","description":"30 anni di libri, idee e libert\u00e0","publisher":{"@id":"https:\/\/www.guerini.it\/#organization"},"potentialAction":[{"@type":"SearchAction","target":{"@type":"EntryPoint","urlTemplate":"https:\/\/www.guerini.it\/?s={search_term_string}"},"query-input":{"@type":"PropertyValueSpecification","valueRequired":true,"valueName":"search_term_string"}}],"inLanguage":"it-IT"},{"@type":"Organization","@id":"https:\/\/www.guerini.it\/#organization","name":"Guerini e Associati","url":"https:\/\/www.guerini.it\/","logo":{"@type":"ImageObject","inLanguage":"it-IT","@id":"https:\/\/www.guerini.it\/#\/schema\/logo\/image\/","url":"https:\/\/www.guerini.it\/wp-content\/uploads\/2021\/03\/Logo-Guerini-OK_-e1615831292285.png","contentUrl":"https:\/\/www.guerini.it\/wp-content\/uploads\/2021\/03\/Logo-Guerini-OK_-e1615831292285.png","width":2805,"height":1870,"caption":"Guerini e Associati"},"image":{"@id":"https:\/\/www.guerini.it\/#\/schema\/logo\/image\/"}}]}},"_links":{"self":[{"href":"https:\/\/www.guerini.it\/index.php\/wp-json\/wp\/v2\/product\/16285","targetHints":{"allow":["GET"]}}],"collection":[{"href":"https:\/\/www.guerini.it\/index.php\/wp-json\/wp\/v2\/product"}],"about":[{"href":"https:\/\/www.guerini.it\/index.php\/wp-json\/wp\/v2\/types\/product"}],"wp:featuredmedia":[{"embeddable":true,"href":"https:\/\/www.guerini.it\/index.php\/wp-json\/wp\/v2\/media\/16284"}],"wp:attachment":[{"href":"https:\/\/www.guerini.it\/index.php\/wp-json\/wp\/v2\/media?parent=16285"}],"wp:term":[{"taxonomy":"product_brand","embeddable":true,"href":"https:\/\/www.guerini.it\/index.php\/wp-json\/wp\/v2\/product_brand?post=16285"},{"taxonomy":"product_cat","embeddable":true,"href":"https:\/\/www.guerini.it\/index.php\/wp-json\/wp\/v2\/product_cat?post=16285"},{"taxonomy":"product_tag","embeddable":true,"href":"https:\/\/www.guerini.it\/index.php\/wp-json\/wp\/v2\/product_tag?post=16285"}],"curies":[{"name":"wp","href":"https:\/\/api.w.org\/{rel}","templated":true}]}}