{"id":16313,"date":"2019-06-27T12:11:13","date_gmt":"2019-06-27T10:11:13","guid":{"rendered":"https:\/\/test.guerini.it\/?product=il-viaggio-dell-ingegner-terrone-2"},"modified":"2024-06-12T14:41:28","modified_gmt":"2024-06-12T12:41:28","slug":"il-viaggio-dell-ingegner-terrone-2","status":"publish","type":"product","link":"https:\/\/www.guerini.it\/index.php\/prodotto\/il-viaggio-dell-ingegner-terrone-2\/","title":{"rendered":"Il viaggio dell&#8217;ingegner Terrone"},"content":{"rendered":"<p style=\"text-align: justify;\">Il successo di Matteo Salvini alle elezioni europee, seguito a quello delle politiche del 2018, ha di fatto cancellato la vecchia Lega Nord di Umberto Bossi. I brillanti risultati elettorali hanno confermato che il movimento leghista non \u00e8 pi\u00f9 confinato geograficamente. La Lega, oltre ad abolire la parola \u00abnord\u00bb, si \u00e8 adeguata a questa nuova politica anche negli slogan: \u00abPrima il nord\u00bb \u00e8 stato sostituito, in polemica con Bruxelles, con \u00abPrima gli italiani\u00bb. Non si parla quasi pi\u00f9 di razzismo nei confronti dei \u00abterroni\u00bb, cio\u00e8 dei cittadini che arrivavano, dagli anni \u201960 in poi, con i treni della speranza nelle regioni del nord, come disperati in cerca di lavoro e di una vita migliore. Uno di questi, negli anni Novanta, era Francesco Terrone, ingegnere laureato alla Federico II di Napoli. Il giovane, di Mercato San Severino (Salerno) arrivato a Lecco, \u00e8 stato vittima della xenofobia di alcuni imprenditori. I pregiudizi, figli di quella cultura razzista, finirono col prevalere solo per via di un cognome diffuso nel sud, ma che in Lombardia si pronuncia ter\u00f9n, in senso dispregiativo. \u00c8 giusto, quindi, ricordare da dove si \u00e8 partiti e ricostruire cos\u00ec &#8211; seguendo le vicende di questa storia esemplare &#8211; \u00abcome eravamo\u00bb, per constatare e riflettere sull\u2019evoluzione culturale del nostro Paese. Terrone, addolorato per quella scioccante esperienza, ha trovato la forza di tornare nella sua terra, dove con altri giovani coraggiosi \u00e8 riuscito a realizzare un\u2019azienda di servizi di dimensioni nazionali. Una sfida coronata dal successo, che continua ancora oggi, nello scenario di una questione meridionale irrisolta dopo centocinquant\u2019anni di investimenti sbagliati, polemiche e politiche assistenziali che hanno finito col favorire sottosviluppo e criminalit\u00e0 organizzata.<\/p>\n<p style=\"text-align: justify;\"><strong>ALDO FORBICE<\/strong>, giornalista e scrittore. Ha curato e diretto per oltre 18 anni il popolare programma di approfondimento quotidiano di Rai Radio Uno, \u00abZapping\u00bb, nel quale ha promosso numerose campagne sui diritti umani. \u00c8 stato vicedirettore del Giornale Radio, caporedattore del Tg1 e autore d iinchieste e rubriche per Rai Due. Ha scritto circa 60 saggi su temi sociali, politici e umanitari che gli sono valsi \u2013 insieme alla sua attivit\u00e0 di giornalista\u2013 quasi 200 riconoscimenti, fra cui l\u2019Echo dell\u2019Unione europea, il Saint Vincent, il Montanelli, il Premio Ischia e il Silone. Ha insegnato per diversi anni giornalismo all\u2019Universit\u00e0 La Sapienza di Roma e all\u2019Universit\u00e0 di Teramo. Il presidente Carlo Azeglio Ciampi lo ha insignito del titolo di Commendatore della Repubblica peri suoi meriti nel giornalismo e per il suo impegno nel campo dei diritti umani. Collabora come editorialista e giornalista d\u2019inchiesta per diversi quotidiani.<\/p>\n","protected":false},"excerpt":{"rendered":"<p style=\"text-align: justify;\">\u00c8 la storia di un imprenditore meridionale controcorrente, che ha vissuto sulla propria pelle le difficolt\u00e0 dell\u2019emigrazione, del sottosviluppo del sud, e della lotta alla criminalit\u00e0 organizzata. Una battaglia sostenuta dalle recenti strategie dello Stato e dall\u2019impegno delle nuove generazioni di imprenditori che si ribellano alle mafie. L\u2019ingegner Terrone \u00e8 uno di quei \u00abfigli del sud\u00bb che si \u00e8 impegnato coraggiosamente a realizzare un\u2019impresa in grado di creare posti di lavoro per i giovani, senza il sostegno di contributi a fondo perduto e finanziamenti agevolati.<\/p>\n","protected":false},"featured_media":16312,"template":"","meta":{"_editorskit_title_hidden":false,"_editorskit_reading_time":0,"_editorskit_is_block_options_detached":false,"_editorskit_block_options_position":"{}","_monsterinsights_skip_tracking":false,"_monsterinsights_sitenote_active":false,"_monsterinsights_sitenote_note":"","_monsterinsights_sitenote_category":0},"product_brand":[],"product_cat":[6527],"product_tag":[],"class_list":{"0":"post-16313","1":"product","2":"type-product","3":"status-publish","4":"has-post-thumbnail","6":"product_cat-attualita","7":"pa_fulfillment-default","8":"pa_guerini_amazon_link-02-httpswwwamazonitdellingegn","9":"pa_guerini_feltrinelli_link-15-httpswwwlafeltrinelliitlib","10":"pa_guerini_ibs_link-58-httpswwwibsitviaggio_dell_","11":"pa_guerini_libruniver_link-93-httpswwwlibreriauniversita","13":"first","14":"instock","15":"sale","16":"shipping-taxable","17":"purchasable","18":"product-type-simple"},"yoast_head":"<!-- This site is optimized with the Yoast SEO plugin v25.4 - https:\/\/yoast.com\/wordpress\/plugins\/seo\/ -->\n<title>Il viaggio dell&#039;ingegner Terrone - Guerini e Associati<\/title>\n<meta name=\"robots\" content=\"index, follow, max-snippet:-1, max-image-preview:large, max-video-preview:-1\" \/>\n<link rel=\"canonical\" href=\"https:\/\/www.guerini.it\/index.php\/prodotto\/il-viaggio-dell-ingegner-terrone-2\/\" \/>\n<meta property=\"og:locale\" content=\"it_IT\" \/>\n<meta property=\"og:type\" content=\"article\" \/>\n<meta property=\"og:title\" content=\"Il viaggio dell&#039;ingegner Terrone - Guerini e Associati\" \/>\n<meta property=\"og:description\" content=\"\u00c8 la storia di un imprenditore meridionale controcorrente, che ha vissuto sulla propria pelle le difficolt\u00e0 dell\u2019emigrazione, del sottosviluppo del sud, e della lotta alla criminalit\u00e0 organizzata. Una battaglia sostenuta dalle recenti strategie dello Stato e dall\u2019impegno delle nuove generazioni di imprenditori che si ribellano alle mafie. L\u2019ingegner Terrone \u00e8 uno di quei \u00abfigli del sud\u00bb che si \u00e8 impegnato coraggiosamente a realizzare un\u2019impresa in grado di creare posti di lavoro per i giovani, senza il sostegno di contributi a fondo perduto e finanziamenti agevolati.\" \/>\n<meta property=\"og:url\" content=\"https:\/\/www.guerini.it\/index.php\/prodotto\/il-viaggio-dell-ingegner-terrone-2\/\" \/>\n<meta property=\"og:site_name\" content=\"Guerini e Associati\" \/>\n<meta property=\"article:modified_time\" content=\"2024-06-12T12:41:28+00:00\" \/>\n<meta property=\"og:image\" content=\"https:\/\/www.guerini.it\/wp-content\/uploads\/2019\/06\/viaggio_dell_ing._terrone_sito.jpg\" \/>\n\t<meta property=\"og:image:width\" content=\"236\" \/>\n\t<meta property=\"og:image:height\" content=\"353\" \/>\n\t<meta property=\"og:image:type\" content=\"image\/jpeg\" \/>\n<meta name=\"twitter:card\" content=\"summary_large_image\" \/>\n<meta name=\"twitter:label1\" content=\"Tempo di lettura stimato\" \/>\n\t<meta name=\"twitter:data1\" content=\"3 minuti\" \/>\n<!-- \/ Yoast SEO plugin. -->","yoast_head_json":{"title":"Il viaggio dell'ingegner Terrone - Guerini e Associati","robots":{"index":"index","follow":"follow","max-snippet":"max-snippet:-1","max-image-preview":"max-image-preview:large","max-video-preview":"max-video-preview:-1"},"canonical":"https:\/\/www.guerini.it\/index.php\/prodotto\/il-viaggio-dell-ingegner-terrone-2\/","og_locale":"it_IT","og_type":"article","og_title":"Il viaggio dell'ingegner Terrone - Guerini e Associati","og_description":"\u00c8 la storia di un imprenditore meridionale controcorrente, che ha vissuto sulla propria pelle le difficolt\u00e0 dell\u2019emigrazione, del sottosviluppo del sud, e della lotta alla criminalit\u00e0 organizzata. Una battaglia sostenuta dalle recenti strategie dello Stato e dall\u2019impegno delle nuove generazioni di imprenditori che si ribellano alle mafie. L\u2019ingegner Terrone \u00e8 uno di quei \u00abfigli del sud\u00bb che si \u00e8 impegnato coraggiosamente a realizzare un\u2019impresa in grado di creare posti di lavoro per i giovani, senza il sostegno di contributi a fondo perduto e finanziamenti agevolati.","og_url":"https:\/\/www.guerini.it\/index.php\/prodotto\/il-viaggio-dell-ingegner-terrone-2\/","og_site_name":"Guerini e Associati","article_modified_time":"2024-06-12T12:41:28+00:00","og_image":[{"width":236,"height":353,"url":"https:\/\/www.guerini.it\/wp-content\/uploads\/2019\/06\/viaggio_dell_ing._terrone_sito.jpg","type":"image\/jpeg"}],"twitter_card":"summary_large_image","twitter_misc":{"Tempo di lettura stimato":"3 minuti"},"schema":{"@context":"https:\/\/schema.org","@graph":[{"@type":"WebPage","@id":"https:\/\/www.guerini.it\/index.php\/prodotto\/il-viaggio-dell-ingegner-terrone-2\/","url":"https:\/\/www.guerini.it\/index.php\/prodotto\/il-viaggio-dell-ingegner-terrone-2\/","name":"Il viaggio dell'ingegner Terrone - Guerini e Associati","isPartOf":{"@id":"https:\/\/www.guerini.it\/#website"},"primaryImageOfPage":{"@id":"https:\/\/www.guerini.it\/index.php\/prodotto\/il-viaggio-dell-ingegner-terrone-2\/#primaryimage"},"image":{"@id":"https:\/\/www.guerini.it\/index.php\/prodotto\/il-viaggio-dell-ingegner-terrone-2\/#primaryimage"},"thumbnailUrl":"https:\/\/www.guerini.it\/wp-content\/uploads\/2019\/06\/viaggio_dell_ing._terrone_sito.jpg","datePublished":"2019-06-27T10:11:13+00:00","dateModified":"2024-06-12T12:41:28+00:00","breadcrumb":{"@id":"https:\/\/www.guerini.it\/index.php\/prodotto\/il-viaggio-dell-ingegner-terrone-2\/#breadcrumb"},"inLanguage":"it-IT","potentialAction":[{"@type":"ReadAction","target":["https:\/\/www.guerini.it\/index.php\/prodotto\/il-viaggio-dell-ingegner-terrone-2\/"]}]},{"@type":"ImageObject","inLanguage":"it-IT","@id":"https:\/\/www.guerini.it\/index.php\/prodotto\/il-viaggio-dell-ingegner-terrone-2\/#primaryimage","url":"https:\/\/www.guerini.it\/wp-content\/uploads\/2019\/06\/viaggio_dell_ing._terrone_sito.jpg","contentUrl":"https:\/\/www.guerini.it\/wp-content\/uploads\/2019\/06\/viaggio_dell_ing._terrone_sito.jpg","width":236,"height":353,"caption":"Il viaggio dell'ingegner Terrone"},{"@type":"BreadcrumbList","@id":"https:\/\/www.guerini.it\/index.php\/prodotto\/il-viaggio-dell-ingegner-terrone-2\/#breadcrumb","itemListElement":[{"@type":"ListItem","position":1,"name":"Home","item":"https:\/\/www.guerini.it\/"},{"@type":"ListItem","position":2,"name":"Catalogo","item":"https:\/\/www.guerini.it\/index.php\/negozio\/"},{"@type":"ListItem","position":3,"name":"Il viaggio dell&#8217;ingegner Terrone"}]},{"@type":"WebSite","@id":"https:\/\/www.guerini.it\/#website","url":"https:\/\/www.guerini.it\/","name":"Guerini e Associati","description":"30 anni di libri, idee e libert\u00e0","publisher":{"@id":"https:\/\/www.guerini.it\/#organization"},"potentialAction":[{"@type":"SearchAction","target":{"@type":"EntryPoint","urlTemplate":"https:\/\/www.guerini.it\/?s={search_term_string}"},"query-input":{"@type":"PropertyValueSpecification","valueRequired":true,"valueName":"search_term_string"}}],"inLanguage":"it-IT"},{"@type":"Organization","@id":"https:\/\/www.guerini.it\/#organization","name":"Guerini e Associati","url":"https:\/\/www.guerini.it\/","logo":{"@type":"ImageObject","inLanguage":"it-IT","@id":"https:\/\/www.guerini.it\/#\/schema\/logo\/image\/","url":"https:\/\/www.guerini.it\/wp-content\/uploads\/2021\/03\/Logo-Guerini-OK_-e1615831292285.png","contentUrl":"https:\/\/www.guerini.it\/wp-content\/uploads\/2021\/03\/Logo-Guerini-OK_-e1615831292285.png","width":2805,"height":1870,"caption":"Guerini e Associati"},"image":{"@id":"https:\/\/www.guerini.it\/#\/schema\/logo\/image\/"}}]}},"_links":{"self":[{"href":"https:\/\/www.guerini.it\/index.php\/wp-json\/wp\/v2\/product\/16313","targetHints":{"allow":["GET"]}}],"collection":[{"href":"https:\/\/www.guerini.it\/index.php\/wp-json\/wp\/v2\/product"}],"about":[{"href":"https:\/\/www.guerini.it\/index.php\/wp-json\/wp\/v2\/types\/product"}],"wp:featuredmedia":[{"embeddable":true,"href":"https:\/\/www.guerini.it\/index.php\/wp-json\/wp\/v2\/media\/16312"}],"wp:attachment":[{"href":"https:\/\/www.guerini.it\/index.php\/wp-json\/wp\/v2\/media?parent=16313"}],"wp:term":[{"taxonomy":"product_brand","embeddable":true,"href":"https:\/\/www.guerini.it\/index.php\/wp-json\/wp\/v2\/product_brand?post=16313"},{"taxonomy":"product_cat","embeddable":true,"href":"https:\/\/www.guerini.it\/index.php\/wp-json\/wp\/v2\/product_cat?post=16313"},{"taxonomy":"product_tag","embeddable":true,"href":"https:\/\/www.guerini.it\/index.php\/wp-json\/wp\/v2\/product_tag?post=16313"}],"curies":[{"name":"wp","href":"https:\/\/api.w.org\/{rel}","templated":true}]}}