{"id":16334,"date":"2019-09-02T10:53:30","date_gmt":"2019-09-02T08:53:30","guid":{"rendered":"https:\/\/test.guerini.it\/?product=milano-dalla-a-alla-z"},"modified":"2024-06-12T14:40:36","modified_gmt":"2024-06-12T12:40:36","slug":"milano-dalla-a-alla-z","status":"publish","type":"product","link":"https:\/\/www.guerini.it\/index.php\/prodotto\/milano-dalla-a-alla-z\/","title":{"rendered":"Milano dalla A alla Z"},"content":{"rendered":"<p style=\"text-align: justify;\"><strong>MILANO DALLA A ALLA Z<\/strong> \u00e8 un percorso di accompagnamento alla conoscenza della citt\u00e0 e del territorio, destinato principalmente a giovani e adulti migranti debolmente scolarizzati. Ci\u00f2 non esclude che possa essere proposto ad apprendenti, alfabetizzati in L1, che intendano appropriarsi in modo veloce e sintetico di alcuni elementi storico culturali relativi al nuovo contesto di vita. I contenuti proposti, che riguardano la citt\u00e0 di Milano, sono articolati in 9 unit\u00e0, seguite da alcune attivit\u00e0 ludiche e da un alfabetiere civico che svolgono funzione di sintesi e rinforzo di quanto appreso in precedenza.<br \/>\n<em>Milano dalla A alla Z<\/em> \u00e8 una proposta \u00abaperta\u00bb che intende offrire concretamente strumenti di base per l\u2019inclusione: la conoscenza della citt\u00e0 e del territorio, nei loro tratti essenziali, come strada possibile per costruire nuovi legami e nuovi riferimenti identitari; una proposta propedeutica all\u2019esercizio di una con-cittadinanza attiva.<\/p>\n<hr \/>\n<p style=\"text-align: justify;\"><strong>Annita Veneri<\/strong> \u00e8 docente di italiano L2. Ha collaborato a numerosi progetti per l\u2019integrazione dei cittadini stranieri; ha svolto attivit\u00e0 di formatrice, dedicandosi in particolare ai bisogni delle donne migranti. \u00c8 coautrice e autrice di testi per l\u2019insegnamento dell\u2019italiano L2. Per le nostre edizioni ha pubblicato <a href=\"https:\/\/www.guerini.it\/index.php\/prodotto\/l-italiano-con-naima\/\"><em>L\u2019italiano con Naima<\/em><\/a> (2005).<\/p>\n<p style=\"text-align: justify;\"><strong>Milena Angius <\/strong>\u00e8 docente di italiano L2 e formatrice in didattica dell\u2019italiano lingua seconda e in educazione interculturale. Ha lavorato presso vari enti, tra cui il Centro COME di Milano, in progetti destinati a bambini, ragazzi e adulti migranti. \u00c8 coautrice di alcuni manuali di italiano L2.<\/p>\n","protected":false},"excerpt":{"rendered":"<p style=\"text-align: justify;\"><em>Milano dalla A alla Z<\/em> \u00e8 un percorso di accompagnamento alla conoscenza della citt\u00e0 e del territorio, destinato principalmente a giovani e adulti migranti debolmente scolarizzati. Ci\u00f2 non esclude che possa essere proposto ad apprendenti, alfabetizzati in L1, che intendano appropriarsi in modo veloce e sintetico di alcuni elementi storico culturali relativi al nuovo contesto di vita. I contenuti proposti, che riguardano la citt\u00e0 di Milano, sono articolati in 9 unit\u00e0, seguite da alcune attivit\u00e0 ludiche e da un alfabetiere civico che svolgono funzione di sintesi e rinforzo di quanto appreso in precedenza. <em>Milano dalla A alla Z <\/em>\u00e8 una proposta \u00abaperta\u00bb che intende offrire concretamente strumenti di base per l\u2019inclusione: la conoscenza della citt\u00e0 e del territorio, nei loro tratti essenziali, come strada possibile per costruire nuovi legami e nuovi riferimenti identitari; una proposta propedeutica all\u2019esercizio di una con-cittadinanza attiva.<\/p>\n","protected":false},"featured_media":23733,"template":"","meta":{"_editorskit_title_hidden":false,"_editorskit_reading_time":0,"_editorskit_is_block_options_detached":false,"_editorskit_block_options_position":"{}","_monsterinsights_skip_tracking":false,"_monsterinsights_sitenote_active":false,"_monsterinsights_sitenote_note":"","_monsterinsights_sitenote_category":0},"product_brand":[],"product_cat":[6531],"product_tag":[6819,10699,7067,6863,10698,6790,9893],"class_list":{"0":"post-16334","1":"product","2":"type-product","3":"status-publish","4":"has-post-thumbnail","6":"product_cat-italiano-l2","7":"product_tag-didattica","8":"product_tag-identita","9":"product_tag-inclusione","10":"product_tag-insegnamento","11":"product_tag-italiano-l2","12":"product_tag-scuola","13":"product_tag-territorio","14":"pa_guerini_amazon_link-https-www-amazon-it-milano-percorso-cittadinanza-giovani-migranti-dp-8862507593","15":"pa_guerini_feltrinelli_link-https-www-lafeltrinelli-it-milano-dalla-a-alla-z-libro-annita-veneri-milena-angius-e-9788862507592","16":"pa_guerini_ibs_link-https-www-ibs-it-milano-dalla-a-alla-z-libro-annita-veneri-milena-angius-e-9788862507592","17":"pa_guerini_libruniver_link-https-www-libreriauniversitaria-it-milano-percorso-cittadinanza-giovani-adulti-libro-9788862507592","18":"pa_guerini_mondadori_link-https-www-mondadoristore-it-milano-dalla-z-percorso-annita-veneri-milena-angius-eai978886250759","20":"first","21":"instock","22":"sale","23":"shipping-taxable","24":"purchasable","25":"product-type-simple"},"yoast_head":"<!-- This site is optimized with the Yoast SEO plugin v25.4 - https:\/\/yoast.com\/wordpress\/plugins\/seo\/ -->\n<title>Milano dalla A alla Z | Guerini Editore<\/title>\n<meta name=\"robots\" content=\"index, follow, max-snippet:-1, max-image-preview:large, max-video-preview:-1\" \/>\n<link rel=\"canonical\" href=\"https:\/\/www.guerini.it\/index.php\/prodotto\/milano-dalla-a-alla-z\/\" \/>\n<meta property=\"og:locale\" content=\"it_IT\" \/>\n<meta property=\"og:type\" content=\"article\" \/>\n<meta property=\"og:title\" content=\"Milano dalla A alla Z | Guerini Editore\" \/>\n<meta property=\"og:description\" content=\"Milano dalla A alla Z \u00e8 un percorso di accompagnamento alla conoscenza della citt\u00e0 e del territorio, destinato principalmente a giovani e adulti migranti debolmente scolarizzati. Ci\u00f2 non esclude che possa essere proposto ad apprendenti, alfabetizzati in L1, che intendano appropriarsi in modo veloce e sintetico di alcuni elementi storico culturali relativi al nuovo contesto di vita. I contenuti proposti, che riguardano la citt\u00e0 di Milano, sono articolati in 9 unit\u00e0, seguite da alcune attivit\u00e0 ludiche e da un alfabetiere civico che svolgono funzione di sintesi e rinforzo di quanto appreso in precedenza. Milano dalla A alla Z \u00e8 una proposta \u00abaperta\u00bb che intende offrire concretamente strumenti di base per l\u2019inclusione: la conoscenza della citt\u00e0 e del territorio, nei loro tratti essenziali, come strada possibile per costruire nuovi legami e nuovi riferimenti identitari; una proposta propedeutica all\u2019esercizio di una con-cittadinanza attiva.\" \/>\n<meta property=\"og:url\" content=\"https:\/\/www.guerini.it\/index.php\/prodotto\/milano-dalla-a-alla-z\/\" \/>\n<meta property=\"og:site_name\" content=\"Guerini e Associati\" \/>\n<meta property=\"article:modified_time\" content=\"2024-06-12T12:40:36+00:00\" \/>\n<meta property=\"og:image\" content=\"https:\/\/www.guerini.it\/wp-content\/uploads\/2019\/09\/Milano-dalla-A-alla-Z-scaled.webp\" \/>\n\t<meta property=\"og:image:width\" content=\"1816\" \/>\n\t<meta property=\"og:image:height\" content=\"2560\" \/>\n\t<meta property=\"og:image:type\" content=\"image\/webp\" \/>\n<meta name=\"twitter:card\" content=\"summary_large_image\" \/>\n<meta name=\"twitter:label1\" content=\"Tempo di lettura stimato\" \/>\n\t<meta name=\"twitter:data1\" content=\"2 minuti\" \/>\n<!-- \/ Yoast SEO plugin. -->","yoast_head_json":{"title":"Milano dalla A alla Z | Guerini Editore","robots":{"index":"index","follow":"follow","max-snippet":"max-snippet:-1","max-image-preview":"max-image-preview:large","max-video-preview":"max-video-preview:-1"},"canonical":"https:\/\/www.guerini.it\/index.php\/prodotto\/milano-dalla-a-alla-z\/","og_locale":"it_IT","og_type":"article","og_title":"Milano dalla A alla Z | Guerini Editore","og_description":"Milano dalla A alla Z \u00e8 un percorso di accompagnamento alla conoscenza della citt\u00e0 e del territorio, destinato principalmente a giovani e adulti migranti debolmente scolarizzati. Ci\u00f2 non esclude che possa essere proposto ad apprendenti, alfabetizzati in L1, che intendano appropriarsi in modo veloce e sintetico di alcuni elementi storico culturali relativi al nuovo contesto di vita. I contenuti proposti, che riguardano la citt\u00e0 di Milano, sono articolati in 9 unit\u00e0, seguite da alcune attivit\u00e0 ludiche e da un alfabetiere civico che svolgono funzione di sintesi e rinforzo di quanto appreso in precedenza. Milano dalla A alla Z \u00e8 una proposta \u00abaperta\u00bb che intende offrire concretamente strumenti di base per l\u2019inclusione: la conoscenza della citt\u00e0 e del territorio, nei loro tratti essenziali, come strada possibile per costruire nuovi legami e nuovi riferimenti identitari; una proposta propedeutica all\u2019esercizio di una con-cittadinanza attiva.","og_url":"https:\/\/www.guerini.it\/index.php\/prodotto\/milano-dalla-a-alla-z\/","og_site_name":"Guerini e Associati","article_modified_time":"2024-06-12T12:40:36+00:00","og_image":[{"width":1816,"height":2560,"url":"https:\/\/www.guerini.it\/wp-content\/uploads\/2019\/09\/Milano-dalla-A-alla-Z-scaled.webp","type":"image\/webp"}],"twitter_card":"summary_large_image","twitter_misc":{"Tempo di lettura stimato":"2 minuti"},"schema":{"@context":"https:\/\/schema.org","@graph":[{"@type":"WebPage","@id":"https:\/\/www.guerini.it\/index.php\/prodotto\/milano-dalla-a-alla-z\/","url":"https:\/\/www.guerini.it\/index.php\/prodotto\/milano-dalla-a-alla-z\/","name":"Milano dalla A alla Z | Guerini Editore","isPartOf":{"@id":"https:\/\/www.guerini.it\/#website"},"primaryImageOfPage":{"@id":"https:\/\/www.guerini.it\/index.php\/prodotto\/milano-dalla-a-alla-z\/#primaryimage"},"image":{"@id":"https:\/\/www.guerini.it\/index.php\/prodotto\/milano-dalla-a-alla-z\/#primaryimage"},"thumbnailUrl":"https:\/\/www.guerini.it\/wp-content\/uploads\/2019\/09\/Milano-dalla-A-alla-Z-scaled.webp","datePublished":"2019-09-02T08:53:30+00:00","dateModified":"2024-06-12T12:40:36+00:00","breadcrumb":{"@id":"https:\/\/www.guerini.it\/index.php\/prodotto\/milano-dalla-a-alla-z\/#breadcrumb"},"inLanguage":"it-IT","potentialAction":[{"@type":"ReadAction","target":["https:\/\/www.guerini.it\/index.php\/prodotto\/milano-dalla-a-alla-z\/"]}]},{"@type":"ImageObject","inLanguage":"it-IT","@id":"https:\/\/www.guerini.it\/index.php\/prodotto\/milano-dalla-a-alla-z\/#primaryimage","url":"https:\/\/www.guerini.it\/wp-content\/uploads\/2019\/09\/Milano-dalla-A-alla-Z-scaled.webp","contentUrl":"https:\/\/www.guerini.it\/wp-content\/uploads\/2019\/09\/Milano-dalla-A-alla-Z-scaled.webp","width":1816,"height":2560,"caption":"Copertina del volume Milano dalla A alla Z, Guerini e Associati, 2019"},{"@type":"BreadcrumbList","@id":"https:\/\/www.guerini.it\/index.php\/prodotto\/milano-dalla-a-alla-z\/#breadcrumb","itemListElement":[{"@type":"ListItem","position":1,"name":"Home","item":"https:\/\/www.guerini.it\/"},{"@type":"ListItem","position":2,"name":"Catalogo","item":"https:\/\/www.guerini.it\/index.php\/negozio\/"},{"@type":"ListItem","position":3,"name":"Milano dalla A alla Z"}]},{"@type":"WebSite","@id":"https:\/\/www.guerini.it\/#website","url":"https:\/\/www.guerini.it\/","name":"Guerini e Associati","description":"30 anni di libri, idee e libert\u00e0","publisher":{"@id":"https:\/\/www.guerini.it\/#organization"},"potentialAction":[{"@type":"SearchAction","target":{"@type":"EntryPoint","urlTemplate":"https:\/\/www.guerini.it\/?s={search_term_string}"},"query-input":{"@type":"PropertyValueSpecification","valueRequired":true,"valueName":"search_term_string"}}],"inLanguage":"it-IT"},{"@type":"Organization","@id":"https:\/\/www.guerini.it\/#organization","name":"Guerini e Associati","url":"https:\/\/www.guerini.it\/","logo":{"@type":"ImageObject","inLanguage":"it-IT","@id":"https:\/\/www.guerini.it\/#\/schema\/logo\/image\/","url":"https:\/\/www.guerini.it\/wp-content\/uploads\/2021\/03\/Logo-Guerini-OK_-e1615831292285.png","contentUrl":"https:\/\/www.guerini.it\/wp-content\/uploads\/2021\/03\/Logo-Guerini-OK_-e1615831292285.png","width":2805,"height":1870,"caption":"Guerini e Associati"},"image":{"@id":"https:\/\/www.guerini.it\/#\/schema\/logo\/image\/"}}]}},"_links":{"self":[{"href":"https:\/\/www.guerini.it\/index.php\/wp-json\/wp\/v2\/product\/16334","targetHints":{"allow":["GET"]}}],"collection":[{"href":"https:\/\/www.guerini.it\/index.php\/wp-json\/wp\/v2\/product"}],"about":[{"href":"https:\/\/www.guerini.it\/index.php\/wp-json\/wp\/v2\/types\/product"}],"wp:featuredmedia":[{"embeddable":true,"href":"https:\/\/www.guerini.it\/index.php\/wp-json\/wp\/v2\/media\/23733"}],"wp:attachment":[{"href":"https:\/\/www.guerini.it\/index.php\/wp-json\/wp\/v2\/media?parent=16334"}],"wp:term":[{"taxonomy":"product_brand","embeddable":true,"href":"https:\/\/www.guerini.it\/index.php\/wp-json\/wp\/v2\/product_brand?post=16334"},{"taxonomy":"product_cat","embeddable":true,"href":"https:\/\/www.guerini.it\/index.php\/wp-json\/wp\/v2\/product_cat?post=16334"},{"taxonomy":"product_tag","embeddable":true,"href":"https:\/\/www.guerini.it\/index.php\/wp-json\/wp\/v2\/product_tag?post=16334"}],"curies":[{"name":"wp","href":"https:\/\/api.w.org\/{rel}","templated":true}]}}

<p style="text-align: justify;"><strong>MILANO DALLA A ALLA Z</strong> è un percorso di accompagnamento alla conoscenza della città e del territorio, destinato principalmente a giovani e adulti migranti debolmente scolarizzati. Ciò non esclude che possa essere proposto ad apprendenti, alfabetizzati in L1, che intendano appropriarsi in modo veloce e sintetico di alcuni elementi storico culturali relativi al nuovo contesto di vita. I contenuti proposti, che riguardano la città di Milano, sono articolati in 9 unità, seguite da alcune attività ludiche e da un alfabetiere civico che svolgono funzione di sintesi e rinforzo di quanto appreso in precedenza.<br />
<em>Milano dalla A alla Z</em> è una proposta «aperta» che intende offrire concretamente strumenti di base per l’inclusione: la conoscenza della città e del territorio, nei loro tratti essenziali, come strada possibile per costruire nuovi legami e nuovi riferimenti identitari; una proposta propedeutica all’esercizio di una con-cittadinanza attiva.</p>
<hr />
<p style="text-align: justify;"><strong>Annita Veneri</strong> è docente di italiano L2. Ha collaborato a numerosi progetti per l’integrazione dei cittadini stranieri; ha svolto attività di formatrice, dedicandosi in particolare ai bisogni delle donne migranti. È coautrice e autrice di testi per l’insegnamento dell’italiano L2. Per le nostre edizioni ha pubblicato <a href="https://www.guerini.it/index.php/prodotto/l-italiano-con-naima/"><em>L’italiano con Naima</em></a> (2005).</p>
<p style="text-align: justify;"><strong>Milena Angius </strong>è docente di italiano L2 e formatrice in didattica dell’italiano lingua seconda e in educazione interculturale. Ha lavorato presso vari enti, tra cui il Centro COME di Milano, in progetti destinati a bambini, ragazzi e adulti migranti. È coautrice di alcuni manuali di italiano L2.</p>

<p style="text-align: justify;"><em>Milano dalla A alla Z</em> è un percorso di accompagnamento alla conoscenza della città e del territorio, destinato principalmente a giovani e adulti migranti debolmente scolarizzati. Ciò non esclude che possa essere proposto ad apprendenti, alfabetizzati in L1, che intendano appropriarsi in modo veloce e sintetico di alcuni elementi storico culturali relativi al nuovo contesto di vita. I contenuti proposti, che riguardano la città di Milano, sono articolati in 9 unità, seguite da alcune attività ludiche e da un alfabetiere civico che svolgono funzione di sintesi e rinforzo di quanto appreso in precedenza. <em>Milano dalla A alla Z </em>è una proposta «aperta» che intende offrire concretamente strumenti di base per l’inclusione: la conoscenza della città e del territorio, nei loro tratti essenziali, come strada possibile per costruire nuovi legami e nuovi riferimenti identitari; una proposta propedeutica all’esercizio di una con-cittadinanza attiva.</p>

<!-- This site is optimized with the Yoast SEO plugin v25.4 - https://yoast.com/wordpress/plugins/seo/ -->
<title>Milano dalla A alla Z | Guerini Editore</title>
<meta name="robots" content="index, follow, max-snippet:-1, max-image-preview:large, max-video-preview:-1" />
<link rel="canonical" href="https://www.guerini.it/index.php/prodotto/milano-dalla-a-alla-z/" />
<meta property="og:locale" content="it_IT" />
<meta property="og:type" content="article" />
<meta property="og:title" content="Milano dalla A alla Z | Guerini Editore" />
<meta property="og:description" content="Milano dalla A alla Z è un percorso di accompagnamento alla conoscenza della città e del territorio, destinato principalmente a giovani e adulti migranti debolmente scolarizzati. Ciò non esclude che possa essere proposto ad apprendenti, alfabetizzati in L1, che intendano appropriarsi in modo veloce e sintetico di alcuni elementi storico culturali relativi al nuovo contesto di vita. I contenuti proposti, che riguardano la città di Milano, sono articolati in 9 unità, seguite da alcune attività ludiche e da un alfabetiere civico che svolgono funzione di sintesi e rinforzo di quanto appreso in precedenza. Milano dalla A alla Z è una proposta «aperta» che intende offrire concretamente strumenti di base per l’inclusione: la conoscenza della città e del territorio, nei loro tratti essenziali, come strada possibile per costruire nuovi legami e nuovi riferimenti identitari; una proposta propedeutica all’esercizio di una con-cittadinanza attiva." />
<meta property="og:url" content="https://www.guerini.it/index.php/prodotto/milano-dalla-a-alla-z/" />
<meta property="og:site_name" content="Guerini e Associati" />
<meta property="article:modified_time" content="2024-06-12T12:40:36+00:00" />
<meta property="og:image" content="https://www.guerini.it/wp-content/uploads/2019/09/Milano-dalla-A-alla-Z-scaled.webp" />
	<meta property="og:image:width" content="1816" />
	<meta property="og:image:height" content="2560" />
	<meta property="og:image:type" content="image/webp" />
<meta name="twitter:card" content="summary_large_image" />
<meta name="twitter:label1" content="Tempo di lettura stimato" />
	<meta name="twitter:data1" content="2 minuti" />
<!-- / Yoast SEO plugin. -->

Milano dalla A alla Z è un percorso di accompagnamento alla conoscenza della città e del territorio, destinato principalmente a giovani e adulti migranti debolmente scolarizzati. Ciò non esclude che possa essere proposto ad apprendenti, alfabetizzati in L1, che intendano appropriarsi in modo veloce e sintetico di alcuni elementi storico culturali relativi al nuovo contesto di vita. I contenuti proposti, che riguardano la città di Milano, sono articolati in 9 unità, seguite da alcune attività ludiche e da un alfabetiere civico che svolgono funzione di sintesi e rinforzo di quanto appreso in precedenza. Milano dalla A alla Z è una proposta «aperta» che intende offrire concretamente strumenti di base per l’inclusione: la conoscenza della città e del territorio, nei loro tratti essenziali, come strada possibile per costruire nuovi legami e nuovi riferimenti identitari; una proposta propedeutica all’esercizio di una con-cittadinanza attiva.

30 anni di libri, idee e libertà
