{"id":16371,"date":"2019-10-23T10:30:59","date_gmt":"2019-10-23T08:30:59","guid":{"rendered":"https:\/\/test.guerini.it\/?product=libra-l-oro-di-facebook"},"modified":"2024-06-12T14:38:04","modified_gmt":"2024-06-12T12:38:04","slug":"libra-l-oro-di-facebook","status":"publish","type":"product","link":"https:\/\/www.guerini.it\/index.php\/prodotto\/libra-l-oro-di-facebook\/","title":{"rendered":"Libra l&#8217;oro di facebook"},"content":{"rendered":"<p style=\"text-align: justify;\">Come interpretare il recente annuncio di Facebook sulla nuova valuta digitale? Quali le differenze rispetto al Bitcoin e alle altre cosiddette criptovalute? Si tratta di un altro fenomeno speculativo o \u00e8 una mossa destinata ad avere un impatto significativo sulla nostra quotidianit\u00e0? Le criptovalute stabili, monete digitali come Libra non soggette alla volatilit\u00e0 di Bitcoin, hanno la possibilit\u00e0 di diventare uno strumento quotidiano trasformando la moneta e accelerando il processo che porter\u00e0 all\u2019eliminazione del contante. L\u2019adozione di Libra creer\u00e0 un sistema di pagamento unico a livello globale, meno sensibile ai rischi del cambio, rivolto sia alle economie sviluppate che ai paesi in via di sviluppo. Il volume contestualizza la nuova moneta nel panorama delle criptovalute e descrive l\u2019associazione di aziende alla base di Libra, i suoi obiettivi di breve e lungo termine, il meccanismo che consente a questa associazione di \u00abbattere moneta\u00bb come una banca centrale e le implicazioni sociali ed economiche di questa trasformazione. Sono inoltre prese in considerazione le reazioni delle istituzionie dei regolatori, che avranno un ruolo fondamentale nel modellare lo scenario futuro, in cui Libra potrebbe dover competere con le altre valute digitali emesse dagli stati e dalle collettivit\u00e0.<\/p>\n<hr \/>\n<p style=\"text-align: justify;\"><strong>Nicola Attico<\/strong> \u00e8 laureato in fisica presso la Scuola Normale Superiore di Pisa, ha svolto ricerca scientifica presso l\u2019Universit\u00e0 di Pisa e il Massachusetts Institute of Technology e lavora nell\u2019information technology dal 2001. Si occupa di piattaforme per la digital transformation, l\u2019automazione dei processi e l\u2019intelligenza artificiale e ha conseguito la certificazione del Blockchain Strategy Programme dell\u2019Universit\u00e0 di Oxford. \u00c8 attivo nella comunit\u00e0 informatica italiana e internazionale, con una competenza multidisciplinare sui mondi del cloud computing e della blockchain. Ha pubblicato per GueriniNext <a href=\"https:\/\/www.guerini.it\/index.php\/prodotto\/blockchain-guida-all-ecosistema\/\"><em>Blockchain. Guida all\u2019Ecosistema <\/em><\/a>(2018).<\/p>\n","protected":false},"excerpt":{"rendered":"<p>&lt;p style=&#8221;text-align: justify;&#8221;&gt;Come interpretare il recente annuncio di Facebook sulla nuova valuta digitale? Quali le differenze rispetto al Bitcoin e alle altre cosiddette criptovalute? Si tratta di un altro fenomeno speculativo o &amp;egrave; una mossa destinata ad avere un impatto significativo sulla nostra quotidianit&amp;agrave;? Le criptovalute stabili, monete digitali come Libra non soggette alla volatilit&amp;agrave; di Bitcoin, hanno la possibilit&amp;agrave; di diventare uno strumento quotidiano trasformando la moneta e accelerando il processo che porter&amp;agrave; all&amp;rsquo;eliminazione del contante. L&amp;rsquo;adozione di Libra creer&amp;agrave; un sistema di pagamento unico a livello globale, meno sensibile ai rischi del cambio, rivolto sia alle economie sviluppate che ai paesi in via di sviluppo. Il volume contestualizza la nuova moneta nel panorama delle criptovalute e descrive l&amp;rsquo;associazione di aziende alla base di Libra, i suoi obiettivi di breve e lungo termine, il meccanismo che consente a questa associazione di &amp;laquo;battere moneta&amp;raquo; come una banca centrale e le implicazioni sociali ed economiche di questa trasformazione. Sono inoltre prese in considerazione le reazioni delle istituzionie dei regolatori, che avranno un ruolo fondamentale nel modellare lo scenario futuro, in cui Libra potrebbe dover competere con le altre valute digitali emesse dagli stati e dalle collettivit&amp;agrave;.&lt;\/p&gt;&lt;p style=&#8221;text-align: justify;&#8221;&gt;<\/p>\n","protected":false},"featured_media":16370,"template":"","meta":{"_editorskit_title_hidden":false,"_editorskit_reading_time":0,"_editorskit_is_block_options_detached":false,"_editorskit_block_options_position":"{}","_monsterinsights_skip_tracking":false,"_monsterinsights_sitenote_active":false,"_monsterinsights_sitenote_note":"","_monsterinsights_sitenote_category":0},"product_brand":[],"product_cat":[6805,6529],"product_tag":[],"class_list":{"0":"post-16371","1":"product","2":"type-product","3":"status-publish","4":"has-post-thumbnail","6":"product_cat-guerini-next","7":"product_cat-economia-e-management","8":"pa_guerini_amazon_link-https-www-amazon-it-facebook-valute-alternative-cambieranno-nostra-dp-8868962969","9":"pa_guerini_feltrinelli_link-https-www-lafeltrinelli-it-libra-oro-di-facebook-come-libro-nicola-attico-e-9788868962968","10":"pa_guerini_ibs_link-https-www-ibs-it-libra-oro-di-facebook-come-libro-nicola-attico-e-9788868962968","11":"pa_guerini_libruniver_link-https-www-libreriauniversitaria-it-libra-oro-facebook-valute-alternative-libro-9788868962968","12":"pa_guerini_link_amazon-e0-httpswwwamazonitfacebook_v","13":"pa_guerini_link_apple_ibook-82-httpsbooksapplecomitbookli","14":"pa_guerini_link_bookrepublic-61-httpswwwbookrepublicitbook","15":"pa_guerini_link_giunti_punto-22-httpswwwgiuntialpuntoitpro","16":"pa_guerini_link_kobo-5e-httpswwwkobocomititebookli","17":"pa_guerini_link_lafeltrinelli-40-httpswwwlafeltrinelliitlib","18":"pa_guerini_link_mondadori-5b-httpswwwmondadoristoreitli","19":"pa_guerini_mondadori_link-https-www-mondadoristore-it-libra-oro-facebook-come-nicola-attico-eai978886896296","21":"first","22":"instock","23":"sale","24":"shipping-taxable","25":"purchasable","26":"product-type-simple"},"yoast_head":"<!-- This site is optimized with the Yoast SEO plugin v25.4 - https:\/\/yoast.com\/wordpress\/plugins\/seo\/ -->\n<title>Libra l&#039;oro di facebook - Guerini e Associati<\/title>\n<meta name=\"robots\" content=\"index, follow, max-snippet:-1, max-image-preview:large, max-video-preview:-1\" \/>\n<link rel=\"canonical\" href=\"https:\/\/www.guerini.it\/index.php\/prodotto\/libra-l-oro-di-facebook\/\" \/>\n<meta property=\"og:locale\" content=\"it_IT\" \/>\n<meta property=\"og:type\" content=\"article\" \/>\n<meta property=\"og:title\" content=\"Libra l&#039;oro di facebook - Guerini e Associati\" \/>\n<meta property=\"og:description\" content=\"&lt;p style=&quot;text-align: justify;&quot;&gt;Come interpretare il recente annuncio di Facebook sulla nuova valuta digitale? Quali le differenze rispetto al Bitcoin e alle altre cosiddette criptovalute? Si tratta di un altro fenomeno speculativo o &amp;egrave; una mossa destinata ad avere un impatto significativo sulla nostra quotidianit&amp;agrave;? Le criptovalute stabili, monete digitali come Libra non soggette alla volatilit&amp;agrave; di Bitcoin, hanno la possibilit&amp;agrave; di diventare uno strumento quotidiano trasformando la moneta e accelerando il processo che porter&amp;agrave; all&amp;rsquo;eliminazione del contante. L&amp;rsquo;adozione di Libra creer&amp;agrave; un sistema di pagamento unico a livello globale, meno sensibile ai rischi del cambio, rivolto sia alle economie sviluppate che ai paesi in via di sviluppo. Il volume contestualizza la nuova moneta nel panorama delle criptovalute e descrive l&amp;rsquo;associazione di aziende alla base di Libra, i suoi obiettivi di breve e lungo termine, il meccanismo che consente a questa associazione di &amp;laquo;battere moneta&amp;raquo; come una banca centrale e le implicazioni sociali ed economiche di questa trasformazione. Sono inoltre prese in considerazione le reazioni delle istituzionie dei regolatori, che avranno un ruolo fondamentale nel modellare lo scenario futuro, in cui Libra potrebbe dover competere con le altre valute digitali emesse dagli stati e dalle collettivit&amp;agrave;.&lt;\/p&gt;&lt;p style=&quot;text-align: justify;&quot;&gt;\" \/>\n<meta property=\"og:url\" content=\"https:\/\/www.guerini.it\/index.php\/prodotto\/libra-l-oro-di-facebook\/\" \/>\n<meta property=\"og:site_name\" content=\"Guerini e Associati\" \/>\n<meta property=\"article:modified_time\" content=\"2024-06-12T12:38:04+00:00\" \/>\n<meta property=\"og:image\" content=\"https:\/\/www.guerini.it\/wp-content\/uploads\/2019\/10\/libra_l_oro_di_facebook_sito.jpg\" \/>\n\t<meta property=\"og:image:width\" content=\"216\" \/>\n\t<meta property=\"og:image:height\" content=\"353\" \/>\n\t<meta property=\"og:image:type\" content=\"image\/jpeg\" \/>\n<meta name=\"twitter:card\" content=\"summary_large_image\" \/>\n<meta name=\"twitter:label1\" content=\"Tempo di lettura stimato\" \/>\n\t<meta name=\"twitter:data1\" content=\"2 minuti\" \/>\n<!-- \/ Yoast SEO plugin. -->","yoast_head_json":{"title":"Libra l'oro di facebook - Guerini e Associati","robots":{"index":"index","follow":"follow","max-snippet":"max-snippet:-1","max-image-preview":"max-image-preview:large","max-video-preview":"max-video-preview:-1"},"canonical":"https:\/\/www.guerini.it\/index.php\/prodotto\/libra-l-oro-di-facebook\/","og_locale":"it_IT","og_type":"article","og_title":"Libra l'oro di facebook - Guerini e Associati","og_description":"&lt;p style=\"text-align: justify;\"&gt;Come interpretare il recente annuncio di Facebook sulla nuova valuta digitale? Quali le differenze rispetto al Bitcoin e alle altre cosiddette criptovalute? Si tratta di un altro fenomeno speculativo o &amp;egrave; una mossa destinata ad avere un impatto significativo sulla nostra quotidianit&amp;agrave;? Le criptovalute stabili, monete digitali come Libra non soggette alla volatilit&amp;agrave; di Bitcoin, hanno la possibilit&amp;agrave; di diventare uno strumento quotidiano trasformando la moneta e accelerando il processo che porter&amp;agrave; all&amp;rsquo;eliminazione del contante. L&amp;rsquo;adozione di Libra creer&amp;agrave; un sistema di pagamento unico a livello globale, meno sensibile ai rischi del cambio, rivolto sia alle economie sviluppate che ai paesi in via di sviluppo. Il volume contestualizza la nuova moneta nel panorama delle criptovalute e descrive l&amp;rsquo;associazione di aziende alla base di Libra, i suoi obiettivi di breve e lungo termine, il meccanismo che consente a questa associazione di &amp;laquo;battere moneta&amp;raquo; come una banca centrale e le implicazioni sociali ed economiche di questa trasformazione. Sono inoltre prese in considerazione le reazioni delle istituzionie dei regolatori, che avranno un ruolo fondamentale nel modellare lo scenario futuro, in cui Libra potrebbe dover competere con le altre valute digitali emesse dagli stati e dalle collettivit&amp;agrave;.&lt;\/p&gt;&lt;p style=\"text-align: justify;\"&gt;","og_url":"https:\/\/www.guerini.it\/index.php\/prodotto\/libra-l-oro-di-facebook\/","og_site_name":"Guerini e Associati","article_modified_time":"2024-06-12T12:38:04+00:00","og_image":[{"width":216,"height":353,"url":"https:\/\/www.guerini.it\/wp-content\/uploads\/2019\/10\/libra_l_oro_di_facebook_sito.jpg","type":"image\/jpeg"}],"twitter_card":"summary_large_image","twitter_misc":{"Tempo di lettura stimato":"2 minuti"},"schema":{"@context":"https:\/\/schema.org","@graph":[{"@type":"WebPage","@id":"https:\/\/www.guerini.it\/index.php\/prodotto\/libra-l-oro-di-facebook\/","url":"https:\/\/www.guerini.it\/index.php\/prodotto\/libra-l-oro-di-facebook\/","name":"Libra l'oro di facebook - Guerini e Associati","isPartOf":{"@id":"https:\/\/www.guerini.it\/#website"},"primaryImageOfPage":{"@id":"https:\/\/www.guerini.it\/index.php\/prodotto\/libra-l-oro-di-facebook\/#primaryimage"},"image":{"@id":"https:\/\/www.guerini.it\/index.php\/prodotto\/libra-l-oro-di-facebook\/#primaryimage"},"thumbnailUrl":"https:\/\/www.guerini.it\/wp-content\/uploads\/2019\/10\/libra_l_oro_di_facebook_sito.jpg","datePublished":"2019-10-23T08:30:59+00:00","dateModified":"2024-06-12T12:38:04+00:00","breadcrumb":{"@id":"https:\/\/www.guerini.it\/index.php\/prodotto\/libra-l-oro-di-facebook\/#breadcrumb"},"inLanguage":"it-IT","potentialAction":[{"@type":"ReadAction","target":["https:\/\/www.guerini.it\/index.php\/prodotto\/libra-l-oro-di-facebook\/"]}]},{"@type":"ImageObject","inLanguage":"it-IT","@id":"https:\/\/www.guerini.it\/index.php\/prodotto\/libra-l-oro-di-facebook\/#primaryimage","url":"https:\/\/www.guerini.it\/wp-content\/uploads\/2019\/10\/libra_l_oro_di_facebook_sito.jpg","contentUrl":"https:\/\/www.guerini.it\/wp-content\/uploads\/2019\/10\/libra_l_oro_di_facebook_sito.jpg","width":216,"height":353,"caption":"Libra l'oro di facebook"},{"@type":"BreadcrumbList","@id":"https:\/\/www.guerini.it\/index.php\/prodotto\/libra-l-oro-di-facebook\/#breadcrumb","itemListElement":[{"@type":"ListItem","position":1,"name":"Home","item":"https:\/\/www.guerini.it\/"},{"@type":"ListItem","position":2,"name":"Catalogo","item":"https:\/\/www.guerini.it\/index.php\/negozio\/"},{"@type":"ListItem","position":3,"name":"Libra l&#8217;oro di facebook"}]},{"@type":"WebSite","@id":"https:\/\/www.guerini.it\/#website","url":"https:\/\/www.guerini.it\/","name":"Guerini e Associati","description":"30 anni di libri, idee e libert\u00e0","publisher":{"@id":"https:\/\/www.guerini.it\/#organization"},"potentialAction":[{"@type":"SearchAction","target":{"@type":"EntryPoint","urlTemplate":"https:\/\/www.guerini.it\/?s={search_term_string}"},"query-input":{"@type":"PropertyValueSpecification","valueRequired":true,"valueName":"search_term_string"}}],"inLanguage":"it-IT"},{"@type":"Organization","@id":"https:\/\/www.guerini.it\/#organization","name":"Guerini e Associati","url":"https:\/\/www.guerini.it\/","logo":{"@type":"ImageObject","inLanguage":"it-IT","@id":"https:\/\/www.guerini.it\/#\/schema\/logo\/image\/","url":"https:\/\/www.guerini.it\/wp-content\/uploads\/2021\/03\/Logo-Guerini-OK_-e1615831292285.png","contentUrl":"https:\/\/www.guerini.it\/wp-content\/uploads\/2021\/03\/Logo-Guerini-OK_-e1615831292285.png","width":2805,"height":1870,"caption":"Guerini e Associati"},"image":{"@id":"https:\/\/www.guerini.it\/#\/schema\/logo\/image\/"}}]}},"_links":{"self":[{"href":"https:\/\/www.guerini.it\/index.php\/wp-json\/wp\/v2\/product\/16371","targetHints":{"allow":["GET"]}}],"collection":[{"href":"https:\/\/www.guerini.it\/index.php\/wp-json\/wp\/v2\/product"}],"about":[{"href":"https:\/\/www.guerini.it\/index.php\/wp-json\/wp\/v2\/types\/product"}],"wp:featuredmedia":[{"embeddable":true,"href":"https:\/\/www.guerini.it\/index.php\/wp-json\/wp\/v2\/media\/16370"}],"wp:attachment":[{"href":"https:\/\/www.guerini.it\/index.php\/wp-json\/wp\/v2\/media?parent=16371"}],"wp:term":[{"taxonomy":"product_brand","embeddable":true,"href":"https:\/\/www.guerini.it\/index.php\/wp-json\/wp\/v2\/product_brand?post=16371"},{"taxonomy":"product_cat","embeddable":true,"href":"https:\/\/www.guerini.it\/index.php\/wp-json\/wp\/v2\/product_cat?post=16371"},{"taxonomy":"product_tag","embeddable":true,"href":"https:\/\/www.guerini.it\/index.php\/wp-json\/wp\/v2\/product_tag?post=16371"}],"curies":[{"name":"wp","href":"https:\/\/api.w.org\/{rel}","templated":true}]}}