{"id":16380,"date":"2019-11-08T08:56:03","date_gmt":"2019-11-08T07:56:03","guid":{"rendered":"https:\/\/test.guerini.it\/?product=spegnevano-anche-i-fiordalisi"},"modified":"2024-06-12T14:40:47","modified_gmt":"2024-06-12T12:40:47","slug":"spegnevano-anche-i-fiordalisi","status":"publish","type":"product","link":"https:\/\/www.guerini.it\/index.php\/prodotto\/spegnevano-anche-i-fiordalisi\/","title":{"rendered":"Spegnevano anche i fiordalisi"},"content":{"rendered":"<p style=\"text-align: justify;\">Una bambina si affaccia alla vita in una Milano umiliata, dolente e ferita dal fascismo, dalla guerra e dalle bombe. Nel microcosmo del condominio popolare di via Mompiani si incrociano storie di dolore e speranza, umanit\u00e0 e atrocit\u00e0, coraggio e tradimento: la vita com\u2019\u00e8, colta alla prova di uno dei momenti pi\u00f9 cupi. Ma le macerie, fisiche e morali, non travolgono Milano e Ada: la voglia di riscatto, l\u2019ansia di futuro, la speranza nella democrazia imprimono una nuova svolta alla storia, anzi, alle tante storie che questo libro raccoglie, facendone fili di un ordito pi\u00f9 ampio, che assume il valore di una testimonianza universale. Ada Grecchi torna alla scrittura con una prova che commuover\u00e0 gli anziani e colpir\u00e0 i giovani: non solo un libro di ricordi, tanto pi\u00f9 eloquenti quanto pi\u00f9 sinceri e diretti, ma soprattutto un grande atto di fiducia nella sua Milano e nella democrazia, alle quali tanto l\u2019autrice ha dato, con il lavoro, la partecipazione politica, le responsabilit\u00e0 pubbliche. E, adesso, con la memoria, capace di farsi anch\u2019essa impegno civile e lezione per i distratti.<br \/>\n<span style=\"text-align: left;\">(<\/span><em><span style=\"text-align: left;\">Salvatore Carrubba<\/span><\/em><span style=\"text-align: left;\">)<\/span><\/p>\n<p style=\"text-align: justify;\"><strong>Ada Grecchi<\/strong>, milanese, avvocato, con una lunga carriera in Enel, dove \u00e8 stata per nove anni Vicedirettore Centrale del Personale. Per quattro anni \u00e8 stata Vicepresidente della Commissione Parit\u00e0 della Presidenza del Consiglio dei Ministri. Gi\u00e0 Assessore al Personale della Provincia di Milano e successivamente membro del consiglio di amministrazione di Metropolitana Milanese spa e, per due mandati, di sea Handling, oggi \u00e8 Vicepresidente della Commissione Esperti del Comune di Milano e membro del Direttivo dell\u2019Associazione di 50&amp;pi\u00f9. Per le nostre edizioni ha pubblicato <em>Nostalgia milanese<\/em> (2017).<\/p>\n","protected":false},"excerpt":{"rendered":"<p style=\"text-align: justify;\">Una bambina si affaccia alla vita in una Milano umiliata, dolente e ferita dal fascismo, dalla guerra e dalle bombe. Nel microcosmo del condominio popolare di via Mompiani si incrociano storie di dolore e speranza, umanit\u00e0 e atrocit\u00e0, coraggio e tradimento: la vita com\u2019\u00e8, colta alla prova di uno dei momenti pi\u00f9 cupi. Ma le macerie, fisiche e morali, non travolgono Milano e Ada: la voglia di riscatto, l\u2019ansia di futuro, la speranza nella democrazia imprimono una nuova svolta alla storia, anzi, alle tante storie che questo libro raccoglie, facendone fili di un ordito pi\u00f9 ampio, che assume il valore di una testimonianza universale. Ada Grecchi torna alla scrittura con una prova che commuover\u00e0 gli anziani e colpir\u00e0 i giovani: non solo un libro di ricordi, tanto pi\u00f9 eloquenti quanto pi\u00f9 sinceri e diretti, ma soprattutto un grande atto di fiducia nella sua Milano e nella democrazia, alle quali tanto l\u2019autrice ha dato, con il lavoro, la partecipazione politica, le responsabilit\u00e0 pubbliche. E, adesso, con la memoria, capace di farsi anch\u2019essa impegno civile e lezione per i distratti.<br \/>\n(<em>Salvatore Carrubba<\/em>)<\/p>\n","protected":false},"featured_media":16379,"template":"","meta":{"_editorskit_title_hidden":false,"_editorskit_reading_time":0,"_editorskit_is_block_options_detached":false,"_editorskit_block_options_position":"{}","_monsterinsights_skip_tracking":false,"_monsterinsights_sitenote_active":false,"_monsterinsights_sitenote_note":"","_monsterinsights_sitenote_category":0},"product_brand":[],"product_cat":[6636,6539],"product_tag":[],"class_list":{"0":"post-16380","1":"product","2":"type-product","3":"status-publish","4":"has-post-thumbnail","6":"product_cat-di-storie-in-storia","7":"product_cat-storia-e-geografia","8":"pa_fulfillment-default","9":"pa_guerini_amazon_link-https-www-amazon-it-spegnevano-fiordalisi-bambina-guardava-guerra-dp-886250781x","10":"pa_guerini_ibs_link-https-www-ibs-it-spegnevano-anche-fiordalisi-bambina-che-libro-ada-grecchi-e-9788862507813","11":"pa_guerini_link_amazon-08-httpswwwamazonitspegnevano","12":"pa_guerini_link_apple_ibook-b8-httpsbooksapplecomitbooksp","13":"pa_guerini_link_giunti_punto-ad-httpswwwgiuntialpuntoitpro","14":"pa_guerini_link_google_play-97-httpsplaygooglecomstoreboo","15":"pa_guerini_link_kobo-e1-httpswwwkobocomititebooksp","16":"pa_guerini_link_lafeltrinelli-4e-httpswwwlafeltrinelliitebo","18":"first","19":"instock","20":"sale","21":"shipping-taxable","22":"purchasable","23":"product-type-simple"},"yoast_head":"<!-- This site is optimized with the Yoast SEO plugin v25.4 - https:\/\/yoast.com\/wordpress\/plugins\/seo\/ -->\n<title>Spegnevano anche i fiordalisi - Guerini e Associati<\/title>\n<meta name=\"robots\" content=\"index, follow, max-snippet:-1, max-image-preview:large, max-video-preview:-1\" \/>\n<link rel=\"canonical\" href=\"https:\/\/www.guerini.it\/index.php\/prodotto\/spegnevano-anche-i-fiordalisi\/\" \/>\n<meta property=\"og:locale\" content=\"it_IT\" \/>\n<meta property=\"og:type\" content=\"article\" \/>\n<meta property=\"og:title\" content=\"Spegnevano anche i fiordalisi - Guerini e Associati\" \/>\n<meta property=\"og:description\" content=\"Una bambina si affaccia alla vita in una Milano umiliata, dolente e ferita dal fascismo, dalla guerra e dalle bombe. Nel microcosmo del condominio popolare di via Mompiani si incrociano storie di dolore e speranza, umanit\u00e0 e atrocit\u00e0, coraggio e tradimento: la vita com\u2019\u00e8, colta alla prova di uno dei momenti pi\u00f9 cupi. Ma le macerie, fisiche e morali, non travolgono Milano e Ada: la voglia di riscatto, l\u2019ansia di futuro, la speranza nella democrazia imprimono una nuova svolta alla storia, anzi, alle tante storie che questo libro raccoglie, facendone fili di un ordito pi\u00f9 ampio, che assume il valore di una testimonianza universale. Ada Grecchi torna alla scrittura con una prova che commuover\u00e0 gli anziani e colpir\u00e0 i giovani: non solo un libro di ricordi, tanto pi\u00f9 eloquenti quanto pi\u00f9 sinceri e diretti, ma soprattutto un grande atto di fiducia nella sua Milano e nella democrazia, alle quali tanto l\u2019autrice ha dato, con il lavoro, la partecipazione politica, le responsabilit\u00e0 pubbliche. E, adesso, con la memoria, capace di farsi anch\u2019essa impegno civile e lezione per i distratti. (Salvatore Carrubba)\" \/>\n<meta property=\"og:url\" content=\"https:\/\/www.guerini.it\/index.php\/prodotto\/spegnevano-anche-i-fiordalisi\/\" \/>\n<meta property=\"og:site_name\" content=\"Guerini e Associati\" \/>\n<meta property=\"article:modified_time\" content=\"2024-06-12T12:40:47+00:00\" \/>\n<meta property=\"og:image\" content=\"https:\/\/www.guerini.it\/wp-content\/uploads\/2019\/11\/spegnevano_anche_i_fiordalisi_sito.jpg\" \/>\n\t<meta property=\"og:image:width\" content=\"235\" \/>\n\t<meta property=\"og:image:height\" content=\"353\" \/>\n\t<meta property=\"og:image:type\" content=\"image\/jpeg\" \/>\n<meta name=\"twitter:card\" content=\"summary_large_image\" \/>\n<meta name=\"twitter:label1\" content=\"Tempo di lettura stimato\" \/>\n\t<meta name=\"twitter:data1\" content=\"2 minuti\" \/>\n<!-- \/ Yoast SEO plugin. -->","yoast_head_json":{"title":"Spegnevano anche i fiordalisi - Guerini e Associati","robots":{"index":"index","follow":"follow","max-snippet":"max-snippet:-1","max-image-preview":"max-image-preview:large","max-video-preview":"max-video-preview:-1"},"canonical":"https:\/\/www.guerini.it\/index.php\/prodotto\/spegnevano-anche-i-fiordalisi\/","og_locale":"it_IT","og_type":"article","og_title":"Spegnevano anche i fiordalisi - Guerini e Associati","og_description":"Una bambina si affaccia alla vita in una Milano umiliata, dolente e ferita dal fascismo, dalla guerra e dalle bombe. Nel microcosmo del condominio popolare di via Mompiani si incrociano storie di dolore e speranza, umanit\u00e0 e atrocit\u00e0, coraggio e tradimento: la vita com\u2019\u00e8, colta alla prova di uno dei momenti pi\u00f9 cupi. Ma le macerie, fisiche e morali, non travolgono Milano e Ada: la voglia di riscatto, l\u2019ansia di futuro, la speranza nella democrazia imprimono una nuova svolta alla storia, anzi, alle tante storie che questo libro raccoglie, facendone fili di un ordito pi\u00f9 ampio, che assume il valore di una testimonianza universale. Ada Grecchi torna alla scrittura con una prova che commuover\u00e0 gli anziani e colpir\u00e0 i giovani: non solo un libro di ricordi, tanto pi\u00f9 eloquenti quanto pi\u00f9 sinceri e diretti, ma soprattutto un grande atto di fiducia nella sua Milano e nella democrazia, alle quali tanto l\u2019autrice ha dato, con il lavoro, la partecipazione politica, le responsabilit\u00e0 pubbliche. E, adesso, con la memoria, capace di farsi anch\u2019essa impegno civile e lezione per i distratti. (Salvatore Carrubba)","og_url":"https:\/\/www.guerini.it\/index.php\/prodotto\/spegnevano-anche-i-fiordalisi\/","og_site_name":"Guerini e Associati","article_modified_time":"2024-06-12T12:40:47+00:00","og_image":[{"width":235,"height":353,"url":"https:\/\/www.guerini.it\/wp-content\/uploads\/2019\/11\/spegnevano_anche_i_fiordalisi_sito.jpg","type":"image\/jpeg"}],"twitter_card":"summary_large_image","twitter_misc":{"Tempo di lettura stimato":"2 minuti"},"schema":{"@context":"https:\/\/schema.org","@graph":[{"@type":"WebPage","@id":"https:\/\/www.guerini.it\/index.php\/prodotto\/spegnevano-anche-i-fiordalisi\/","url":"https:\/\/www.guerini.it\/index.php\/prodotto\/spegnevano-anche-i-fiordalisi\/","name":"Spegnevano anche i fiordalisi - Guerini e Associati","isPartOf":{"@id":"https:\/\/www.guerini.it\/#website"},"primaryImageOfPage":{"@id":"https:\/\/www.guerini.it\/index.php\/prodotto\/spegnevano-anche-i-fiordalisi\/#primaryimage"},"image":{"@id":"https:\/\/www.guerini.it\/index.php\/prodotto\/spegnevano-anche-i-fiordalisi\/#primaryimage"},"thumbnailUrl":"https:\/\/www.guerini.it\/wp-content\/uploads\/2019\/11\/spegnevano_anche_i_fiordalisi_sito.jpg","datePublished":"2019-11-08T07:56:03+00:00","dateModified":"2024-06-12T12:40:47+00:00","breadcrumb":{"@id":"https:\/\/www.guerini.it\/index.php\/prodotto\/spegnevano-anche-i-fiordalisi\/#breadcrumb"},"inLanguage":"it-IT","potentialAction":[{"@type":"ReadAction","target":["https:\/\/www.guerini.it\/index.php\/prodotto\/spegnevano-anche-i-fiordalisi\/"]}]},{"@type":"ImageObject","inLanguage":"it-IT","@id":"https:\/\/www.guerini.it\/index.php\/prodotto\/spegnevano-anche-i-fiordalisi\/#primaryimage","url":"https:\/\/www.guerini.it\/wp-content\/uploads\/2019\/11\/spegnevano_anche_i_fiordalisi_sito.jpg","contentUrl":"https:\/\/www.guerini.it\/wp-content\/uploads\/2019\/11\/spegnevano_anche_i_fiordalisi_sito.jpg","width":235,"height":353,"caption":"Spegnevano anche i fiordalisi"},{"@type":"BreadcrumbList","@id":"https:\/\/www.guerini.it\/index.php\/prodotto\/spegnevano-anche-i-fiordalisi\/#breadcrumb","itemListElement":[{"@type":"ListItem","position":1,"name":"Home","item":"https:\/\/www.guerini.it\/"},{"@type":"ListItem","position":2,"name":"Catalogo","item":"https:\/\/www.guerini.it\/index.php\/negozio\/"},{"@type":"ListItem","position":3,"name":"Spegnevano anche i fiordalisi"}]},{"@type":"WebSite","@id":"https:\/\/www.guerini.it\/#website","url":"https:\/\/www.guerini.it\/","name":"Guerini e Associati","description":"30 anni di libri, idee e libert\u00e0","publisher":{"@id":"https:\/\/www.guerini.it\/#organization"},"potentialAction":[{"@type":"SearchAction","target":{"@type":"EntryPoint","urlTemplate":"https:\/\/www.guerini.it\/?s={search_term_string}"},"query-input":{"@type":"PropertyValueSpecification","valueRequired":true,"valueName":"search_term_string"}}],"inLanguage":"it-IT"},{"@type":"Organization","@id":"https:\/\/www.guerini.it\/#organization","name":"Guerini e Associati","url":"https:\/\/www.guerini.it\/","logo":{"@type":"ImageObject","inLanguage":"it-IT","@id":"https:\/\/www.guerini.it\/#\/schema\/logo\/image\/","url":"https:\/\/www.guerini.it\/wp-content\/uploads\/2021\/03\/Logo-Guerini-OK_-e1615831292285.png","contentUrl":"https:\/\/www.guerini.it\/wp-content\/uploads\/2021\/03\/Logo-Guerini-OK_-e1615831292285.png","width":2805,"height":1870,"caption":"Guerini e Associati"},"image":{"@id":"https:\/\/www.guerini.it\/#\/schema\/logo\/image\/"}}]}},"_links":{"self":[{"href":"https:\/\/www.guerini.it\/index.php\/wp-json\/wp\/v2\/product\/16380","targetHints":{"allow":["GET"]}}],"collection":[{"href":"https:\/\/www.guerini.it\/index.php\/wp-json\/wp\/v2\/product"}],"about":[{"href":"https:\/\/www.guerini.it\/index.php\/wp-json\/wp\/v2\/types\/product"}],"wp:featuredmedia":[{"embeddable":true,"href":"https:\/\/www.guerini.it\/index.php\/wp-json\/wp\/v2\/media\/16379"}],"wp:attachment":[{"href":"https:\/\/www.guerini.it\/index.php\/wp-json\/wp\/v2\/media?parent=16380"}],"wp:term":[{"taxonomy":"product_brand","embeddable":true,"href":"https:\/\/www.guerini.it\/index.php\/wp-json\/wp\/v2\/product_brand?post=16380"},{"taxonomy":"product_cat","embeddable":true,"href":"https:\/\/www.guerini.it\/index.php\/wp-json\/wp\/v2\/product_cat?post=16380"},{"taxonomy":"product_tag","embeddable":true,"href":"https:\/\/www.guerini.it\/index.php\/wp-json\/wp\/v2\/product_tag?post=16380"}],"curies":[{"name":"wp","href":"https:\/\/api.w.org\/{rel}","templated":true}]}}

<p style="text-align: justify;">Una bambina si affaccia alla vita in una Milano umiliata, dolente e ferita dal fascismo, dalla guerra e dalle bombe. Nel microcosmo del condominio popolare di via Mompiani si incrociano storie di dolore e speranza, umanità e atrocità, coraggio e tradimento: la vita com’è, colta alla prova di uno dei momenti più cupi. Ma le macerie, fisiche e morali, non travolgono Milano e Ada: la voglia di riscatto, l’ansia di futuro, la speranza nella democrazia imprimono una nuova svolta alla storia, anzi, alle tante storie che questo libro raccoglie, facendone fili di un ordito più ampio, che assume il valore di una testimonianza universale. Ada Grecchi torna alla scrittura con una prova che commuoverà gli anziani e colpirà i giovani: non solo un libro di ricordi, tanto più eloquenti quanto più sinceri e diretti, ma soprattutto un grande atto di fiducia nella sua Milano e nella democrazia, alle quali tanto l’autrice ha dato, con il lavoro, la partecipazione politica, le responsabilità pubbliche. E, adesso, con la memoria, capace di farsi anch’essa impegno civile e lezione per i distratti.<br />
<span style="text-align: left;">(</span><em><span style="text-align: left;">Salvatore Carrubba</span></em><span style="text-align: left;">)</span></p>
<p style="text-align: justify;"><strong>Ada Grecchi</strong>, milanese, avvocato, con una lunga carriera in Enel, dove è stata per nove anni Vicedirettore Centrale del Personale. Per quattro anni è stata Vicepresidente della Commissione Parità della Presidenza del Consiglio dei Ministri. Già Assessore al Personale della Provincia di Milano e successivamente membro del consiglio di amministrazione di Metropolitana Milanese spa e, per due mandati, di sea Handling, oggi è Vicepresidente della Commissione Esperti del Comune di Milano e membro del Direttivo dell’Associazione di 50&amp;più. Per le nostre edizioni ha pubblicato <em>Nostalgia milanese</em> (2017).</p>

<p style="text-align: justify;">Una bambina si affaccia alla vita in una Milano umiliata, dolente e ferita dal fascismo, dalla guerra e dalle bombe. Nel microcosmo del condominio popolare di via Mompiani si incrociano storie di dolore e speranza, umanità e atrocità, coraggio e tradimento: la vita com’è, colta alla prova di uno dei momenti più cupi. Ma le macerie, fisiche e morali, non travolgono Milano e Ada: la voglia di riscatto, l’ansia di futuro, la speranza nella democrazia imprimono una nuova svolta alla storia, anzi, alle tante storie che questo libro raccoglie, facendone fili di un ordito più ampio, che assume il valore di una testimonianza universale. Ada Grecchi torna alla scrittura con una prova che commuoverà gli anziani e colpirà i giovani: non solo un libro di ricordi, tanto più eloquenti quanto più sinceri e diretti, ma soprattutto un grande atto di fiducia nella sua Milano e nella democrazia, alle quali tanto l’autrice ha dato, con il lavoro, la partecipazione politica, le responsabilità pubbliche. E, adesso, con la memoria, capace di farsi anch’essa impegno civile e lezione per i distratti.<br />
(<em>Salvatore Carrubba</em>)</p>

<!-- This site is optimized with the Yoast SEO plugin v25.4 - https://yoast.com/wordpress/plugins/seo/ -->
<title>Spegnevano anche i fiordalisi - Guerini e Associati</title>
<meta name="robots" content="index, follow, max-snippet:-1, max-image-preview:large, max-video-preview:-1" />
<link rel="canonical" href="https://www.guerini.it/index.php/prodotto/spegnevano-anche-i-fiordalisi/" />
<meta property="og:locale" content="it_IT" />
<meta property="og:type" content="article" />
<meta property="og:title" content="Spegnevano anche i fiordalisi - Guerini e Associati" />
<meta property="og:description" content="Una bambina si affaccia alla vita in una Milano umiliata, dolente e ferita dal fascismo, dalla guerra e dalle bombe. Nel microcosmo del condominio popolare di via Mompiani si incrociano storie di dolore e speranza, umanità e atrocità, coraggio e tradimento: la vita com’è, colta alla prova di uno dei momenti più cupi. Ma le macerie, fisiche e morali, non travolgono Milano e Ada: la voglia di riscatto, l’ansia di futuro, la speranza nella democrazia imprimono una nuova svolta alla storia, anzi, alle tante storie che questo libro raccoglie, facendone fili di un ordito più ampio, che assume il valore di una testimonianza universale. Ada Grecchi torna alla scrittura con una prova che commuoverà gli anziani e colpirà i giovani: non solo un libro di ricordi, tanto più eloquenti quanto più sinceri e diretti, ma soprattutto un grande atto di fiducia nella sua Milano e nella democrazia, alle quali tanto l’autrice ha dato, con il lavoro, la partecipazione politica, le responsabilità pubbliche. E, adesso, con la memoria, capace di farsi anch’essa impegno civile e lezione per i distratti. (Salvatore Carrubba)" />
<meta property="og:url" content="https://www.guerini.it/index.php/prodotto/spegnevano-anche-i-fiordalisi/" />
<meta property="og:site_name" content="Guerini e Associati" />
<meta property="article:modified_time" content="2024-06-12T12:40:47+00:00" />
<meta property="og:image" content="https://www.guerini.it/wp-content/uploads/2019/11/spegnevano_anche_i_fiordalisi_sito.jpg" />
	<meta property="og:image:width" content="235" />
	<meta property="og:image:height" content="353" />
	<meta property="og:image:type" content="image/jpeg" />
<meta name="twitter:card" content="summary_large_image" />
<meta name="twitter:label1" content="Tempo di lettura stimato" />
	<meta name="twitter:data1" content="2 minuti" />
<!-- / Yoast SEO plugin. -->

Una bambina si affaccia alla vita in una Milano umiliata, dolente e ferita dal fascismo, dalla guerra e dalle bombe. Nel microcosmo del condominio popolare di via Mompiani si incrociano storie di dolore e speranza, umanità e atrocità, coraggio e tradimento: la vita com’è, colta alla prova di uno dei momenti più cupi. Ma le macerie, fisiche e morali, non travolgono Milano e Ada: la voglia di riscatto, l’ansia di futuro, la speranza nella democrazia imprimono una nuova svolta alla storia, anzi, alle tante storie che questo libro raccoglie, facendone fili di un ordito più ampio, che assume il valore di una testimonianza universale. Ada Grecchi torna alla scrittura con una prova che commuoverà gli anziani e colpirà i giovani: non solo un libro di ricordi, tanto più eloquenti quanto più sinceri e diretti, ma soprattutto un grande atto di fiducia nella sua Milano e nella democrazia, alle quali tanto l’autrice ha dato, con il lavoro, la partecipazione politica, le responsabilità pubbliche. E, adesso, con la memoria, capace di farsi anch’essa impegno civile e lezione per i distratti. (Salvatore Carrubba)

30 anni di libri, idee e libertà
