{"id":16384,"date":"2019-11-12T14:12:10","date_gmt":"2019-11-12T13:12:10","guid":{"rendered":"https:\/\/test.guerini.it\/?product=carlo-cattaneo-ieri-e-oggi"},"modified":"2024-06-12T14:38:17","modified_gmt":"2024-06-12T12:38:17","slug":"carlo-cattaneo-ieri-e-oggi","status":"publish","type":"product","link":"https:\/\/www.guerini.it\/index.php\/prodotto\/carlo-cattaneo-ieri-e-oggi\/","title":{"rendered":"Carlo Cattaneo ieri e oggi"},"content":{"rendered":"<p style=\"text-align: justify;\">Carlo Cattaneo (1801-1869) \u00e8 stato un eccezionale testimone e un protagonista del proprio tempo e questo radicamento nel proprio presente lo rende un personaggio in grado di parlare anche al futuro. Il libro raccoglie nella prima parte gli interventi presentati durante il convegno \u00abCarlo Cattaneo ieri e oggi\u00bb, organizzato da LIUC \u2013 Universit\u00e0 Cattaneo, in collaborazione con il Comitato Italo-Svizzero per la pubblicazione delle opere di Carlo Cattaneo e il Comitato per il 150\u00b0 della morte di Carlo Cattaneo.<br \/>\nLa seconda parte propone ulteriori contributi nati sullo stimolo di questa giornata di studi. Vengono cos\u00ec affrontati, tra storia e attualit\u00e0, i temi della sinergia tra progresso materiale e spirituale, dell\u2019innovazione, dell\u2019apertura a una dimensione globale, del perseguimento della libert\u00e0 nei vari ambiti dell\u2019agire umano, dalla sfera individuale a quella dell\u2019impresa economica. Il richiamo di Cattaneo alla necessit\u00e0 di intelligenza e volont\u00e0 come forze attive dello sviluppo moderno viene cos\u00ec attualizzato in un messaggio che ancora oggi rimane imprescindibile per il mondo dell\u2019impresa, delle istituzioni e della formazione.<\/p>\n<p>Il volume fa parte della collana\u00a0<a href=\"https:\/\/www.guerini.it\/index.php\/categoria-prodotto\/default-category\/economia-e-management\/universita-cattaneo-libri\/\"><em>Universit\u00e0 Cattaneo Libri<\/em><\/a><\/p>\n<hr \/>\n<p style=\"text-align: justify;\"><strong>Laura Ballestra<\/strong> \u00e8 responsabile dei servizi al pubblico e<em> liaison librarian<\/em> presso la Biblioteca di LIUC \u2013 Universit\u00e0 Cattaneo. \u00c8 responsabile della collana editoriale \u00abUniversit\u00e0 Cattaneo Libri\u00bb e dell\u2019editoria digitale dell\u2019Ateneo. Svolge attivit\u00e0 di docenza in <em>Information literacy<\/em> e Biblioteconomia e Bibliografia.<\/p>\n<p style=\"text-align: justify;\"><strong>Daniele Pozzi <\/strong>\u00e8 docente a contratto presso LIUC \u2013 Universit\u00e0 Cattaneo. Storico dell\u2019impresa, svolge attivit\u00e0 didattica nell\u2019ambito della storia economica e dell\u2019economia delle piccole e medie imprese. I suoi interessi di ricerca spaziano dal <em>corporate heritage <\/em>ai fenomeni di innovazione organizzativa e tecnologica.<\/p>\n<p><strong>Permalink:\u00a0<a href=\"http:\/\/digital.casalini.it\/9788868963040\">http:\/\/digital.casalini.it\/9788868963040<\/a><\/strong><\/p>\n","protected":false},"excerpt":{"rendered":"<p>Carlo Cattaneo (1801-1869) \u00e8 stato un eccezionale testimone e un protagonista del proprio tempo e questo radicamento nel proprio presente lo rende un personaggio in grado di parlare anche al futuro. Il libro raccoglie nella prima parte gli interventi presentati durante il convegno \u00abCarlo Cattaneo ieri e oggi\u00bb, organizzato da LIUC \u2013 Universit\u00e0 Cattaneo, in collaborazione con il Comitato Italo-Svizzero per la pubblicazione delle opere di Carlo Cattaneo e il Comitato per il 150\u00b0 della morte di Carlo Cattaneo.<br \/>\nLa seconda parte propone ulteriori contributi nati sullo stimolo di questa giornata di studi. Vengono cos\u00ec affrontati, tra storia e attualit\u00e0, i temi della sinergia tra progresso materiale e spirituale, dell\u2019innovazione, dell\u2019apertura a una dimensione globale, del perseguimento della libert\u00e0 nei vari ambiti dell\u2019agire umano, dalla sfera individuale a quella dell\u2019impresa economica. Il richiamo di Cattaneo alla necessit\u00e0 di intelligenza e volont\u00e0 come forze attive dello sviluppo moderno viene cos\u00ec attualizzato in un messaggio che ancora oggi rimane imprescindibile per il mondo dell\u2019impresa, delle istituzioni e della formazione.<\/p>\n","protected":false},"featured_media":16383,"template":"","meta":{"_editorskit_title_hidden":false,"_editorskit_reading_time":0,"_editorskit_is_block_options_detached":false,"_editorskit_block_options_position":"{}","_monsterinsights_skip_tracking":false,"_monsterinsights_sitenote_active":false,"_monsterinsights_sitenote_note":"","_monsterinsights_sitenote_category":0},"product_brand":[],"product_cat":[6805,6529,6700],"product_tag":[9862,9863,6968],"class_list":{"0":"post-16384","1":"product","2":"type-product","3":"status-publish","4":"has-post-thumbnail","6":"product_cat-guerini-next","7":"product_cat-economia-e-management","8":"product_cat-universita-cattaneo-libri","9":"product_tag-cattaneo","10":"product_tag-convegno","11":"product_tag-impresa","12":"pa_guerini_amazon_link-ttps-www-amazon-it-cattaneo-rilettura-centocinquantesimo-anniversario-scomparsa-dp-8868963035","13":"pa_guerini_feltrinelli_link-https-www-lafeltrinelli-it-carlo-cattaneo-ieri-oggi-rilettura-libro-vari-e-9788868963033","14":"pa_guerini_ibs_link-https-www-ibs-it-carlo-cattaneo-ieri-oggi-rilettura-libro-vari-e-9788868963033","15":"pa_guerini_libruniver_link-https-www-libreriauniversitaria-it-carlo-cattaneo-ieri-oggi-rilettura-libro-9788868963033","16":"pa_guerini_link_amazon-8b-httpswwwamazonitcarlo_catt","17":"pa_guerini_link_apple_ibook-61-httpsbooksapplecomitbookca","18":"pa_guerini_link_bookrepublic-74-httpswwwbookrepubliciteboo","19":"pa_guerini_link_giunti_punto-45-httpswwwgiuntialpuntoitpro","20":"pa_guerini_link_ibs-fd-httpswwwibsitcarlo_cattane","21":"pa_guerini_link_kobo-16-httpswwwkobocomititebookca","22":"pa_guerini_link_lafeltrinelli-https-www-lafeltrinelli-it-carlo-cattaneo-ieri-oggi-rilettura-ebook-vari-e-9788868963903","23":"pa_guerini_link_mondadori-https-www-mondadoristore-it-carlo-cattaneo-ieri-e-oggi-daniele-pozzi-laura-ballestra-eai978886896390","24":"pa_guerini_mondadori_link-https-www-mondadoristore-it-carlo-cattaneo-ieri-oggi-na-eai978886896303","26":"first","27":"instock","28":"sale","29":"shipping-taxable","30":"purchasable","31":"product-type-simple"},"yoast_head":"<!-- This site is optimized with the Yoast SEO plugin v25.4 - https:\/\/yoast.com\/wordpress\/plugins\/seo\/ -->\n<title>Carlo Cattaneo ieri e oggi - Guerini e Associati<\/title>\n<meta name=\"robots\" content=\"index, follow, max-snippet:-1, max-image-preview:large, max-video-preview:-1\" \/>\n<link rel=\"canonical\" href=\"https:\/\/www.guerini.it\/index.php\/prodotto\/carlo-cattaneo-ieri-e-oggi\/\" \/>\n<meta property=\"og:locale\" content=\"it_IT\" \/>\n<meta property=\"og:type\" content=\"article\" \/>\n<meta property=\"og:title\" content=\"Carlo Cattaneo ieri e oggi - Guerini e Associati\" \/>\n<meta property=\"og:description\" content=\"Carlo Cattaneo (1801-1869) \u00e8 stato un eccezionale testimone e un protagonista del proprio tempo e questo radicamento nel proprio presente lo rende un personaggio in grado di parlare anche al futuro. Il libro raccoglie nella prima parte gli interventi presentati durante il convegno \u00abCarlo Cattaneo ieri e oggi\u00bb, organizzato da LIUC \u2013 Universit\u00e0 Cattaneo, in collaborazione con il Comitato Italo-Svizzero per la pubblicazione delle opere di Carlo Cattaneo e il Comitato per il 150\u00b0 della morte di Carlo Cattaneo. La seconda parte propone ulteriori contributi nati sullo stimolo di questa giornata di studi. Vengono cos\u00ec affrontati, tra storia e attualit\u00e0, i temi della sinergia tra progresso materiale e spirituale, dell\u2019innovazione, dell\u2019apertura a una dimensione globale, del perseguimento della libert\u00e0 nei vari ambiti dell\u2019agire umano, dalla sfera individuale a quella dell\u2019impresa economica. Il richiamo di Cattaneo alla necessit\u00e0 di intelligenza e volont\u00e0 come forze attive dello sviluppo moderno viene cos\u00ec attualizzato in un messaggio che ancora oggi rimane imprescindibile per il mondo dell\u2019impresa, delle istituzioni e della formazione.\" \/>\n<meta property=\"og:url\" content=\"https:\/\/www.guerini.it\/index.php\/prodotto\/carlo-cattaneo-ieri-e-oggi\/\" \/>\n<meta property=\"og:site_name\" content=\"Guerini e Associati\" \/>\n<meta property=\"article:modified_time\" content=\"2024-06-12T12:38:17+00:00\" \/>\n<meta property=\"og:image\" content=\"https:\/\/www.guerini.it\/wp-content\/uploads\/2019\/11\/carlo_cattaneo_sito.jpg\" \/>\n\t<meta property=\"og:image:width\" content=\"230\" \/>\n\t<meta property=\"og:image:height\" content=\"353\" \/>\n\t<meta property=\"og:image:type\" content=\"image\/jpeg\" \/>\n<meta name=\"twitter:card\" content=\"summary_large_image\" \/>\n<meta name=\"twitter:label1\" content=\"Tempo di lettura stimato\" \/>\n\t<meta name=\"twitter:data1\" content=\"2 minuti\" \/>\n<!-- \/ Yoast SEO plugin. -->","yoast_head_json":{"title":"Carlo Cattaneo ieri e oggi - Guerini e Associati","robots":{"index":"index","follow":"follow","max-snippet":"max-snippet:-1","max-image-preview":"max-image-preview:large","max-video-preview":"max-video-preview:-1"},"canonical":"https:\/\/www.guerini.it\/index.php\/prodotto\/carlo-cattaneo-ieri-e-oggi\/","og_locale":"it_IT","og_type":"article","og_title":"Carlo Cattaneo ieri e oggi - Guerini e Associati","og_description":"Carlo Cattaneo (1801-1869) \u00e8 stato un eccezionale testimone e un protagonista del proprio tempo e questo radicamento nel proprio presente lo rende un personaggio in grado di parlare anche al futuro. Il libro raccoglie nella prima parte gli interventi presentati durante il convegno \u00abCarlo Cattaneo ieri e oggi\u00bb, organizzato da LIUC \u2013 Universit\u00e0 Cattaneo, in collaborazione con il Comitato Italo-Svizzero per la pubblicazione delle opere di Carlo Cattaneo e il Comitato per il 150\u00b0 della morte di Carlo Cattaneo. La seconda parte propone ulteriori contributi nati sullo stimolo di questa giornata di studi. Vengono cos\u00ec affrontati, tra storia e attualit\u00e0, i temi della sinergia tra progresso materiale e spirituale, dell\u2019innovazione, dell\u2019apertura a una dimensione globale, del perseguimento della libert\u00e0 nei vari ambiti dell\u2019agire umano, dalla sfera individuale a quella dell\u2019impresa economica. Il richiamo di Cattaneo alla necessit\u00e0 di intelligenza e volont\u00e0 come forze attive dello sviluppo moderno viene cos\u00ec attualizzato in un messaggio che ancora oggi rimane imprescindibile per il mondo dell\u2019impresa, delle istituzioni e della formazione.","og_url":"https:\/\/www.guerini.it\/index.php\/prodotto\/carlo-cattaneo-ieri-e-oggi\/","og_site_name":"Guerini e Associati","article_modified_time":"2024-06-12T12:38:17+00:00","og_image":[{"width":230,"height":353,"url":"https:\/\/www.guerini.it\/wp-content\/uploads\/2019\/11\/carlo_cattaneo_sito.jpg","type":"image\/jpeg"}],"twitter_card":"summary_large_image","twitter_misc":{"Tempo di lettura stimato":"2 minuti"},"schema":{"@context":"https:\/\/schema.org","@graph":[{"@type":"WebPage","@id":"https:\/\/www.guerini.it\/index.php\/prodotto\/carlo-cattaneo-ieri-e-oggi\/","url":"https:\/\/www.guerini.it\/index.php\/prodotto\/carlo-cattaneo-ieri-e-oggi\/","name":"Carlo Cattaneo ieri e oggi - Guerini e Associati","isPartOf":{"@id":"https:\/\/www.guerini.it\/#website"},"primaryImageOfPage":{"@id":"https:\/\/www.guerini.it\/index.php\/prodotto\/carlo-cattaneo-ieri-e-oggi\/#primaryimage"},"image":{"@id":"https:\/\/www.guerini.it\/index.php\/prodotto\/carlo-cattaneo-ieri-e-oggi\/#primaryimage"},"thumbnailUrl":"https:\/\/www.guerini.it\/wp-content\/uploads\/2019\/11\/carlo_cattaneo_sito.jpg","datePublished":"2019-11-12T13:12:10+00:00","dateModified":"2024-06-12T12:38:17+00:00","breadcrumb":{"@id":"https:\/\/www.guerini.it\/index.php\/prodotto\/carlo-cattaneo-ieri-e-oggi\/#breadcrumb"},"inLanguage":"it-IT","potentialAction":[{"@type":"ReadAction","target":["https:\/\/www.guerini.it\/index.php\/prodotto\/carlo-cattaneo-ieri-e-oggi\/"]}]},{"@type":"ImageObject","inLanguage":"it-IT","@id":"https:\/\/www.guerini.it\/index.php\/prodotto\/carlo-cattaneo-ieri-e-oggi\/#primaryimage","url":"https:\/\/www.guerini.it\/wp-content\/uploads\/2019\/11\/carlo_cattaneo_sito.jpg","contentUrl":"https:\/\/www.guerini.it\/wp-content\/uploads\/2019\/11\/carlo_cattaneo_sito.jpg","width":230,"height":353,"caption":"Carlo Cattaneo ieri e oggi"},{"@type":"BreadcrumbList","@id":"https:\/\/www.guerini.it\/index.php\/prodotto\/carlo-cattaneo-ieri-e-oggi\/#breadcrumb","itemListElement":[{"@type":"ListItem","position":1,"name":"Home","item":"https:\/\/www.guerini.it\/"},{"@type":"ListItem","position":2,"name":"Catalogo","item":"https:\/\/www.guerini.it\/index.php\/negozio\/"},{"@type":"ListItem","position":3,"name":"Carlo Cattaneo ieri e oggi"}]},{"@type":"WebSite","@id":"https:\/\/www.guerini.it\/#website","url":"https:\/\/www.guerini.it\/","name":"Guerini e Associati","description":"30 anni di libri, idee e libert\u00e0","publisher":{"@id":"https:\/\/www.guerini.it\/#organization"},"potentialAction":[{"@type":"SearchAction","target":{"@type":"EntryPoint","urlTemplate":"https:\/\/www.guerini.it\/?s={search_term_string}"},"query-input":{"@type":"PropertyValueSpecification","valueRequired":true,"valueName":"search_term_string"}}],"inLanguage":"it-IT"},{"@type":"Organization","@id":"https:\/\/www.guerini.it\/#organization","name":"Guerini e Associati","url":"https:\/\/www.guerini.it\/","logo":{"@type":"ImageObject","inLanguage":"it-IT","@id":"https:\/\/www.guerini.it\/#\/schema\/logo\/image\/","url":"https:\/\/www.guerini.it\/wp-content\/uploads\/2021\/03\/Logo-Guerini-OK_-e1615831292285.png","contentUrl":"https:\/\/www.guerini.it\/wp-content\/uploads\/2021\/03\/Logo-Guerini-OK_-e1615831292285.png","width":2805,"height":1870,"caption":"Guerini e Associati"},"image":{"@id":"https:\/\/www.guerini.it\/#\/schema\/logo\/image\/"}}]}},"_links":{"self":[{"href":"https:\/\/www.guerini.it\/index.php\/wp-json\/wp\/v2\/product\/16384","targetHints":{"allow":["GET"]}}],"collection":[{"href":"https:\/\/www.guerini.it\/index.php\/wp-json\/wp\/v2\/product"}],"about":[{"href":"https:\/\/www.guerini.it\/index.php\/wp-json\/wp\/v2\/types\/product"}],"wp:featuredmedia":[{"embeddable":true,"href":"https:\/\/www.guerini.it\/index.php\/wp-json\/wp\/v2\/media\/16383"}],"wp:attachment":[{"href":"https:\/\/www.guerini.it\/index.php\/wp-json\/wp\/v2\/media?parent=16384"}],"wp:term":[{"taxonomy":"product_brand","embeddable":true,"href":"https:\/\/www.guerini.it\/index.php\/wp-json\/wp\/v2\/product_brand?post=16384"},{"taxonomy":"product_cat","embeddable":true,"href":"https:\/\/www.guerini.it\/index.php\/wp-json\/wp\/v2\/product_cat?post=16384"},{"taxonomy":"product_tag","embeddable":true,"href":"https:\/\/www.guerini.it\/index.php\/wp-json\/wp\/v2\/product_tag?post=16384"}],"curies":[{"name":"wp","href":"https:\/\/api.w.org\/{rel}","templated":true}]}}

<p style="text-align: justify;">Carlo Cattaneo (1801-1869) è stato un eccezionale testimone e un protagonista del proprio tempo e questo radicamento nel proprio presente lo rende un personaggio in grado di parlare anche al futuro. Il libro raccoglie nella prima parte gli interventi presentati durante il convegno «Carlo Cattaneo ieri e oggi», organizzato da LIUC – Università Cattaneo, in collaborazione con il Comitato Italo-Svizzero per la pubblicazione delle opere di Carlo Cattaneo e il Comitato per il 150° della morte di Carlo Cattaneo.<br />
La seconda parte propone ulteriori contributi nati sullo stimolo di questa giornata di studi. Vengono così affrontati, tra storia e attualità, i temi della sinergia tra progresso materiale e spirituale, dell’innovazione, dell’apertura a una dimensione globale, del perseguimento della libertà nei vari ambiti dell’agire umano, dalla sfera individuale a quella dell’impresa economica. Il richiamo di Cattaneo alla necessità di intelligenza e volontà come forze attive dello sviluppo moderno viene così attualizzato in un messaggio che ancora oggi rimane imprescindibile per il mondo dell’impresa, delle istituzioni e della formazione.</p>
<p>Il volume fa parte della collana <a href="https://www.guerini.it/index.php/categoria-prodotto/default-category/economia-e-management/universita-cattaneo-libri/"><em>Università Cattaneo Libri</em></a></p>
<hr />
<p style="text-align: justify;"><strong>Laura Ballestra</strong> è responsabile dei servizi al pubblico e<em> liaison librarian</em> presso la Biblioteca di LIUC – Università Cattaneo. È responsabile della collana editoriale «Università Cattaneo Libri» e dell’editoria digitale dell’Ateneo. Svolge attività di docenza in <em>Information literacy</em> e Biblioteconomia e Bibliografia.</p>
<p style="text-align: justify;"><strong>Daniele Pozzi </strong>è docente a contratto presso LIUC – Università Cattaneo. Storico dell’impresa, svolge attività didattica nell’ambito della storia economica e dell’economia delle piccole e medie imprese. I suoi interessi di ricerca spaziano dal <em>corporate heritage </em>ai fenomeni di innovazione organizzativa e tecnologica.</p>
<p><strong>Permalink: <a href="http://digital.casalini.it/9788868963040">http://digital.casalini.it/9788868963040</a></strong></p>

<p>Carlo Cattaneo (1801-1869) è stato un eccezionale testimone e un protagonista del proprio tempo e questo radicamento nel proprio presente lo rende un personaggio in grado di parlare anche al futuro. Il libro raccoglie nella prima parte gli interventi presentati durante il convegno «Carlo Cattaneo ieri e oggi», organizzato da LIUC – Università Cattaneo, in collaborazione con il Comitato Italo-Svizzero per la pubblicazione delle opere di Carlo Cattaneo e il Comitato per il 150° della morte di Carlo Cattaneo.<br />
La seconda parte propone ulteriori contributi nati sullo stimolo di questa giornata di studi. Vengono così affrontati, tra storia e attualità, i temi della sinergia tra progresso materiale e spirituale, dell’innovazione, dell’apertura a una dimensione globale, del perseguimento della libertà nei vari ambiti dell’agire umano, dalla sfera individuale a quella dell’impresa economica. Il richiamo di Cattaneo alla necessità di intelligenza e volontà come forze attive dello sviluppo moderno viene così attualizzato in un messaggio che ancora oggi rimane imprescindibile per il mondo dell’impresa, delle istituzioni e della formazione.</p>

<!-- This site is optimized with the Yoast SEO plugin v25.4 - https://yoast.com/wordpress/plugins/seo/ -->
<title>Carlo Cattaneo ieri e oggi - Guerini e Associati</title>
<meta name="robots" content="index, follow, max-snippet:-1, max-image-preview:large, max-video-preview:-1" />
<link rel="canonical" href="https://www.guerini.it/index.php/prodotto/carlo-cattaneo-ieri-e-oggi/" />
<meta property="og:locale" content="it_IT" />
<meta property="og:type" content="article" />
<meta property="og:title" content="Carlo Cattaneo ieri e oggi - Guerini e Associati" />
<meta property="og:description" content="Carlo Cattaneo (1801-1869) è stato un eccezionale testimone e un protagonista del proprio tempo e questo radicamento nel proprio presente lo rende un personaggio in grado di parlare anche al futuro. Il libro raccoglie nella prima parte gli interventi presentati durante il convegno «Carlo Cattaneo ieri e oggi», organizzato da LIUC – Università Cattaneo, in collaborazione con il Comitato Italo-Svizzero per la pubblicazione delle opere di Carlo Cattaneo e il Comitato per il 150° della morte di Carlo Cattaneo. La seconda parte propone ulteriori contributi nati sullo stimolo di questa giornata di studi. Vengono così affrontati, tra storia e attualità, i temi della sinergia tra progresso materiale e spirituale, dell’innovazione, dell’apertura a una dimensione globale, del perseguimento della libertà nei vari ambiti dell’agire umano, dalla sfera individuale a quella dell’impresa economica. Il richiamo di Cattaneo alla necessità di intelligenza e volontà come forze attive dello sviluppo moderno viene così attualizzato in un messaggio che ancora oggi rimane imprescindibile per il mondo dell’impresa, delle istituzioni e della formazione." />
<meta property="og:url" content="https://www.guerini.it/index.php/prodotto/carlo-cattaneo-ieri-e-oggi/" />
<meta property="og:site_name" content="Guerini e Associati" />
<meta property="article:modified_time" content="2024-06-12T12:38:17+00:00" />
<meta property="og:image" content="https://www.guerini.it/wp-content/uploads/2019/11/carlo_cattaneo_sito.jpg" />
	<meta property="og:image:width" content="230" />
	<meta property="og:image:height" content="353" />
	<meta property="og:image:type" content="image/jpeg" />
<meta name="twitter:card" content="summary_large_image" />
<meta name="twitter:label1" content="Tempo di lettura stimato" />
	<meta name="twitter:data1" content="2 minuti" />
<!-- / Yoast SEO plugin. -->

Carlo Cattaneo (1801-1869) è stato un eccezionale testimone e un protagonista del proprio tempo e questo radicamento nel proprio presente lo rende un personaggio in grado di parlare anche al futuro. Il libro raccoglie nella prima parte gli interventi presentati durante il convegno «Carlo Cattaneo ieri e oggi», organizzato da LIUC – Università Cattaneo, in collaborazione con il Comitato Italo-Svizzero per la pubblicazione delle opere di Carlo Cattaneo e il Comitato per il 150° della morte di Carlo Cattaneo. La seconda parte propone ulteriori contributi nati sullo stimolo di questa giornata di studi. Vengono così affrontati, tra storia e attualità, i temi della sinergia tra progresso materiale e spirituale, dell’innovazione, dell’apertura a una dimensione globale, del perseguimento della libertà nei vari ambiti dell’agire umano, dalla sfera individuale a quella dell’impresa economica. Il richiamo di Cattaneo alla necessità di intelligenza e volontà come forze attive dello sviluppo moderno viene così attualizzato in un messaggio che ancora oggi rimane imprescindibile per il mondo dell’impresa, delle istituzioni e della formazione.

30 anni di libri, idee e libertà
