{"id":16418,"date":"2020-01-28T09:20:45","date_gmt":"2020-01-28T08:20:45","guid":{"rendered":"https:\/\/test.guerini.it\/?product=il-tempo-delle-incertezze"},"modified":"2024-06-12T14:40:39","modified_gmt":"2024-06-12T12:40:39","slug":"il-tempo-delle-incertezze","status":"publish","type":"product","link":"https:\/\/www.guerini.it\/index.php\/prodotto\/il-tempo-delle-incertezze\/","title":{"rendered":"Il tempo delle incertezze"},"content":{"rendered":"<p style=\"text-align: justify;\">Un XXIV Rapporto Centro Einaudi che si propone come punto di partenza per una rilettura critica degli ultimi dodici, densissimi mesi: l&#8217;Europa e l&#8217;Italia, gli Stati Uniti di Trump e la Cina di Xi, un Medio Oriente tornato ad alta tensione, il lavoro, il capitale e i nuovi volti del capitalismo, l&#8217;impatto sul clima. Un tentativo di fornire <em>occhiali<\/em> diversi, con <em>lenti<\/em> differenti da quelle del giorno per giorno, per una lettura e una riflessione di dati e avvenimenti in un mondo di risorse che si restringono e di incertezze che si allargano, per contribuire alla difficile ricerca di nuove soluzioni per nuovi (e vecchi) problemi.<\/p>\n<p style=\"text-align: justify;\"><strong>Mario Deaglio <\/strong>\u00e8 professore emerito di Economia internazionale presso l&#8217;Universit\u00e0 di Torino.<br \/>\n<strong>Giorgio Arfaras<\/strong>, direttore della <em>Lettera Economica <\/em>del Centro Einaudi dal 2009, collabora a numerose testate di economia e finanza.<br \/>\n<strong>Giuseppina De Santis<\/strong>, gi\u00e0 assessore alla Ricerca e alle Attivit\u00e0 produttive della Regione Piemonte, \u00e8 stata direttore dal Centro Einaudi dal 2001 al 2014.<br \/>\n<strong>Gabriele Guggiola<\/strong>\u00a0\u00e8 associate partner in PricewaterhouseCoopers nell&#8217;ambito financial service e operazioni straordinarie. Ha lavorato per Banca d&#8217;Italia.<br \/>\n<strong>Paolo Migliavacca<\/strong>, giornalista, collabora fra l&#8217;altro con <em>Il Sole 24 Ore<\/em>, di cui \u00e8 stato caposervizio e curatore della pagina Esteri, edizione del luned\u00ec.<br \/>\n<strong>Giuseppe Russo<\/strong>, economista professionista, \u00e8 direttore del Centro Einaudi dal 2014.<br \/>\n<strong>Giorgio Vernoni<\/strong>\u00a0\u00e8 ricercatore in Economia del lavoro all&#8217;Istituto di Ricerche Economico-Sociali del Piemonte. Collabora con il Centro Einaudi dal 2014.<\/p>\n<p style=\"text-align: justify;\">\n<p style=\"text-align: justify;\"><strong>Permalink:\u00a0<a href=\"http:\/\/digital.casalini.it\/9788881953547\">http:\/\/digital.casalini.it\/9788881953547<\/a><\/strong><\/p>\n","protected":false},"excerpt":{"rendered":"<p style=\"text-align: justify;\">Un XXIV Rapporto Centro Einaudi che si propone come punto di partenza per una rilettura critica degli ultimi dodici, densissimi mesi: l&#8217;Europa e l&#8217;Italia, gli Stati Uniti di Trump e la Cina di Xi, un Medio Oriente tornato ad alta tensione, il lavoro, il capitale e i nuovi volti del capitalismo, l&#8217;impatto sul clima. Un tentativo di fornire <em>occhiali<\/em> diversi, con <em>lenti<\/em> differenti da quelle del giorno per giorno, per una lettura e una riflessione di dati e avvenimenti in un mondo di risorse che si restringono e di incertezze che si allargano, per contribuire alla difficile ricerca di nuove soluzioni per nuovi (e vecchi) problemi.<\/p>\n","protected":false},"featured_media":16417,"template":"","meta":{"_editorskit_title_hidden":false,"_editorskit_reading_time":0,"_editorskit_is_block_options_detached":false,"_editorskit_block_options_position":"{}","_monsterinsights_skip_tracking":false,"_monsterinsights_sitenote_active":false,"_monsterinsights_sitenote_note":"","_monsterinsights_sitenote_category":0},"product_brand":[],"product_cat":[6529,6680],"product_tag":[],"class_list":{"0":"post-16418","1":"product","2":"type-product","3":"status-publish","4":"has-post-thumbnail","6":"product_cat-economia-e-management","7":"product_cat-ce","8":"pa_fulfillment-default","9":"pa_guerini_amazon_link-2c-httpswwwamazonitincertezze","10":"pa_guerini_audio_itunes-d8-httpsbooksapplecomitaudiob","11":"pa_guerini_feltrinelli_link-aa-httpswwwlafeltrinelliitlib","12":"pa_guerini_ibs_link-da-httpswwwibsittempo_delle_i","13":"pa_guerini_libruniver_link-28-httpswwwlibreriauniversita","14":"pa_guerini_link_amazon-1c-httpswwwamazonitdpb0849l87","15":"pa_guerini_link_apple_ibook-4d-httpsbooksapplecomitbookte","16":"pa_guerini_link_giunti_punto-81-httpswwwgiuntialpuntoitpro","17":"pa_guerini_link_kobo-dd-httpswwwkobocomititebookil","19":"first","20":"instock","21":"sale","22":"shipping-taxable","23":"purchasable","24":"product-type-simple"},"yoast_head":"<!-- This site is optimized with the Yoast SEO plugin v25.4 - https:\/\/yoast.com\/wordpress\/plugins\/seo\/ -->\n<title>Il tempo delle incertezze - Guerini e Associati<\/title>\n<meta name=\"robots\" content=\"index, follow, max-snippet:-1, max-image-preview:large, max-video-preview:-1\" \/>\n<link rel=\"canonical\" href=\"https:\/\/www.guerini.it\/index.php\/prodotto\/il-tempo-delle-incertezze\/\" \/>\n<meta property=\"og:locale\" content=\"it_IT\" \/>\n<meta property=\"og:type\" content=\"article\" \/>\n<meta property=\"og:title\" content=\"Il tempo delle incertezze - Guerini e Associati\" \/>\n<meta property=\"og:description\" content=\"Un XXIV Rapporto Centro Einaudi che si propone come punto di partenza per una rilettura critica degli ultimi dodici, densissimi mesi: l&#039;Europa e l&#039;Italia, gli Stati Uniti di Trump e la Cina di Xi, un Medio Oriente tornato ad alta tensione, il lavoro, il capitale e i nuovi volti del capitalismo, l&#039;impatto sul clima. Un tentativo di fornire occhiali diversi, con lenti differenti da quelle del giorno per giorno, per una lettura e una riflessione di dati e avvenimenti in un mondo di risorse che si restringono e di incertezze che si allargano, per contribuire alla difficile ricerca di nuove soluzioni per nuovi (e vecchi) problemi.\" \/>\n<meta property=\"og:url\" content=\"https:\/\/www.guerini.it\/index.php\/prodotto\/il-tempo-delle-incertezze\/\" \/>\n<meta property=\"og:site_name\" content=\"Guerini e Associati\" \/>\n<meta property=\"article:modified_time\" content=\"2024-06-12T12:40:39+00:00\" \/>\n<meta property=\"og:image\" content=\"https:\/\/www.guerini.it\/wp-content\/uploads\/2020\/01\/tempo_delle_incertezze_loghi_sito.jpg\" \/>\n\t<meta property=\"og:image:width\" content=\"227\" \/>\n\t<meta property=\"og:image:height\" content=\"353\" \/>\n\t<meta property=\"og:image:type\" content=\"image\/jpeg\" \/>\n<meta name=\"twitter:card\" content=\"summary_large_image\" \/>\n<meta name=\"twitter:label1\" content=\"Tempo di lettura stimato\" \/>\n\t<meta name=\"twitter:data1\" content=\"2 minuti\" \/>\n<!-- \/ Yoast SEO plugin. -->","yoast_head_json":{"title":"Il tempo delle incertezze - Guerini e Associati","robots":{"index":"index","follow":"follow","max-snippet":"max-snippet:-1","max-image-preview":"max-image-preview:large","max-video-preview":"max-video-preview:-1"},"canonical":"https:\/\/www.guerini.it\/index.php\/prodotto\/il-tempo-delle-incertezze\/","og_locale":"it_IT","og_type":"article","og_title":"Il tempo delle incertezze - Guerini e Associati","og_description":"Un XXIV Rapporto Centro Einaudi che si propone come punto di partenza per una rilettura critica degli ultimi dodici, densissimi mesi: l'Europa e l'Italia, gli Stati Uniti di Trump e la Cina di Xi, un Medio Oriente tornato ad alta tensione, il lavoro, il capitale e i nuovi volti del capitalismo, l'impatto sul clima. Un tentativo di fornire occhiali diversi, con lenti differenti da quelle del giorno per giorno, per una lettura e una riflessione di dati e avvenimenti in un mondo di risorse che si restringono e di incertezze che si allargano, per contribuire alla difficile ricerca di nuove soluzioni per nuovi (e vecchi) problemi.","og_url":"https:\/\/www.guerini.it\/index.php\/prodotto\/il-tempo-delle-incertezze\/","og_site_name":"Guerini e Associati","article_modified_time":"2024-06-12T12:40:39+00:00","og_image":[{"width":227,"height":353,"url":"https:\/\/www.guerini.it\/wp-content\/uploads\/2020\/01\/tempo_delle_incertezze_loghi_sito.jpg","type":"image\/jpeg"}],"twitter_card":"summary_large_image","twitter_misc":{"Tempo di lettura stimato":"2 minuti"},"schema":{"@context":"https:\/\/schema.org","@graph":[{"@type":"WebPage","@id":"https:\/\/www.guerini.it\/index.php\/prodotto\/il-tempo-delle-incertezze\/","url":"https:\/\/www.guerini.it\/index.php\/prodotto\/il-tempo-delle-incertezze\/","name":"Il tempo delle incertezze - Guerini e Associati","isPartOf":{"@id":"https:\/\/www.guerini.it\/#website"},"primaryImageOfPage":{"@id":"https:\/\/www.guerini.it\/index.php\/prodotto\/il-tempo-delle-incertezze\/#primaryimage"},"image":{"@id":"https:\/\/www.guerini.it\/index.php\/prodotto\/il-tempo-delle-incertezze\/#primaryimage"},"thumbnailUrl":"https:\/\/www.guerini.it\/wp-content\/uploads\/2020\/01\/tempo_delle_incertezze_loghi_sito.jpg","datePublished":"2020-01-28T08:20:45+00:00","dateModified":"2024-06-12T12:40:39+00:00","breadcrumb":{"@id":"https:\/\/www.guerini.it\/index.php\/prodotto\/il-tempo-delle-incertezze\/#breadcrumb"},"inLanguage":"it-IT","potentialAction":[{"@type":"ReadAction","target":["https:\/\/www.guerini.it\/index.php\/prodotto\/il-tempo-delle-incertezze\/"]}]},{"@type":"ImageObject","inLanguage":"it-IT","@id":"https:\/\/www.guerini.it\/index.php\/prodotto\/il-tempo-delle-incertezze\/#primaryimage","url":"https:\/\/www.guerini.it\/wp-content\/uploads\/2020\/01\/tempo_delle_incertezze_loghi_sito.jpg","contentUrl":"https:\/\/www.guerini.it\/wp-content\/uploads\/2020\/01\/tempo_delle_incertezze_loghi_sito.jpg","width":227,"height":353,"caption":"Tempo delle incertezze"},{"@type":"BreadcrumbList","@id":"https:\/\/www.guerini.it\/index.php\/prodotto\/il-tempo-delle-incertezze\/#breadcrumb","itemListElement":[{"@type":"ListItem","position":1,"name":"Home","item":"https:\/\/www.guerini.it\/"},{"@type":"ListItem","position":2,"name":"Catalogo","item":"https:\/\/www.guerini.it\/index.php\/negozio\/"},{"@type":"ListItem","position":3,"name":"Il tempo delle incertezze"}]},{"@type":"WebSite","@id":"https:\/\/www.guerini.it\/#website","url":"https:\/\/www.guerini.it\/","name":"Guerini e Associati","description":"30 anni di libri, idee e libert\u00e0","publisher":{"@id":"https:\/\/www.guerini.it\/#organization"},"potentialAction":[{"@type":"SearchAction","target":{"@type":"EntryPoint","urlTemplate":"https:\/\/www.guerini.it\/?s={search_term_string}"},"query-input":{"@type":"PropertyValueSpecification","valueRequired":true,"valueName":"search_term_string"}}],"inLanguage":"it-IT"},{"@type":"Organization","@id":"https:\/\/www.guerini.it\/#organization","name":"Guerini e Associati","url":"https:\/\/www.guerini.it\/","logo":{"@type":"ImageObject","inLanguage":"it-IT","@id":"https:\/\/www.guerini.it\/#\/schema\/logo\/image\/","url":"https:\/\/www.guerini.it\/wp-content\/uploads\/2021\/03\/Logo-Guerini-OK_-e1615831292285.png","contentUrl":"https:\/\/www.guerini.it\/wp-content\/uploads\/2021\/03\/Logo-Guerini-OK_-e1615831292285.png","width":2805,"height":1870,"caption":"Guerini e Associati"},"image":{"@id":"https:\/\/www.guerini.it\/#\/schema\/logo\/image\/"}}]}},"_links":{"self":[{"href":"https:\/\/www.guerini.it\/index.php\/wp-json\/wp\/v2\/product\/16418","targetHints":{"allow":["GET"]}}],"collection":[{"href":"https:\/\/www.guerini.it\/index.php\/wp-json\/wp\/v2\/product"}],"about":[{"href":"https:\/\/www.guerini.it\/index.php\/wp-json\/wp\/v2\/types\/product"}],"wp:featuredmedia":[{"embeddable":true,"href":"https:\/\/www.guerini.it\/index.php\/wp-json\/wp\/v2\/media\/16417"}],"wp:attachment":[{"href":"https:\/\/www.guerini.it\/index.php\/wp-json\/wp\/v2\/media?parent=16418"}],"wp:term":[{"taxonomy":"product_brand","embeddable":true,"href":"https:\/\/www.guerini.it\/index.php\/wp-json\/wp\/v2\/product_brand?post=16418"},{"taxonomy":"product_cat","embeddable":true,"href":"https:\/\/www.guerini.it\/index.php\/wp-json\/wp\/v2\/product_cat?post=16418"},{"taxonomy":"product_tag","embeddable":true,"href":"https:\/\/www.guerini.it\/index.php\/wp-json\/wp\/v2\/product_tag?post=16418"}],"curies":[{"name":"wp","href":"https:\/\/api.w.org\/{rel}","templated":true}]}}

<p style="text-align: justify;">Un XXIV Rapporto Centro Einaudi che si propone come punto di partenza per una rilettura critica degli ultimi dodici, densissimi mesi: l&#8217;Europa e l&#8217;Italia, gli Stati Uniti di Trump e la Cina di Xi, un Medio Oriente tornato ad alta tensione, il lavoro, il capitale e i nuovi volti del capitalismo, l&#8217;impatto sul clima. Un tentativo di fornire <em>occhiali</em> diversi, con <em>lenti</em> differenti da quelle del giorno per giorno, per una lettura e una riflessione di dati e avvenimenti in un mondo di risorse che si restringono e di incertezze che si allargano, per contribuire alla difficile ricerca di nuove soluzioni per nuovi (e vecchi) problemi.</p>
<p style="text-align: justify;"><strong>Mario Deaglio </strong>è professore emerito di Economia internazionale presso l&#8217;Università di Torino.<br />
<strong>Giorgio Arfaras</strong>, direttore della <em>Lettera Economica </em>del Centro Einaudi dal 2009, collabora a numerose testate di economia e finanza.<br />
<strong>Giuseppina De Santis</strong>, già assessore alla Ricerca e alle Attività produttive della Regione Piemonte, è stata direttore dal Centro Einaudi dal 2001 al 2014.<br />
<strong>Gabriele Guggiola</strong> è associate partner in PricewaterhouseCoopers nell&#8217;ambito financial service e operazioni straordinarie. Ha lavorato per Banca d&#8217;Italia.<br />
<strong>Paolo Migliavacca</strong>, giornalista, collabora fra l&#8217;altro con <em>Il Sole 24 Ore</em>, di cui è stato caposervizio e curatore della pagina Esteri, edizione del lunedì.<br />
<strong>Giuseppe Russo</strong>, economista professionista, è direttore del Centro Einaudi dal 2014.<br />
<strong>Giorgio Vernoni</strong> è ricercatore in Economia del lavoro all&#8217;Istituto di Ricerche Economico-Sociali del Piemonte. Collabora con il Centro Einaudi dal 2014.</p>
<p style="text-align: justify;">
<p style="text-align: justify;"><strong>Permalink: <a href="http://digital.casalini.it/9788881953547">http://digital.casalini.it/9788881953547</a></strong></p>

30 anni di libri, idee e libertà
