{"id":16428,"date":"2020-02-25T16:10:17","date_gmt":"2020-02-25T15:10:17","guid":{"rendered":"https:\/\/test.guerini.it\/?product=teoria-della-visione-2"},"modified":"2024-06-20T12:52:57","modified_gmt":"2024-06-20T10:52:57","slug":"teoria-della-visione-2","status":"publish","type":"product","link":"https:\/\/www.guerini.it\/index.php\/prodotto\/teoria-della-visione-2\/","title":{"rendered":"Teoria della visione"},"content":{"rendered":"<p style=\"text-align: justify;\"><em>Un saggio per una nuova teoria della visione<\/em> &#8211; con questo titolo cos\u00ec dimesso Berkeley, all&#8217;et\u00e0 di ventiquattro anni, pubblicava a Dublino la sua prima opera: un libro sulla percezione e sulle componenti sensibili della nostra esperienza della spazialit\u00e0 che avr\u00e0 una grossa risonanza e che sar\u00e0 una delle pietre miliari della riflessione psicologica e filosofica sulla visione.<\/p>\n<p style=\"text-align: justify;\">Con un saggio introduttivo di Paolo Spinicci.<\/p>\n","protected":false},"excerpt":{"rendered":"<p style=\"text-align: justify;\"><em>Un saggio per una nuova teoria della visione &#8211; <\/em>con questo titolo cos\u00ec dimesso Berkeley, all&#8217;et\u00e0 di ventiquattro anni, pubblicava a Dublino la sua prima opera: un libro sulla percezione e sulle componenti sensibili della nostra esperienza della spazialit\u00e0 che avr\u00e0 una grossa risonanza e che sar\u00e0 una delle pietre miliari della riflessione psicologica e filosofica sulla visione.<\/p>\n<p style=\"text-align: justify;\">Con un saggio introduttivo di Paolo Spinicci.<\/p>\n","protected":false},"featured_media":16427,"template":"","meta":{"_editorskit_title_hidden":false,"_editorskit_reading_time":0,"_editorskit_is_block_options_detached":false,"_editorskit_block_options_position":"{}","_monsterinsights_skip_tracking":false,"_monsterinsights_sitenote_active":false,"_monsterinsights_sitenote_note":"","_monsterinsights_sitenote_category":0},"product_brand":[],"product_cat":[6530],"product_tag":[],"class_list":{"0":"post-16428","1":"product","2":"type-product","3":"status-publish","4":"has-post-thumbnail","6":"product_cat-filosofia","7":"pa_fulfillment-default","8":"pa_guerini_amazon_link-d9-httpswwwamazonitteoria_del","9":"pa_guerini_ibs_link-f1-httpswwwibsitteoria_della_","10":"pa_guerini_libruniver_link-07-httpswwwlibreriauniversita","11":"pa_guerini_mondadori_link-82-httpswwwmondadoristoreitte","13":"first","14":"outofstock","15":"sale","16":"shipping-taxable","17":"purchasable","18":"product-type-simple"},"yoast_head":"<!-- This site is optimized with the Yoast SEO plugin v25.4 - https:\/\/yoast.com\/wordpress\/plugins\/seo\/ -->\n<title>Teoria della visione - Guerini e Associati<\/title>\n<meta name=\"robots\" content=\"index, follow, max-snippet:-1, max-image-preview:large, max-video-preview:-1\" \/>\n<link rel=\"canonical\" href=\"https:\/\/www.guerini.it\/index.php\/prodotto\/teoria-della-visione-2\/\" \/>\n<meta property=\"og:locale\" content=\"it_IT\" \/>\n<meta property=\"og:type\" content=\"article\" \/>\n<meta property=\"og:title\" content=\"Teoria della visione - Guerini e Associati\" \/>\n<meta property=\"og:description\" content=\"Un saggio per una nuova teoria della visione - con questo titolo cos\u00ec dimesso Berkeley, all&#039;et\u00e0 di ventiquattro anni, pubblicava a Dublino la sua prima opera: un libro sulla percezione e sulle componenti sensibili della nostra esperienza della spazialit\u00e0 che avr\u00e0 una grossa risonanza e che sar\u00e0 una delle pietre miliari della riflessione psicologica e filosofica sulla visione. Con un saggio introduttivo di Paolo Spinicci.\" \/>\n<meta property=\"og:url\" content=\"https:\/\/www.guerini.it\/index.php\/prodotto\/teoria-della-visione-2\/\" \/>\n<meta property=\"og:site_name\" content=\"Guerini e Associati\" \/>\n<meta property=\"article:modified_time\" content=\"2024-06-20T10:52:57+00:00\" \/>\n<meta property=\"og:image\" content=\"https:\/\/www.guerini.it\/wp-content\/uploads\/2020\/02\/teoria_della_visione_ne_sito.jpg\" \/>\n\t<meta property=\"og:image:width\" content=\"224\" \/>\n\t<meta property=\"og:image:height\" content=\"353\" \/>\n\t<meta property=\"og:image:type\" content=\"image\/jpeg\" \/>\n<meta name=\"twitter:card\" content=\"summary_large_image\" \/>\n<meta name=\"twitter:label1\" content=\"Tempo di lettura stimato\" \/>\n\t<meta name=\"twitter:data1\" content=\"1 minuto\" \/>\n<!-- \/ Yoast SEO plugin. -->","yoast_head_json":{"title":"Teoria della visione - Guerini e Associati","robots":{"index":"index","follow":"follow","max-snippet":"max-snippet:-1","max-image-preview":"max-image-preview:large","max-video-preview":"max-video-preview:-1"},"canonical":"https:\/\/www.guerini.it\/index.php\/prodotto\/teoria-della-visione-2\/","og_locale":"it_IT","og_type":"article","og_title":"Teoria della visione - Guerini e Associati","og_description":"Un saggio per una nuova teoria della visione - con questo titolo cos\u00ec dimesso Berkeley, all'et\u00e0 di ventiquattro anni, pubblicava a Dublino la sua prima opera: un libro sulla percezione e sulle componenti sensibili della nostra esperienza della spazialit\u00e0 che avr\u00e0 una grossa risonanza e che sar\u00e0 una delle pietre miliari della riflessione psicologica e filosofica sulla visione. Con un saggio introduttivo di Paolo Spinicci.","og_url":"https:\/\/www.guerini.it\/index.php\/prodotto\/teoria-della-visione-2\/","og_site_name":"Guerini e Associati","article_modified_time":"2024-06-20T10:52:57+00:00","og_image":[{"width":224,"height":353,"url":"https:\/\/www.guerini.it\/wp-content\/uploads\/2020\/02\/teoria_della_visione_ne_sito.jpg","type":"image\/jpeg"}],"twitter_card":"summary_large_image","twitter_misc":{"Tempo di lettura stimato":"1 minuto"},"schema":{"@context":"https:\/\/schema.org","@graph":[{"@type":"WebPage","@id":"https:\/\/www.guerini.it\/index.php\/prodotto\/teoria-della-visione-2\/","url":"https:\/\/www.guerini.it\/index.php\/prodotto\/teoria-della-visione-2\/","name":"Teoria della visione - Guerini e Associati","isPartOf":{"@id":"https:\/\/www.guerini.it\/#website"},"primaryImageOfPage":{"@id":"https:\/\/www.guerini.it\/index.php\/prodotto\/teoria-della-visione-2\/#primaryimage"},"image":{"@id":"https:\/\/www.guerini.it\/index.php\/prodotto\/teoria-della-visione-2\/#primaryimage"},"thumbnailUrl":"https:\/\/www.guerini.it\/wp-content\/uploads\/2020\/02\/teoria_della_visione_ne_sito.jpg","datePublished":"2020-02-25T15:10:17+00:00","dateModified":"2024-06-20T10:52:57+00:00","breadcrumb":{"@id":"https:\/\/www.guerini.it\/index.php\/prodotto\/teoria-della-visione-2\/#breadcrumb"},"inLanguage":"it-IT","potentialAction":[{"@type":"ReadAction","target":["https:\/\/www.guerini.it\/index.php\/prodotto\/teoria-della-visione-2\/"]}]},{"@type":"ImageObject","inLanguage":"it-IT","@id":"https:\/\/www.guerini.it\/index.php\/prodotto\/teoria-della-visione-2\/#primaryimage","url":"https:\/\/www.guerini.it\/wp-content\/uploads\/2020\/02\/teoria_della_visione_ne_sito.jpg","contentUrl":"https:\/\/www.guerini.it\/wp-content\/uploads\/2020\/02\/teoria_della_visione_ne_sito.jpg","width":224,"height":353,"caption":"Teoria della visione NE"},{"@type":"BreadcrumbList","@id":"https:\/\/www.guerini.it\/index.php\/prodotto\/teoria-della-visione-2\/#breadcrumb","itemListElement":[{"@type":"ListItem","position":1,"name":"Home","item":"https:\/\/www.guerini.it\/"},{"@type":"ListItem","position":2,"name":"Catalogo","item":"https:\/\/www.guerini.it\/index.php\/negozio\/"},{"@type":"ListItem","position":3,"name":"Teoria della visione"}]},{"@type":"WebSite","@id":"https:\/\/www.guerini.it\/#website","url":"https:\/\/www.guerini.it\/","name":"Guerini e Associati","description":"30 anni di libri, idee e libert\u00e0","publisher":{"@id":"https:\/\/www.guerini.it\/#organization"},"potentialAction":[{"@type":"SearchAction","target":{"@type":"EntryPoint","urlTemplate":"https:\/\/www.guerini.it\/?s={search_term_string}"},"query-input":{"@type":"PropertyValueSpecification","valueRequired":true,"valueName":"search_term_string"}}],"inLanguage":"it-IT"},{"@type":"Organization","@id":"https:\/\/www.guerini.it\/#organization","name":"Guerini e Associati","url":"https:\/\/www.guerini.it\/","logo":{"@type":"ImageObject","inLanguage":"it-IT","@id":"https:\/\/www.guerini.it\/#\/schema\/logo\/image\/","url":"https:\/\/www.guerini.it\/wp-content\/uploads\/2021\/03\/Logo-Guerini-OK_-e1615831292285.png","contentUrl":"https:\/\/www.guerini.it\/wp-content\/uploads\/2021\/03\/Logo-Guerini-OK_-e1615831292285.png","width":2805,"height":1870,"caption":"Guerini e Associati"},"image":{"@id":"https:\/\/www.guerini.it\/#\/schema\/logo\/image\/"}}]}},"_links":{"self":[{"href":"https:\/\/www.guerini.it\/index.php\/wp-json\/wp\/v2\/product\/16428","targetHints":{"allow":["GET"]}}],"collection":[{"href":"https:\/\/www.guerini.it\/index.php\/wp-json\/wp\/v2\/product"}],"about":[{"href":"https:\/\/www.guerini.it\/index.php\/wp-json\/wp\/v2\/types\/product"}],"wp:featuredmedia":[{"embeddable":true,"href":"https:\/\/www.guerini.it\/index.php\/wp-json\/wp\/v2\/media\/16427"}],"wp:attachment":[{"href":"https:\/\/www.guerini.it\/index.php\/wp-json\/wp\/v2\/media?parent=16428"}],"wp:term":[{"taxonomy":"product_brand","embeddable":true,"href":"https:\/\/www.guerini.it\/index.php\/wp-json\/wp\/v2\/product_brand?post=16428"},{"taxonomy":"product_cat","embeddable":true,"href":"https:\/\/www.guerini.it\/index.php\/wp-json\/wp\/v2\/product_cat?post=16428"},{"taxonomy":"product_tag","embeddable":true,"href":"https:\/\/www.guerini.it\/index.php\/wp-json\/wp\/v2\/product_tag?post=16428"}],"curies":[{"name":"wp","href":"https:\/\/api.w.org\/{rel}","templated":true}]}}

<p style="text-align: justify;"><em>Un saggio per una nuova teoria della visione</em> &#8211; con questo titolo così dimesso Berkeley, all&#8217;età di ventiquattro anni, pubblicava a Dublino la sua prima opera: un libro sulla percezione e sulle componenti sensibili della nostra esperienza della spazialità che avrà una grossa risonanza e che sarà una delle pietre miliari della riflessione psicologica e filosofica sulla visione.</p>
<p style="text-align: justify;">Con un saggio introduttivo di Paolo Spinicci.</p>

<p style="text-align: justify;"><em>Un saggio per una nuova teoria della visione &#8211; </em>con questo titolo così dimesso Berkeley, all&#8217;età di ventiquattro anni, pubblicava a Dublino la sua prima opera: un libro sulla percezione e sulle componenti sensibili della nostra esperienza della spazialità che avrà una grossa risonanza e che sarà una delle pietre miliari della riflessione psicologica e filosofica sulla visione.</p>
<p style="text-align: justify;">Con un saggio introduttivo di Paolo Spinicci.</p>

<!-- This site is optimized with the Yoast SEO plugin v25.4 - https://yoast.com/wordpress/plugins/seo/ -->
<title>Teoria della visione - Guerini e Associati</title>
<meta name="robots" content="index, follow, max-snippet:-1, max-image-preview:large, max-video-preview:-1" />
<link rel="canonical" href="https://www.guerini.it/index.php/prodotto/teoria-della-visione-2/" />
<meta property="og:locale" content="it_IT" />
<meta property="og:type" content="article" />
<meta property="og:title" content="Teoria della visione - Guerini e Associati" />
<meta property="og:description" content="Un saggio per una nuova teoria della visione - con questo titolo così dimesso Berkeley, all&#039;età di ventiquattro anni, pubblicava a Dublino la sua prima opera: un libro sulla percezione e sulle componenti sensibili della nostra esperienza della spazialità che avrà una grossa risonanza e che sarà una delle pietre miliari della riflessione psicologica e filosofica sulla visione. Con un saggio introduttivo di Paolo Spinicci." />
<meta property="og:url" content="https://www.guerini.it/index.php/prodotto/teoria-della-visione-2/" />
<meta property="og:site_name" content="Guerini e Associati" />
<meta property="article:modified_time" content="2024-06-20T10:52:57+00:00" />
<meta property="og:image" content="https://www.guerini.it/wp-content/uploads/2020/02/teoria_della_visione_ne_sito.jpg" />
	<meta property="og:image:width" content="224" />
	<meta property="og:image:height" content="353" />
	<meta property="og:image:type" content="image/jpeg" />
<meta name="twitter:card" content="summary_large_image" />
<meta name="twitter:label1" content="Tempo di lettura stimato" />
	<meta name="twitter:data1" content="1 minuto" />
<!-- / Yoast SEO plugin. -->

Un saggio per una nuova teoria della visione - con questo titolo così dimesso Berkeley, all'età di ventiquattro anni, pubblicava a Dublino la sua prima opera: un libro sulla percezione e sulle componenti sensibili della nostra esperienza della spazialità che avrà una grossa risonanza e che sarà una delle pietre miliari della riflessione psicologica e filosofica sulla visione. Con un saggio introduttivo di Paolo Spinicci.

30 anni di libri, idee e libertà
