{"id":16436,"date":"2020-03-09T11:10:49","date_gmt":"2020-03-09T10:10:49","guid":{"rendered":"https:\/\/test.guerini.it\/?product=l-educazione-e-i-margini"},"modified":"2024-06-27T16:13:36","modified_gmt":"2024-06-27T14:13:36","slug":"l-educazione-e-i-margini","status":"publish","type":"product","link":"https:\/\/www.guerini.it\/index.php\/prodotto\/l-educazione-e-i-margini\/","title":{"rendered":"L&#8217;educazione e i margini"},"content":{"rendered":"<p style=\"text-align: justify;\">In che modo l\u2019inclusione e la marginalit\u00e0 riguardano il mondo dell\u2019educazione? Come si impara a includere o a escludere, a integrare o a marginalizzare, a fare i conti con le differenze, proprie e altrui? Come si possono generare nuovi apprendimenti e nuove forme di convivenza e di giustizia sociale? Sono queste alcune delle principali traiettorie che vengono tracciate nel volume <em>L&#8217;educazione e i margini<\/em>, a partire dalla consapevolezza che nella contemporaneit\u00e0 sia indispensabile sostenere una posizione pedagogica ed etico-politica capace di confrontarsi con esse criticamente e di assumere in situazione un atteggiamento contrassegnato allo stesso tempo da rigore e creativit\u00e0, tramite cui moltiplicare, rendere porosi, permeabili e attraversabili i confini che separano vita e formazione, istituzioni e territori, identit\u00e0 e alterit\u00e0, individui, gruppi e comunit\u00e0 di appartenenza. Il testo \u00e8 rivolto a chi, a titolo personale o professionale, ha a che fare con temi legati all\u2019inclusione e all\u2019esclusione.<\/p>\n<p>Il volume \u00e8 il quinto numero della collana <a href=\"https:\/\/www.guerini.it\/index.php\/categoria-prodotto\/default-category\/psicologia-pedagogia\/processi-formativi-e-scienze-dell-educazione-educare-nel-margine\/\"><em>Processi formativi e scienze dell&#8217;educazione &#8211; Educare nel margine<\/em><\/a><\/p>\n<hr \/>\n<p style=\"text-align: justify;\"><strong>Alessandro Ferrante<\/strong> \u00e8 ricercatore in Pedagogia Generale e Sociale presso l\u2019Universit\u00e0 degli Studi di Milano-Bicocca, dove insegna Pedagogia dell\u2019Inclusione Sociale.<\/p>\n<p style=\"text-align: justify;\"><strong>Maria Benedetta Gambacorti-Passerini<\/strong>\u00a0\u00e8 ricercatrice in Pedagogia Generale e Sociale presso l\u2019Universit\u00e0 degli Studi di Milano-Bicocca, dove insegna Consulenza nel Disagio Educativo: Teorie e Pratiche.<\/p>\n<p style=\"text-align: justify;\"><strong>Cristina Palmieri<\/strong>\u00a0\u00e8 professore Ordinario in Pedagogia Generale e sociale presso l\u2019Universit\u00e0 degli Studi di Milano-Bicocca, dove insegna Pedagogia dell\u2019Inclusione Sociale e Fondamenti della Consulenza Pedagogica.<\/p>\n<p style=\"text-align: justify;\"><strong>Permalink:\u00a0<a href=\"http:\/\/digital.casalini.it\/9788881953745\">http:\/\/digital.casalini.it\/9788881953745<\/a><\/strong><\/p>\n","protected":false},"excerpt":{"rendered":"<p style=\"text-align: justify;\">In che modo l\u2019inclusione e la marginalit\u00e0 riguardano il mondo dell\u2019educazione? Come si impara a includere o a escludere, a integrare o a marginalizzare, a fare i conti con le differenze, proprie e altrui? Come si possono generare nuovi apprendimenti e nuove forme di convivenza e di giustizia sociale? Sono queste alcune delle principali traiettorie che vengono tracciate nel volume, a partire dalla consapevolezza che nella contemporaneit\u00e0 sia indispensabile sostenere una posizione pedagogica ed etico-politica capace di confrontarsi con esse criticamente e di assumere in situazione un atteggiamento contrassegnato allo stesso tempo da rigore e creativit\u00e0, tramite cui moltiplicare, rendere porosi, permeabili e attraversabili i confini che separano vita e formazione, istituzioni e territori, identit\u00e0 e alterit\u00e0, individui, gruppi e comunit\u00e0 di appartenenza. Il testo \u00e8 rivolto a chi, a titolo personale o professionale, ha a che fare con temi legati all\u2019inclusione e all\u2019esclusione.<\/p>\n","protected":false},"featured_media":23841,"template":"","meta":{"_editorskit_title_hidden":false,"_editorskit_reading_time":0,"_editorskit_is_block_options_detached":false,"_editorskit_block_options_position":"{}","_monsterinsights_skip_tracking":false,"_monsterinsights_sitenote_active":false,"_monsterinsights_sitenote_note":"","_monsterinsights_sitenote_category":0},"product_brand":[],"product_cat":[6536,6688],"product_tag":[6819,6822,7067,7653,7532],"class_list":{"0":"post-16436","1":"product","2":"type-product","3":"status-publish","4":"has-post-thumbnail","6":"product_cat-psicologia-pedagogia","7":"product_cat-processi-formativi-e-scienze-dell-educazione-educare-nel-margine","8":"product_tag-didattica","9":"product_tag-educazione","10":"product_tag-inclusione","11":"product_tag-pedagogia","12":"product_tag-universita","13":"pa_fulfillment-default","14":"pa_guerini_amazon_link-8d-httpswwwamazonitleducazion","15":"pa_guerini_feltrinelli_link-19-httpswwwlafeltrinelliitlib","16":"pa_guerini_ibs_link-24-httpswwwibsiteducazione_ma","17":"pa_guerini_libruniver_link-03-httpswwwlibreriauniversita","18":"pa_guerini_link_apple_ibook-99-httpsbooksapplecomitbookle","19":"pa_guerini_link_bookrepublic-77-httpswwwbookrepubliciteboo","20":"pa_guerini_link_ediermes-40-httpsstoredigibook24comiti","21":"pa_guerini_link_giunti_punto-d0-httpswwwgiuntialpuntoitpro","22":"pa_guerini_link_ibs-5c-httpswwwawin1comcreadphpaw","23":"pa_guerini_link_kobo-91-httpswwwkobocomititebookl_","24":"pa_guerini_link_lafeltrinelli-e0-httpswwwawin1comcreadphpaw","25":"pa_guerini_link_mondadori-dd-httpswwwmondadoristoreited","26":"pa_guerini_mondadori_link-c5-httpswwwmondadoristoreited","28":"first","29":"instock","30":"sale","31":"shipping-taxable","32":"purchasable","33":"product-type-simple"},"yoast_head":"<!-- This site is optimized with the Yoast SEO plugin v25.4 - https:\/\/yoast.com\/wordpress\/plugins\/seo\/ -->\n<title>L&#039;educazione e i margini | Guerini Editore<\/title>\n<meta name=\"description\" content=\"Il volume L&#039;educazione e i margini \u00e8 rivolto a chi, a titolo personale o professionale, ha a che fare con temi legati all\u2019inclusione e all\u2019esclusione.\" \/>\n<meta name=\"robots\" content=\"index, follow, max-snippet:-1, max-image-preview:large, max-video-preview:-1\" \/>\n<link rel=\"canonical\" href=\"https:\/\/www.guerini.it\/index.php\/prodotto\/l-educazione-e-i-margini\/\" \/>\n<meta property=\"og:locale\" content=\"it_IT\" \/>\n<meta property=\"og:type\" content=\"article\" \/>\n<meta property=\"og:title\" content=\"L&#039;educazione e i margini | Guerini Editore\" \/>\n<meta property=\"og:description\" content=\"Il volume L&#039;educazione e i margini \u00e8 rivolto a chi, a titolo personale o professionale, ha a che fare con temi legati all\u2019inclusione e all\u2019esclusione.\" \/>\n<meta property=\"og:url\" content=\"https:\/\/www.guerini.it\/index.php\/prodotto\/l-educazione-e-i-margini\/\" \/>\n<meta property=\"og:site_name\" content=\"Guerini e Associati\" \/>\n<meta property=\"article:modified_time\" content=\"2024-06-27T14:13:36+00:00\" \/>\n<meta property=\"og:image\" content=\"https:\/\/www.guerini.it\/wp-content\/uploads\/2020\/03\/L_educazione-e-i-margini-scaled.webp\" \/>\n\t<meta property=\"og:image:width\" content=\"1646\" \/>\n\t<meta property=\"og:image:height\" content=\"2560\" \/>\n\t<meta property=\"og:image:type\" content=\"image\/webp\" \/>\n<meta name=\"twitter:card\" content=\"summary_large_image\" \/>\n<meta name=\"twitter:label1\" content=\"Tempo di lettura stimato\" \/>\n\t<meta name=\"twitter:data1\" content=\"2 minuti\" \/>\n<!-- \/ Yoast SEO plugin. -->","yoast_head_json":{"title":"L'educazione e i margini | Guerini Editore","description":"Il volume L'educazione e i margini \u00e8 rivolto a chi, a titolo personale o professionale, ha a che fare con temi legati all\u2019inclusione e all\u2019esclusione.","robots":{"index":"index","follow":"follow","max-snippet":"max-snippet:-1","max-image-preview":"max-image-preview:large","max-video-preview":"max-video-preview:-1"},"canonical":"https:\/\/www.guerini.it\/index.php\/prodotto\/l-educazione-e-i-margini\/","og_locale":"it_IT","og_type":"article","og_title":"L'educazione e i margini | Guerini Editore","og_description":"Il volume L'educazione e i margini \u00e8 rivolto a chi, a titolo personale o professionale, ha a che fare con temi legati all\u2019inclusione e all\u2019esclusione.","og_url":"https:\/\/www.guerini.it\/index.php\/prodotto\/l-educazione-e-i-margini\/","og_site_name":"Guerini e Associati","article_modified_time":"2024-06-27T14:13:36+00:00","og_image":[{"width":1646,"height":2560,"url":"https:\/\/www.guerini.it\/wp-content\/uploads\/2020\/03\/L_educazione-e-i-margini-scaled.webp","type":"image\/webp"}],"twitter_card":"summary_large_image","twitter_misc":{"Tempo di lettura stimato":"2 minuti"},"schema":{"@context":"https:\/\/schema.org","@graph":[{"@type":"WebPage","@id":"https:\/\/www.guerini.it\/index.php\/prodotto\/l-educazione-e-i-margini\/","url":"https:\/\/www.guerini.it\/index.php\/prodotto\/l-educazione-e-i-margini\/","name":"L'educazione e i margini | Guerini Editore","isPartOf":{"@id":"https:\/\/www.guerini.it\/#website"},"primaryImageOfPage":{"@id":"https:\/\/www.guerini.it\/index.php\/prodotto\/l-educazione-e-i-margini\/#primaryimage"},"image":{"@id":"https:\/\/www.guerini.it\/index.php\/prodotto\/l-educazione-e-i-margini\/#primaryimage"},"thumbnailUrl":"https:\/\/www.guerini.it\/wp-content\/uploads\/2020\/03\/L_educazione-e-i-margini-scaled.webp","datePublished":"2020-03-09T10:10:49+00:00","dateModified":"2024-06-27T14:13:36+00:00","description":"Il volume L'educazione e i margini \u00e8 rivolto a chi, a titolo personale o professionale, ha a che fare con temi legati all\u2019inclusione e all\u2019esclusione.","breadcrumb":{"@id":"https:\/\/www.guerini.it\/index.php\/prodotto\/l-educazione-e-i-margini\/#breadcrumb"},"inLanguage":"it-IT","potentialAction":[{"@type":"ReadAction","target":["https:\/\/www.guerini.it\/index.php\/prodotto\/l-educazione-e-i-margini\/"]}]},{"@type":"ImageObject","inLanguage":"it-IT","@id":"https:\/\/www.guerini.it\/index.php\/prodotto\/l-educazione-e-i-margini\/#primaryimage","url":"https:\/\/www.guerini.it\/wp-content\/uploads\/2020\/03\/L_educazione-e-i-margini-scaled.webp","contentUrl":"https:\/\/www.guerini.it\/wp-content\/uploads\/2020\/03\/L_educazione-e-i-margini-scaled.webp","width":1646,"height":2560,"caption":"Copertina del volume L'educazione e i margini, Guerini Scientifica, 2020"},{"@type":"BreadcrumbList","@id":"https:\/\/www.guerini.it\/index.php\/prodotto\/l-educazione-e-i-margini\/#breadcrumb","itemListElement":[{"@type":"ListItem","position":1,"name":"Home","item":"https:\/\/www.guerini.it\/"},{"@type":"ListItem","position":2,"name":"Catalogo","item":"https:\/\/www.guerini.it\/index.php\/negozio\/"},{"@type":"ListItem","position":3,"name":"L&#8217;educazione e i margini"}]},{"@type":"WebSite","@id":"https:\/\/www.guerini.it\/#website","url":"https:\/\/www.guerini.it\/","name":"Guerini e Associati","description":"30 anni di libri, idee e libert\u00e0","publisher":{"@id":"https:\/\/www.guerini.it\/#organization"},"potentialAction":[{"@type":"SearchAction","target":{"@type":"EntryPoint","urlTemplate":"https:\/\/www.guerini.it\/?s={search_term_string}"},"query-input":{"@type":"PropertyValueSpecification","valueRequired":true,"valueName":"search_term_string"}}],"inLanguage":"it-IT"},{"@type":"Organization","@id":"https:\/\/www.guerini.it\/#organization","name":"Guerini e Associati","url":"https:\/\/www.guerini.it\/","logo":{"@type":"ImageObject","inLanguage":"it-IT","@id":"https:\/\/www.guerini.it\/#\/schema\/logo\/image\/","url":"https:\/\/www.guerini.it\/wp-content\/uploads\/2021\/03\/Logo-Guerini-OK_-e1615831292285.png","contentUrl":"https:\/\/www.guerini.it\/wp-content\/uploads\/2021\/03\/Logo-Guerini-OK_-e1615831292285.png","width":2805,"height":1870,"caption":"Guerini e Associati"},"image":{"@id":"https:\/\/www.guerini.it\/#\/schema\/logo\/image\/"}}]}},"_links":{"self":[{"href":"https:\/\/www.guerini.it\/index.php\/wp-json\/wp\/v2\/product\/16436","targetHints":{"allow":["GET"]}}],"collection":[{"href":"https:\/\/www.guerini.it\/index.php\/wp-json\/wp\/v2\/product"}],"about":[{"href":"https:\/\/www.guerini.it\/index.php\/wp-json\/wp\/v2\/types\/product"}],"wp:featuredmedia":[{"embeddable":true,"href":"https:\/\/www.guerini.it\/index.php\/wp-json\/wp\/v2\/media\/23841"}],"wp:attachment":[{"href":"https:\/\/www.guerini.it\/index.php\/wp-json\/wp\/v2\/media?parent=16436"}],"wp:term":[{"taxonomy":"product_brand","embeddable":true,"href":"https:\/\/www.guerini.it\/index.php\/wp-json\/wp\/v2\/product_brand?post=16436"},{"taxonomy":"product_cat","embeddable":true,"href":"https:\/\/www.guerini.it\/index.php\/wp-json\/wp\/v2\/product_cat?post=16436"},{"taxonomy":"product_tag","embeddable":true,"href":"https:\/\/www.guerini.it\/index.php\/wp-json\/wp\/v2\/product_tag?post=16436"}],"curies":[{"name":"wp","href":"https:\/\/api.w.org\/{rel}","templated":true}]}}

<p style="text-align: justify;">In che modo l’inclusione e la marginalità riguardano il mondo dell’educazione? Come si impara a includere o a escludere, a integrare o a marginalizzare, a fare i conti con le differenze, proprie e altrui? Come si possono generare nuovi apprendimenti e nuove forme di convivenza e di giustizia sociale? Sono queste alcune delle principali traiettorie che vengono tracciate nel volume <em>L&#8217;educazione e i margini</em>, a partire dalla consapevolezza che nella contemporaneità sia indispensabile sostenere una posizione pedagogica ed etico-politica capace di confrontarsi con esse criticamente e di assumere in situazione un atteggiamento contrassegnato allo stesso tempo da rigore e creatività, tramite cui moltiplicare, rendere porosi, permeabili e attraversabili i confini che separano vita e formazione, istituzioni e territori, identità e alterità, individui, gruppi e comunità di appartenenza. Il testo è rivolto a chi, a titolo personale o professionale, ha a che fare con temi legati all’inclusione e all’esclusione.</p>
<p>Il volume è il quinto numero della collana <a href="https://www.guerini.it/index.php/categoria-prodotto/default-category/psicologia-pedagogia/processi-formativi-e-scienze-dell-educazione-educare-nel-margine/"><em>Processi formativi e scienze dell&#8217;educazione &#8211; Educare nel margine</em></a></p>
<hr />
<p style="text-align: justify;"><strong>Alessandro Ferrante</strong> è ricercatore in Pedagogia Generale e Sociale presso l’Università degli Studi di Milano-Bicocca, dove insegna Pedagogia dell’Inclusione Sociale.</p>
<p style="text-align: justify;"><strong>Maria Benedetta Gambacorti-Passerini</strong> è ricercatrice in Pedagogia Generale e Sociale presso l’Università degli Studi di Milano-Bicocca, dove insegna Consulenza nel Disagio Educativo: Teorie e Pratiche.</p>
<p style="text-align: justify;"><strong>Cristina Palmieri</strong> è professore Ordinario in Pedagogia Generale e sociale presso l’Università degli Studi di Milano-Bicocca, dove insegna Pedagogia dell’Inclusione Sociale e Fondamenti della Consulenza Pedagogica.</p>
<p style="text-align: justify;"><strong>Permalink: <a href="http://digital.casalini.it/9788881953745">http://digital.casalini.it/9788881953745</a></strong></p>

<p style="text-align: justify;">In che modo l’inclusione e la marginalità riguardano il mondo dell’educazione? Come si impara a includere o a escludere, a integrare o a marginalizzare, a fare i conti con le differenze, proprie e altrui? Come si possono generare nuovi apprendimenti e nuove forme di convivenza e di giustizia sociale? Sono queste alcune delle principali traiettorie che vengono tracciate nel volume, a partire dalla consapevolezza che nella contemporaneità sia indispensabile sostenere una posizione pedagogica ed etico-politica capace di confrontarsi con esse criticamente e di assumere in situazione un atteggiamento contrassegnato allo stesso tempo da rigore e creatività, tramite cui moltiplicare, rendere porosi, permeabili e attraversabili i confini che separano vita e formazione, istituzioni e territori, identità e alterità, individui, gruppi e comunità di appartenenza. Il testo è rivolto a chi, a titolo personale o professionale, ha a che fare con temi legati all’inclusione e all’esclusione.</p>

<!-- This site is optimized with the Yoast SEO plugin v25.4 - https://yoast.com/wordpress/plugins/seo/ -->
<title>L&#039;educazione e i margini | Guerini Editore</title>
<meta name="description" content="Il volume L&#039;educazione e i margini è rivolto a chi, a titolo personale o professionale, ha a che fare con temi legati all’inclusione e all’esclusione." />
<meta name="robots" content="index, follow, max-snippet:-1, max-image-preview:large, max-video-preview:-1" />
<link rel="canonical" href="https://www.guerini.it/index.php/prodotto/l-educazione-e-i-margini/" />
<meta property="og:locale" content="it_IT" />
<meta property="og:type" content="article" />
<meta property="og:title" content="L&#039;educazione e i margini | Guerini Editore" />
<meta property="og:description" content="Il volume L&#039;educazione e i margini è rivolto a chi, a titolo personale o professionale, ha a che fare con temi legati all’inclusione e all’esclusione." />
<meta property="og:url" content="https://www.guerini.it/index.php/prodotto/l-educazione-e-i-margini/" />
<meta property="og:site_name" content="Guerini e Associati" />
<meta property="article:modified_time" content="2024-06-27T14:13:36+00:00" />
<meta property="og:image" content="https://www.guerini.it/wp-content/uploads/2020/03/L_educazione-e-i-margini-scaled.webp" />
	<meta property="og:image:width" content="1646" />
	<meta property="og:image:height" content="2560" />
	<meta property="og:image:type" content="image/webp" />
<meta name="twitter:card" content="summary_large_image" />
<meta name="twitter:label1" content="Tempo di lettura stimato" />
	<meta name="twitter:data1" content="2 minuti" />
<!-- / Yoast SEO plugin. -->

Il volume L'educazione e i margini è rivolto a chi, a titolo personale o professionale, ha a che fare con temi legati all’inclusione e all’esclusione.

30 anni di libri, idee e libertà
