{"id":16465,"date":"2020-06-05T08:03:34","date_gmt":"2020-06-05T06:03:34","guid":{"rendered":"https:\/\/test.guerini.it\/?product=non-li-lasceremo-soli"},"modified":"2024-11-27T09:23:20","modified_gmt":"2024-11-27T08:23:20","slug":"non-li-lasceremo-soli","status":"publish","type":"product","link":"https:\/\/www.guerini.it\/index.php\/prodotto\/non-li-lasceremo-soli\/","title":{"rendered":"Non li lasceremo soli"},"content":{"rendered":"<p style=\"text-align: center;\"><em><cite title=\"Giulio Sapelli\">Questo libro colma una lacuna importante nella storia politico-economica mediterranea dell\u2019Italia del Secondo dopoguerra<\/cite><\/em><br \/>\nGiulio Sapelli<\/p>\n<p style=\"text-align: justify;\">La guerra di Algeria inizi\u00f2 il primo novembre 1954 terminando ufficialmente il 19 marzo 1962. Ma fu proprio cos\u00ec? Il conflitto scoppi\u00f2 improvvisamente quel giorno o era in atto da molto prima? Gli osservatori italiani, gi\u00e0 nella seconda met\u00e0 degli anni Quaranta, registrarono da vicino le tensioni crescenti che avrebbero portato alla sanguinosa indipendenza dalla Francia. In particolare, l\u2019ambasciatore Pietro Quaroni che, con arguzia e lungimiranza, si accorse del ruolo che l\u2019Italia avrebbe potuto giocare nel Mediterraneo, invece di rimanere spettatrice in panchina. Sebbene fosse alleata politica della Francia, l\u2019Italia inizi\u00f2 a guardare con sempre maggiore interesse ad Algeri come partner economico e commerciale. In questo scenario emerse la figura di un Enrico Mattei nel ruolo inedito di mediatore, che vest\u00ec gli interessi di un\u2019Italia desiderosa di avere buoni rapporti con le autorit\u00e0 locali, ma anche abile nel non inimicarsi i vicini francesi, disposti a tutto pur di mantenere la colonia algerina: non volendo lasciare soli n\u00e9 gli uni n\u00e9 gli altri, l\u2019Italia prov\u00f2 a barcamenarsi per mantenere un equilibrio sempre pi\u00f9 difficile.<\/p>\n<p style=\"text-align: justify;\"><strong>Flavia De Lucia Lumeno<\/strong>, insegna Relazioni Euromediterranee presso l\u2019Universit\u00e0 Niccol\u00f2 Cusano di Roma. Ha collaborato con la Lumsa di Roma, l\u2019Universit\u00e0 Federico II di Napoli e con la Fondazione Eni Enrico Mattei. Ha pubblicato diversi studi sui rapporti tra l\u2019Italia e l\u2019Argentina e sulle questioni legate al Nord Africa e alle monarchie petrolifere del Golfo.<\/p>\n","protected":false},"excerpt":{"rendered":"<p>La guerra di Algeria inizi\u00f2 il primo novembre 1954 terminando ufficialmente il 19 marzo 1962. Ma fu proprio cos\u00ec? Il conflitto scoppi\u00f2 improvvisamente quel giorno o era in atto da molto prima? Gli osservatori italiani, gi\u00e0 nella seconda met\u00e0 degli anni Quaranta, registrarono da vicino le tensioni crescenti che avrebbero portato alla sanguinosa indipendenza dalla Francia. In particolare, l\u2019ambasciatore Pietro Quaroni che, con arguzia e lungimiranza, si accorse del ruolo che l\u2019Italia avrebbe potuto giocare nel Mediterraneo, invece di rimanere spettatrice in panchina. Sebbene fosse alleata politica della Francia, l\u2019Italia inizi\u00f2 a guardare con sempre maggiore interesse ad Algeri come partner economico e commerciale. In questo scenario emerse la figura di un Enrico Mattei nel ruolo inedito di mediatore, che vest\u00ec gli interessi di un\u2019Italia desiderosa di avere buoni rapporti con le autorit\u00e0 locali, ma anche abile nel non inimicarsi i vicini francesi, disposti a tutto pur di mantenere la colonia algerina: non volendo lasciare soli n\u00e9 gli uni n\u00e9 gli altri, l\u2019Italia prov\u00f2 a barcamenarsi per mantenere un equilibrio sempre pi\u00f9 difficile.<\/p>\n","protected":false},"featured_media":16464,"template":"","meta":{"_editorskit_title_hidden":false,"_editorskit_reading_time":0,"_editorskit_is_block_options_detached":false,"_editorskit_block_options_position":"{}","_monsterinsights_skip_tracking":false,"_monsterinsights_sitenote_active":false,"_monsterinsights_sitenote_note":"","_monsterinsights_sitenote_category":0},"product_brand":[],"product_cat":[6806],"product_tag":[],"class_list":{"0":"post-16465","1":"product","2":"type-product","3":"status-publish","4":"has-post-thumbnail","6":"product_cat-senza-categoria","7":"pa_fulfillment-default","8":"pa_guerini_amazon_link-e9-httpswwwamazonitlasceremo_","9":"pa_guerini_feltrinelli_link-74-httpswwwlafeltrinelliitlib","10":"pa_guerini_ibs_link-71-httpswwwibsitnon_li_lascer","11":"pa_guerini_link_amazon-84-httpswwwamazonitdpb08ksxwv","12":"pa_guerini_link_apple_ibook-ed-httpsbooksapplecomitbookno","13":"pa_guerini_link_giunti_punto-2c-httpswwwgiuntialpuntoitpro","14":"pa_guerini_link_google_play-bd-httpsplaygooglecomstoreboo","15":"pa_guerini_link_ibs-d4-httpswwwibsitnon_li_lascer","16":"pa_guerini_link_kobo-b9-httpswwwkobocomititebookno","17":"pa_guerini_link_lafeltrinelli-a5-httpswwwawin1comcreadphpaw","18":"pa_guerini_mondadori_link-d3-httpswwwmondadoristoreitno","20":"first","21":"instock","22":"sale","23":"shipping-taxable","24":"purchasable","25":"product-type-simple"},"yoast_head":"<!-- This site is optimized with the Yoast SEO plugin v25.4 - https:\/\/yoast.com\/wordpress\/plugins\/seo\/ -->\n<title>Non li lasceremo soli - Guerini e Associati<\/title>\n<meta name=\"robots\" content=\"index, follow, max-snippet:-1, max-image-preview:large, max-video-preview:-1\" \/>\n<link rel=\"canonical\" href=\"https:\/\/www.guerini.it\/index.php\/prodotto\/non-li-lasceremo-soli\/\" \/>\n<meta property=\"og:locale\" content=\"it_IT\" \/>\n<meta property=\"og:type\" content=\"article\" \/>\n<meta property=\"og:title\" content=\"Non li lasceremo soli - Guerini e Associati\" \/>\n<meta property=\"og:description\" content=\"La guerra di Algeria inizi\u00f2 il primo novembre 1954 terminando ufficialmente il 19 marzo 1962. Ma fu proprio cos\u00ec? Il conflitto scoppi\u00f2 improvvisamente quel giorno o era in atto da molto prima? Gli osservatori italiani, gi\u00e0 nella seconda met\u00e0 degli anni Quaranta, registrarono da vicino le tensioni crescenti che avrebbero portato alla sanguinosa indipendenza dalla Francia. In particolare, l\u2019ambasciatore Pietro Quaroni che, con arguzia e lungimiranza, si accorse del ruolo che l\u2019Italia avrebbe potuto giocare nel Mediterraneo, invece di rimanere spettatrice in panchina. Sebbene fosse alleata politica della Francia, l\u2019Italia inizi\u00f2 a guardare con sempre maggiore interesse ad Algeri come partner economico e commerciale. In questo scenario emerse la figura di un Enrico Mattei nel ruolo inedito di mediatore, che vest\u00ec gli interessi di un\u2019Italia desiderosa di avere buoni rapporti con le autorit\u00e0 locali, ma anche abile nel non inimicarsi i vicini francesi, disposti a tutto pur di mantenere la colonia algerina: non volendo lasciare soli n\u00e9 gli uni n\u00e9 gli altri, l\u2019Italia prov\u00f2 a barcamenarsi per mantenere un equilibrio sempre pi\u00f9 difficile.\" \/>\n<meta property=\"og:url\" content=\"https:\/\/www.guerini.it\/index.php\/prodotto\/non-li-lasceremo-soli\/\" \/>\n<meta property=\"og:site_name\" content=\"Guerini e Associati\" \/>\n<meta property=\"article:modified_time\" content=\"2024-11-27T08:23:20+00:00\" \/>\n<meta property=\"og:image\" content=\"https:\/\/www.guerini.it\/wp-content\/uploads\/2020\/06\/non_li_lasceremo_soli_sito.jpg\" \/>\n\t<meta property=\"og:image:width\" content=\"227\" \/>\n\t<meta property=\"og:image:height\" content=\"353\" \/>\n\t<meta property=\"og:image:type\" content=\"image\/jpeg\" \/>\n<meta name=\"twitter:card\" content=\"summary_large_image\" \/>\n<meta name=\"twitter:label1\" content=\"Tempo di lettura stimato\" \/>\n\t<meta name=\"twitter:data1\" content=\"2 minuti\" \/>\n<!-- \/ Yoast SEO plugin. -->","yoast_head_json":{"title":"Non li lasceremo soli - Guerini e Associati","robots":{"index":"index","follow":"follow","max-snippet":"max-snippet:-1","max-image-preview":"max-image-preview:large","max-video-preview":"max-video-preview:-1"},"canonical":"https:\/\/www.guerini.it\/index.php\/prodotto\/non-li-lasceremo-soli\/","og_locale":"it_IT","og_type":"article","og_title":"Non li lasceremo soli - Guerini e Associati","og_description":"La guerra di Algeria inizi\u00f2 il primo novembre 1954 terminando ufficialmente il 19 marzo 1962. Ma fu proprio cos\u00ec? Il conflitto scoppi\u00f2 improvvisamente quel giorno o era in atto da molto prima? Gli osservatori italiani, gi\u00e0 nella seconda met\u00e0 degli anni Quaranta, registrarono da vicino le tensioni crescenti che avrebbero portato alla sanguinosa indipendenza dalla Francia. In particolare, l\u2019ambasciatore Pietro Quaroni che, con arguzia e lungimiranza, si accorse del ruolo che l\u2019Italia avrebbe potuto giocare nel Mediterraneo, invece di rimanere spettatrice in panchina. Sebbene fosse alleata politica della Francia, l\u2019Italia inizi\u00f2 a guardare con sempre maggiore interesse ad Algeri come partner economico e commerciale. In questo scenario emerse la figura di un Enrico Mattei nel ruolo inedito di mediatore, che vest\u00ec gli interessi di un\u2019Italia desiderosa di avere buoni rapporti con le autorit\u00e0 locali, ma anche abile nel non inimicarsi i vicini francesi, disposti a tutto pur di mantenere la colonia algerina: non volendo lasciare soli n\u00e9 gli uni n\u00e9 gli altri, l\u2019Italia prov\u00f2 a barcamenarsi per mantenere un equilibrio sempre pi\u00f9 difficile.","og_url":"https:\/\/www.guerini.it\/index.php\/prodotto\/non-li-lasceremo-soli\/","og_site_name":"Guerini e Associati","article_modified_time":"2024-11-27T08:23:20+00:00","og_image":[{"width":227,"height":353,"url":"https:\/\/www.guerini.it\/wp-content\/uploads\/2020\/06\/non_li_lasceremo_soli_sito.jpg","type":"image\/jpeg"}],"twitter_card":"summary_large_image","twitter_misc":{"Tempo di lettura stimato":"2 minuti"},"schema":{"@context":"https:\/\/schema.org","@graph":[{"@type":"WebPage","@id":"https:\/\/www.guerini.it\/index.php\/prodotto\/non-li-lasceremo-soli\/","url":"https:\/\/www.guerini.it\/index.php\/prodotto\/non-li-lasceremo-soli\/","name":"Non li lasceremo soli - Guerini e Associati","isPartOf":{"@id":"https:\/\/www.guerini.it\/#website"},"primaryImageOfPage":{"@id":"https:\/\/www.guerini.it\/index.php\/prodotto\/non-li-lasceremo-soli\/#primaryimage"},"image":{"@id":"https:\/\/www.guerini.it\/index.php\/prodotto\/non-li-lasceremo-soli\/#primaryimage"},"thumbnailUrl":"https:\/\/www.guerini.it\/wp-content\/uploads\/2020\/06\/non_li_lasceremo_soli_sito.jpg","datePublished":"2020-06-05T06:03:34+00:00","dateModified":"2024-11-27T08:23:20+00:00","breadcrumb":{"@id":"https:\/\/www.guerini.it\/index.php\/prodotto\/non-li-lasceremo-soli\/#breadcrumb"},"inLanguage":"it-IT","potentialAction":[{"@type":"ReadAction","target":["https:\/\/www.guerini.it\/index.php\/prodotto\/non-li-lasceremo-soli\/"]}]},{"@type":"ImageObject","inLanguage":"it-IT","@id":"https:\/\/www.guerini.it\/index.php\/prodotto\/non-li-lasceremo-soli\/#primaryimage","url":"https:\/\/www.guerini.it\/wp-content\/uploads\/2020\/06\/non_li_lasceremo_soli_sito.jpg","contentUrl":"https:\/\/www.guerini.it\/wp-content\/uploads\/2020\/06\/non_li_lasceremo_soli_sito.jpg","width":227,"height":353,"caption":"Non li lasceremo soli"},{"@type":"BreadcrumbList","@id":"https:\/\/www.guerini.it\/index.php\/prodotto\/non-li-lasceremo-soli\/#breadcrumb","itemListElement":[{"@type":"ListItem","position":1,"name":"Home","item":"https:\/\/www.guerini.it\/"},{"@type":"ListItem","position":2,"name":"Catalogo","item":"https:\/\/www.guerini.it\/index.php\/negozio\/"},{"@type":"ListItem","position":3,"name":"Non li lasceremo soli"}]},{"@type":"WebSite","@id":"https:\/\/www.guerini.it\/#website","url":"https:\/\/www.guerini.it\/","name":"Guerini e Associati","description":"30 anni di libri, idee e libert\u00e0","publisher":{"@id":"https:\/\/www.guerini.it\/#organization"},"potentialAction":[{"@type":"SearchAction","target":{"@type":"EntryPoint","urlTemplate":"https:\/\/www.guerini.it\/?s={search_term_string}"},"query-input":{"@type":"PropertyValueSpecification","valueRequired":true,"valueName":"search_term_string"}}],"inLanguage":"it-IT"},{"@type":"Organization","@id":"https:\/\/www.guerini.it\/#organization","name":"Guerini e Associati","url":"https:\/\/www.guerini.it\/","logo":{"@type":"ImageObject","inLanguage":"it-IT","@id":"https:\/\/www.guerini.it\/#\/schema\/logo\/image\/","url":"https:\/\/www.guerini.it\/wp-content\/uploads\/2021\/03\/Logo-Guerini-OK_-e1615831292285.png","contentUrl":"https:\/\/www.guerini.it\/wp-content\/uploads\/2021\/03\/Logo-Guerini-OK_-e1615831292285.png","width":2805,"height":1870,"caption":"Guerini e Associati"},"image":{"@id":"https:\/\/www.guerini.it\/#\/schema\/logo\/image\/"}}]}},"_links":{"self":[{"href":"https:\/\/www.guerini.it\/index.php\/wp-json\/wp\/v2\/product\/16465","targetHints":{"allow":["GET"]}}],"collection":[{"href":"https:\/\/www.guerini.it\/index.php\/wp-json\/wp\/v2\/product"}],"about":[{"href":"https:\/\/www.guerini.it\/index.php\/wp-json\/wp\/v2\/types\/product"}],"wp:featuredmedia":[{"embeddable":true,"href":"https:\/\/www.guerini.it\/index.php\/wp-json\/wp\/v2\/media\/16464"}],"wp:attachment":[{"href":"https:\/\/www.guerini.it\/index.php\/wp-json\/wp\/v2\/media?parent=16465"}],"wp:term":[{"taxonomy":"product_brand","embeddable":true,"href":"https:\/\/www.guerini.it\/index.php\/wp-json\/wp\/v2\/product_brand?post=16465"},{"taxonomy":"product_cat","embeddable":true,"href":"https:\/\/www.guerini.it\/index.php\/wp-json\/wp\/v2\/product_cat?post=16465"},{"taxonomy":"product_tag","embeddable":true,"href":"https:\/\/www.guerini.it\/index.php\/wp-json\/wp\/v2\/product_tag?post=16465"}],"curies":[{"name":"wp","href":"https:\/\/api.w.org\/{rel}","templated":true}]}}

<p style="text-align: center;"><em><cite title="Giulio Sapelli">Questo libro colma una lacuna importante nella storia politico-economica mediterranea dell’Italia del Secondo dopoguerra</cite></em><br />
Giulio Sapelli</p>
<p style="text-align: justify;">La guerra di Algeria iniziò il primo novembre 1954 terminando ufficialmente il 19 marzo 1962. Ma fu proprio così? Il conflitto scoppiò improvvisamente quel giorno o era in atto da molto prima? Gli osservatori italiani, già nella seconda metà degli anni Quaranta, registrarono da vicino le tensioni crescenti che avrebbero portato alla sanguinosa indipendenza dalla Francia. In particolare, l’ambasciatore Pietro Quaroni che, con arguzia e lungimiranza, si accorse del ruolo che l’Italia avrebbe potuto giocare nel Mediterraneo, invece di rimanere spettatrice in panchina. Sebbene fosse alleata politica della Francia, l’Italia iniziò a guardare con sempre maggiore interesse ad Algeri come partner economico e commerciale. In questo scenario emerse la figura di un Enrico Mattei nel ruolo inedito di mediatore, che vestì gli interessi di un’Italia desiderosa di avere buoni rapporti con le autorità locali, ma anche abile nel non inimicarsi i vicini francesi, disposti a tutto pur di mantenere la colonia algerina: non volendo lasciare soli né gli uni né gli altri, l’Italia provò a barcamenarsi per mantenere un equilibrio sempre più difficile.</p>
<p style="text-align: justify;"><strong>Flavia De Lucia Lumeno</strong>, insegna Relazioni Euromediterranee presso l’Università Niccolò Cusano di Roma. Ha collaborato con la Lumsa di Roma, l’Università Federico II di Napoli e con la Fondazione Eni Enrico Mattei. Ha pubblicato diversi studi sui rapporti tra l’Italia e l’Argentina e sulle questioni legate al Nord Africa e alle monarchie petrolifere del Golfo.</p>

<p>La guerra di Algeria iniziò il primo novembre 1954 terminando ufficialmente il 19 marzo 1962. Ma fu proprio così? Il conflitto scoppiò improvvisamente quel giorno o era in atto da molto prima? Gli osservatori italiani, già nella seconda metà degli anni Quaranta, registrarono da vicino le tensioni crescenti che avrebbero portato alla sanguinosa indipendenza dalla Francia. In particolare, l’ambasciatore Pietro Quaroni che, con arguzia e lungimiranza, si accorse del ruolo che l’Italia avrebbe potuto giocare nel Mediterraneo, invece di rimanere spettatrice in panchina. Sebbene fosse alleata politica della Francia, l’Italia iniziò a guardare con sempre maggiore interesse ad Algeri come partner economico e commerciale. In questo scenario emerse la figura di un Enrico Mattei nel ruolo inedito di mediatore, che vestì gli interessi di un’Italia desiderosa di avere buoni rapporti con le autorità locali, ma anche abile nel non inimicarsi i vicini francesi, disposti a tutto pur di mantenere la colonia algerina: non volendo lasciare soli né gli uni né gli altri, l’Italia provò a barcamenarsi per mantenere un equilibrio sempre più difficile.</p>

<!-- This site is optimized with the Yoast SEO plugin v25.4 - https://yoast.com/wordpress/plugins/seo/ -->
<title>Non li lasceremo soli - Guerini e Associati</title>
<meta name="robots" content="index, follow, max-snippet:-1, max-image-preview:large, max-video-preview:-1" />
<link rel="canonical" href="https://www.guerini.it/index.php/prodotto/non-li-lasceremo-soli/" />
<meta property="og:locale" content="it_IT" />
<meta property="og:type" content="article" />
<meta property="og:title" content="Non li lasceremo soli - Guerini e Associati" />
<meta property="og:description" content="La guerra di Algeria iniziò il primo novembre 1954 terminando ufficialmente il 19 marzo 1962. Ma fu proprio così? Il conflitto scoppiò improvvisamente quel giorno o era in atto da molto prima? Gli osservatori italiani, già nella seconda metà degli anni Quaranta, registrarono da vicino le tensioni crescenti che avrebbero portato alla sanguinosa indipendenza dalla Francia. In particolare, l’ambasciatore Pietro Quaroni che, con arguzia e lungimiranza, si accorse del ruolo che l’Italia avrebbe potuto giocare nel Mediterraneo, invece di rimanere spettatrice in panchina. Sebbene fosse alleata politica della Francia, l’Italia iniziò a guardare con sempre maggiore interesse ad Algeri come partner economico e commerciale. In questo scenario emerse la figura di un Enrico Mattei nel ruolo inedito di mediatore, che vestì gli interessi di un’Italia desiderosa di avere buoni rapporti con le autorità locali, ma anche abile nel non inimicarsi i vicini francesi, disposti a tutto pur di mantenere la colonia algerina: non volendo lasciare soli né gli uni né gli altri, l’Italia provò a barcamenarsi per mantenere un equilibrio sempre più difficile." />
<meta property="og:url" content="https://www.guerini.it/index.php/prodotto/non-li-lasceremo-soli/" />
<meta property="og:site_name" content="Guerini e Associati" />
<meta property="article:modified_time" content="2024-11-27T08:23:20+00:00" />
<meta property="og:image" content="https://www.guerini.it/wp-content/uploads/2020/06/non_li_lasceremo_soli_sito.jpg" />
	<meta property="og:image:width" content="227" />
	<meta property="og:image:height" content="353" />
	<meta property="og:image:type" content="image/jpeg" />
<meta name="twitter:card" content="summary_large_image" />
<meta name="twitter:label1" content="Tempo di lettura stimato" />
	<meta name="twitter:data1" content="2 minuti" />
<!-- / Yoast SEO plugin. -->

La guerra di Algeria iniziò il primo novembre 1954 terminando ufficialmente il 19 marzo 1962. Ma fu proprio così? Il conflitto scoppiò improvvisamente quel giorno o era in atto da molto prima? Gli osservatori italiani, già nella seconda metà degli anni Quaranta, registrarono da vicino le tensioni crescenti che avrebbero portato alla sanguinosa indipendenza dalla Francia. In particolare, l’ambasciatore Pietro Quaroni che, con arguzia e lungimiranza, si accorse del ruolo che l’Italia avrebbe potuto giocare nel Mediterraneo, invece di rimanere spettatrice in panchina. Sebbene fosse alleata politica della Francia, l’Italia iniziò a guardare con sempre maggiore interesse ad Algeri come partner economico e commerciale. In questo scenario emerse la figura di un Enrico Mattei nel ruolo inedito di mediatore, che vestì gli interessi di un’Italia desiderosa di avere buoni rapporti con le autorità locali, ma anche abile nel non inimicarsi i vicini francesi, disposti a tutto pur di mantenere la colonia algerina: non volendo lasciare soli né gli uni né gli altri, l’Italia provò a barcamenarsi per mantenere un equilibrio sempre più difficile.

30 anni di libri, idee e libertà
