{"id":16471,"date":"2020-06-15T05:05:29","date_gmt":"2020-06-15T03:05:29","guid":{"rendered":"https:\/\/test.guerini.it\/?product=zonarossa"},"modified":"2026-04-21T13:25:54","modified_gmt":"2026-04-21T11:25:54","slug":"zonarossa","status":"publish","type":"product","link":"https:\/\/www.guerini.it\/index.php\/prodotto\/zonarossa\/","title":{"rendered":"#Zonarossa"},"content":{"rendered":"<blockquote>\n<p style=\"text-align: center;\">Insieme alla pandemia si \u00e8 diffusa, con la stessa rapidit\u00e0, una incontrollata <em>infodemia<\/em>. Una nuova malattia? Forse. Se c\u2019era un modo per mettere alla prova l\u2019informazione ela comunicazione, l\u2019emergenza provocata dal Covid-19 ne \u00e8 stata la pi\u00f9 drammatica e realistica conferma. Quel che \u00e8 certo, ad oggi, \u00e8 che i comunicatori, al fianco di scienziati, economisti ed esperti, avranno un ruolo sempre pi\u00f9 centrale nel disegnare e condurre le strategie di governance e di gestione del bene comune.<\/p>\n<\/blockquote>\n<p style=\"text-align: justify;\">La pandemia ha messo a dura prova la comunicazione istituzionale e di impresa, in particolare quella emergenziale. Alla luce degli errori e delle omissioni, ma anche delle scelte e delle intuizioni dettate dalle necessit\u00e0 quotidiane, questa esperienza deve diventare l\u2019occasione per evitare il ripetersi di cortocircuiti istituzionali e mediatici, dannosi tanto al cittadino quanto alla reputazione stessa dei media e delle Istituzioni. L\u2019obiettivo di questo libro \u00e8 quello di dare vita ad una riflessione costruttiva sulla comunicazione che ha il suo centro focale sulla vicenda italiana, senza per questo trascurare le esperienze di altri Paesi e del passato. Dell\u2019<em>infodemia<\/em>, proprio come di una qualsiasi patologia, si effettua una diagnosi\u2013 analizzandone i sintomi e gli aspetti con cui si manifesta \u2013 si valuta una prognosi e si propone una terapia, ipotizzando tempi di decorso, rimedi e strategie per far fronte al \u00abmorbo\u00bb. Programmare e studiare il coinvolgimento dei cittadini in scelte drastiche e impopolari come il lockdown \u00e8 essenziale per gestire in modo efficace e responsabile non solo questa pandemia, ma anche crisi future che probabilmente saranno altrettanto violente e inaspettate.<\/p>\n<p style=\"text-align: justify;\"><strong>Lelio Alfonso<\/strong> \u00e8 Managing Partner a Milano di Comin &amp; Partners e Senior Advisor di Esselunga SpA per le relazioni con i media. Ha iniziato da giornalista al Corriere Mercantile, quindi alla Gazzetta di Parma di cui \u00e8 stato vicedirettore. Gi\u00e0 a capo delle relazioni esterne, istituzionali e media di RCS MediaGroup, ha guidato l\u2019Unit\u00e0 di missione per la comunicazione istituzional ee internazionale della Presidenza del Consiglio. Senior Advisor di varie societ\u00e0 italiane, tra cui Eni e Rai, campaign manager in elezioni politiche e amministrative, ha diretto think tank e fatto parte del CdA della Fondazione Collegio Europeo di Parma. Saggista per Arel, ha curato<em> Viaggio nell\u2019economia italiana<\/em> (2004) e <em>La fabbrica del programma<\/em> (2006). Ha insegnato Informatica applicata al Giornalismo all\u2019Universit\u00e0 di Parma e Reputazione e disinformazione dei media al Master di Giornalismo della Luiss.<\/p>\n<p style=\"text-align: justify;\"><strong>Gianluca Comin<\/strong>, giornalista, manager d\u2019azienda, imprenditore, insegna Strategia di Comunicazione e Tecniche pubblicitarie alla Facolt\u00e0 di Economia e Management della Luiss e dirige l\u2019Executive Program in Corporate Communication alla Luiss Business School. Esperto di comunicazione di crisi \u00e8 autore di <em>2030, La Tempesta Perfetta<\/em> (2012),<em> L\u2019impresa oltre la crisi <\/em>(2016) e Comunicazione integrata e reputation management (2019). Nel 2014 ha fondato Comin&amp; Partners, societ\u00e0 di consulenza strategica, comunicazione e lobbying. Gi\u00e0 direttore delle Relazioni Esterne del Gruppo Enel e, prima, inTelecom Italia e Montedison, ha presieduto dal 2007 al 2011 la Ferpi \u2013 Federazione Relazioni Pubbliche Italiana. Ha fatto parte, in rappresentanza del Ministero dei Beni Culturali, del CdA de La Biennale di Venezia ed \u00e8 attualmente membro del Consiglio di Indirizzo del Teatro dell\u2019Opera di Roma.<\/p>\n","protected":false},"excerpt":{"rendered":"<p>Insieme alla pandemia si \u00e8 diffusa, con la stessa rapidit\u00e0, una incontrollata infodemia. Una nuova malattia? Forse. Se c\u2019era un modo per mettere alla prova l\u2019informazione ela comunicazione, l\u2019emergenza provocata [&hellip;]<\/p>\n","protected":false},"featured_media":16470,"template":"","meta":{"_editorskit_title_hidden":false,"_editorskit_reading_time":0,"_editorskit_is_block_options_detached":false,"_editorskit_block_options_position":"{}","_monsterinsights_skip_tracking":false,"_monsterinsights_sitenote_active":false,"_monsterinsights_sitenote_note":"","_monsterinsights_sitenote_category":0},"product_brand":[],"product_cat":[6585],"product_tag":[],"class_list":{"0":"post-16471","1":"product","2":"type-product","3":"status-publish","4":"has-post-thumbnail","6":"product_cat-sma","7":"pa_fulfillment-default","8":"pa_guerini_amazon_link-63-httpswwwamazonitzonarossa_","9":"pa_guerini_feltrinelli_link-f2-httpswwwlafeltrinelliitlib","10":"pa_guerini_libruniver_link-a3-httpswwwlibreriauniversita","11":"pa_guerini_link_amazon-cd-httpswwwamazonitdpb08b62gn","12":"pa_guerini_link_apple_ibook-cb-httpsbooksapplecomitbookzo","13":"pa_guerini_link_ibs-httptiddlycf174054","14":"pa_guerini_link_kobo-7f-httpswwwkobocomititebookzo","15":"pa_guerini_link_lafeltrinelli-32-httpswwwlafeltrinelliitebo","16":"pa_guerini_link_mondadori-1e-httpswwwmondadoristoreitzo","17":"pa_guerini_mondadori_link-39-httpswwwmondadoristoreitzo","19":"first","20":"instock","21":"sale","22":"shipping-taxable","23":"purchasable","24":"product-type-simple"},"yoast_head":"<!-- This site is optimized with the Yoast SEO plugin v25.4 - https:\/\/yoast.com\/wordpress\/plugins\/seo\/ -->\n<title>#Zonarossa - Guerini e Associati<\/title>\n<meta name=\"robots\" content=\"index, follow, max-snippet:-1, max-image-preview:large, max-video-preview:-1\" \/>\n<link rel=\"canonical\" href=\"https:\/\/www.guerini.it\/index.php\/prodotto\/zonarossa\/\" \/>\n<meta property=\"og:locale\" content=\"it_IT\" \/>\n<meta property=\"og:type\" content=\"article\" \/>\n<meta property=\"og:title\" content=\"#Zonarossa - Guerini e Associati\" \/>\n<meta property=\"og:description\" content=\"Insieme alla pandemia si \u00e8 diffusa, con la stessa rapidit\u00e0, una incontrollata infodemia. Una nuova malattia? Forse. Se c\u2019era un modo per mettere alla prova l\u2019informazione ela comunicazione, l\u2019emergenza provocata [&hellip;]\" \/>\n<meta property=\"og:url\" content=\"https:\/\/www.guerini.it\/index.php\/prodotto\/zonarossa\/\" \/>\n<meta property=\"og:site_name\" content=\"Guerini e Associati\" \/>\n<meta property=\"article:modified_time\" content=\"2026-04-21T11:25:54+00:00\" \/>\n<meta property=\"og:image\" content=\"https:\/\/www.guerini.it\/wp-content\/uploads\/2020\/06\/zonarossa_isto.jpg\" \/>\n\t<meta property=\"og:image:width\" content=\"234\" \/>\n\t<meta property=\"og:image:height\" content=\"353\" \/>\n\t<meta property=\"og:image:type\" content=\"image\/jpeg\" \/>\n<meta name=\"twitter:card\" content=\"summary_large_image\" \/>\n<meta name=\"twitter:label1\" content=\"Tempo di lettura stimato\" \/>\n\t<meta name=\"twitter:data1\" content=\"3 minuti\" \/>\n<!-- \/ Yoast SEO plugin. -->","yoast_head_json":{"title":"#Zonarossa - Guerini e Associati","robots":{"index":"index","follow":"follow","max-snippet":"max-snippet:-1","max-image-preview":"max-image-preview:large","max-video-preview":"max-video-preview:-1"},"canonical":"https:\/\/www.guerini.it\/index.php\/prodotto\/zonarossa\/","og_locale":"it_IT","og_type":"article","og_title":"#Zonarossa - Guerini e Associati","og_description":"Insieme alla pandemia si \u00e8 diffusa, con la stessa rapidit\u00e0, una incontrollata infodemia. Una nuova malattia? Forse. Se c\u2019era un modo per mettere alla prova l\u2019informazione ela comunicazione, l\u2019emergenza provocata [&hellip;]","og_url":"https:\/\/www.guerini.it\/index.php\/prodotto\/zonarossa\/","og_site_name":"Guerini e Associati","article_modified_time":"2026-04-21T11:25:54+00:00","og_image":[{"width":234,"height":353,"url":"https:\/\/www.guerini.it\/wp-content\/uploads\/2020\/06\/zonarossa_isto.jpg","type":"image\/jpeg"}],"twitter_card":"summary_large_image","twitter_misc":{"Tempo di lettura stimato":"3 minuti"},"schema":{"@context":"https:\/\/schema.org","@graph":[{"@type":"WebPage","@id":"https:\/\/www.guerini.it\/index.php\/prodotto\/zonarossa\/","url":"https:\/\/www.guerini.it\/index.php\/prodotto\/zonarossa\/","name":"#Zonarossa - Guerini e Associati","isPartOf":{"@id":"https:\/\/www.guerini.it\/#website"},"primaryImageOfPage":{"@id":"https:\/\/www.guerini.it\/index.php\/prodotto\/zonarossa\/#primaryimage"},"image":{"@id":"https:\/\/www.guerini.it\/index.php\/prodotto\/zonarossa\/#primaryimage"},"thumbnailUrl":"https:\/\/www.guerini.it\/wp-content\/uploads\/2020\/06\/zonarossa_isto.jpg","datePublished":"2020-06-15T03:05:29+00:00","dateModified":"2026-04-21T11:25:54+00:00","breadcrumb":{"@id":"https:\/\/www.guerini.it\/index.php\/prodotto\/zonarossa\/#breadcrumb"},"inLanguage":"it-IT","potentialAction":[{"@type":"ReadAction","target":["https:\/\/www.guerini.it\/index.php\/prodotto\/zonarossa\/"]}]},{"@type":"ImageObject","inLanguage":"it-IT","@id":"https:\/\/www.guerini.it\/index.php\/prodotto\/zonarossa\/#primaryimage","url":"https:\/\/www.guerini.it\/wp-content\/uploads\/2020\/06\/zonarossa_isto.jpg","contentUrl":"https:\/\/www.guerini.it\/wp-content\/uploads\/2020\/06\/zonarossa_isto.jpg","width":234,"height":353,"caption":"#Zonarossa. Il Covid-19 tra infodemia e comunicazione"},{"@type":"BreadcrumbList","@id":"https:\/\/www.guerini.it\/index.php\/prodotto\/zonarossa\/#breadcrumb","itemListElement":[{"@type":"ListItem","position":1,"name":"Home","item":"https:\/\/www.guerini.it\/"},{"@type":"ListItem","position":2,"name":"Catalogo","item":"https:\/\/www.guerini.it\/index.php\/negozio\/"},{"@type":"ListItem","position":3,"name":"#Zonarossa"}]},{"@type":"WebSite","@id":"https:\/\/www.guerini.it\/#website","url":"https:\/\/www.guerini.it\/","name":"Guerini e Associati","description":"30 anni di libri, idee e libert\u00e0","publisher":{"@id":"https:\/\/www.guerini.it\/#organization"},"potentialAction":[{"@type":"SearchAction","target":{"@type":"EntryPoint","urlTemplate":"https:\/\/www.guerini.it\/?s={search_term_string}"},"query-input":{"@type":"PropertyValueSpecification","valueRequired":true,"valueName":"search_term_string"}}],"inLanguage":"it-IT"},{"@type":"Organization","@id":"https:\/\/www.guerini.it\/#organization","name":"Guerini e Associati","url":"https:\/\/www.guerini.it\/","logo":{"@type":"ImageObject","inLanguage":"it-IT","@id":"https:\/\/www.guerini.it\/#\/schema\/logo\/image\/","url":"https:\/\/www.guerini.it\/wp-content\/uploads\/2021\/03\/Logo-Guerini-OK_-e1615831292285.png","contentUrl":"https:\/\/www.guerini.it\/wp-content\/uploads\/2021\/03\/Logo-Guerini-OK_-e1615831292285.png","width":2805,"height":1870,"caption":"Guerini e Associati"},"image":{"@id":"https:\/\/www.guerini.it\/#\/schema\/logo\/image\/"}}]}},"_links":{"self":[{"href":"https:\/\/www.guerini.it\/index.php\/wp-json\/wp\/v2\/product\/16471","targetHints":{"allow":["GET"]}}],"collection":[{"href":"https:\/\/www.guerini.it\/index.php\/wp-json\/wp\/v2\/product"}],"about":[{"href":"https:\/\/www.guerini.it\/index.php\/wp-json\/wp\/v2\/types\/product"}],"wp:featuredmedia":[{"embeddable":true,"href":"https:\/\/www.guerini.it\/index.php\/wp-json\/wp\/v2\/media\/16470"}],"wp:attachment":[{"href":"https:\/\/www.guerini.it\/index.php\/wp-json\/wp\/v2\/media?parent=16471"}],"wp:term":[{"taxonomy":"product_brand","embeddable":true,"href":"https:\/\/www.guerini.it\/index.php\/wp-json\/wp\/v2\/product_brand?post=16471"},{"taxonomy":"product_cat","embeddable":true,"href":"https:\/\/www.guerini.it\/index.php\/wp-json\/wp\/v2\/product_cat?post=16471"},{"taxonomy":"product_tag","embeddable":true,"href":"https:\/\/www.guerini.it\/index.php\/wp-json\/wp\/v2\/product_tag?post=16471"}],"curies":[{"name":"wp","href":"https:\/\/api.w.org\/{rel}","templated":true}]}}

<blockquote>
<p style="text-align: center;">Insieme alla pandemia si è diffusa, con la stessa rapidità, una incontrollata <em>infodemia</em>. Una nuova malattia? Forse. Se c’era un modo per mettere alla prova l’informazione ela comunicazione, l’emergenza provocata dal Covid-19 ne è stata la più drammatica e realistica conferma. Quel che è certo, ad oggi, è che i comunicatori, al fianco di scienziati, economisti ed esperti, avranno un ruolo sempre più centrale nel disegnare e condurre le strategie di governance e di gestione del bene comune.</p>
</blockquote>
<p style="text-align: justify;">La pandemia ha messo a dura prova la comunicazione istituzionale e di impresa, in particolare quella emergenziale. Alla luce degli errori e delle omissioni, ma anche delle scelte e delle intuizioni dettate dalle necessità quotidiane, questa esperienza deve diventare l’occasione per evitare il ripetersi di cortocircuiti istituzionali e mediatici, dannosi tanto al cittadino quanto alla reputazione stessa dei media e delle Istituzioni. L’obiettivo di questo libro è quello di dare vita ad una riflessione costruttiva sulla comunicazione che ha il suo centro focale sulla vicenda italiana, senza per questo trascurare le esperienze di altri Paesi e del passato. Dell’<em>infodemia</em>, proprio come di una qualsiasi patologia, si effettua una diagnosi– analizzandone i sintomi e gli aspetti con cui si manifesta – si valuta una prognosi e si propone una terapia, ipotizzando tempi di decorso, rimedi e strategie per far fronte al «morbo». Programmare e studiare il coinvolgimento dei cittadini in scelte drastiche e impopolari come il lockdown è essenziale per gestire in modo efficace e responsabile non solo questa pandemia, ma anche crisi future che probabilmente saranno altrettanto violente e inaspettate.</p>
<p style="text-align: justify;"><strong>Lelio Alfonso</strong> è Managing Partner a Milano di Comin &amp; Partners e Senior Advisor di Esselunga SpA per le relazioni con i media. Ha iniziato da giornalista al Corriere Mercantile, quindi alla Gazzetta di Parma di cui è stato vicedirettore. Già a capo delle relazioni esterne, istituzionali e media di RCS MediaGroup, ha guidato l’Unità di missione per la comunicazione istituzional ee internazionale della Presidenza del Consiglio. Senior Advisor di varie società italiane, tra cui Eni e Rai, campaign manager in elezioni politiche e amministrative, ha diretto think tank e fatto parte del CdA della Fondazione Collegio Europeo di Parma. Saggista per Arel, ha curato<em> Viaggio nell’economia italiana</em> (2004) e <em>La fabbrica del programma</em> (2006). Ha insegnato Informatica applicata al Giornalismo all’Università di Parma e Reputazione e disinformazione dei media al Master di Giornalismo della Luiss.</p>
<p style="text-align: justify;"><strong>Gianluca Comin</strong>, giornalista, manager d’azienda, imprenditore, insegna Strategia di Comunicazione e Tecniche pubblicitarie alla Facoltà di Economia e Management della Luiss e dirige l’Executive Program in Corporate Communication alla Luiss Business School. Esperto di comunicazione di crisi è autore di <em>2030, La Tempesta Perfetta</em> (2012),<em> L’impresa oltre la crisi </em>(2016) e Comunicazione integrata e reputation management (2019). Nel 2014 ha fondato Comin&amp; Partners, società di consulenza strategica, comunicazione e lobbying. Già direttore delle Relazioni Esterne del Gruppo Enel e, prima, inTelecom Italia e Montedison, ha presieduto dal 2007 al 2011 la Ferpi – Federazione Relazioni Pubbliche Italiana. Ha fatto parte, in rappresentanza del Ministero dei Beni Culturali, del CdA de La Biennale di Venezia ed è attualmente membro del Consiglio di Indirizzo del Teatro dell’Opera di Roma.</p>

<p>Insieme alla pandemia si è diffusa, con la stessa rapidità, una incontrollata infodemia. Una nuova malattia? Forse. Se c’era un modo per mettere alla prova l’informazione ela comunicazione, l’emergenza provocata [&hellip;]</p>

<!-- This site is optimized with the Yoast SEO plugin v25.4 - https://yoast.com/wordpress/plugins/seo/ -->
<title>#Zonarossa - Guerini e Associati</title>
<meta name="robots" content="index, follow, max-snippet:-1, max-image-preview:large, max-video-preview:-1" />
<link rel="canonical" href="https://www.guerini.it/index.php/prodotto/zonarossa/" />
<meta property="og:locale" content="it_IT" />
<meta property="og:type" content="article" />
<meta property="og:title" content="#Zonarossa - Guerini e Associati" />
<meta property="og:description" content="Insieme alla pandemia si è diffusa, con la stessa rapidità, una incontrollata infodemia. Una nuova malattia? Forse. Se c’era un modo per mettere alla prova l’informazione ela comunicazione, l’emergenza provocata [&hellip;]" />
<meta property="og:url" content="https://www.guerini.it/index.php/prodotto/zonarossa/" />
<meta property="og:site_name" content="Guerini e Associati" />
<meta property="article:modified_time" content="2026-04-21T11:25:54+00:00" />
<meta property="og:image" content="https://www.guerini.it/wp-content/uploads/2020/06/zonarossa_isto.jpg" />
	<meta property="og:image:width" content="234" />
	<meta property="og:image:height" content="353" />
	<meta property="og:image:type" content="image/jpeg" />
<meta name="twitter:card" content="summary_large_image" />
<meta name="twitter:label1" content="Tempo di lettura stimato" />
	<meta name="twitter:data1" content="3 minuti" />
<!-- / Yoast SEO plugin. -->

Insieme alla pandemia si è diffusa, con la stessa rapidità, una incontrollata infodemia. Una nuova malattia? Forse. Se c’era un modo per mettere alla prova l’informazione ela comunicazione, l’emergenza provocata [&hellip;]

30 anni di libri, idee e libertà
