{"id":16475,"date":"2020-06-25T07:29:52","date_gmt":"2020-06-25T05:29:52","guid":{"rendered":"https:\/\/test.guerini.it\/?product=l-immigrazione-in-italia-da-jerry-masslo-a-oggi"},"modified":"2024-12-11T16:06:38","modified_gmt":"2024-12-11T15:06:38","slug":"l-immigrazione-in-italia-da-jerry-masslo-a-oggi","status":"publish","type":"product","link":"https:\/\/www.guerini.it\/index.php\/prodotto\/l-immigrazione-in-italia-da-jerry-masslo-a-oggi\/","title":{"rendered":"L&#8217;immigrazione in Italia da Jerry Masslo a oggi"},"content":{"rendered":"<p style=\"text-align: justify;\">L\u2019omicidio del giovane sudafricano Jerry Essan Masslo, il 24 agosto 1989 a Villa Literno, segn\u00f2 l\u2019inizio della scoperta dell\u2019immigrazione da parte degli italiani. Sino ad allora gli immigrati non facevano notizia, anche se il saldo migratorio in Italia era gi\u00e0 positivo da tempo. Dalla vicenda Masslo tutto cambi\u00f2: ci s\u2019interrog\u00f2 sul razzismo; si discusse di regole sull\u2019immigrazione, con la presentazione di un pacchetto di norme che avrebbe costituito la base della legge Martelli; il dibattito pubblico si polarizz\u00f2, tra chi voleva mantenere politiche d\u2019accoglienza e chi invocava la chiusura delle frontiere.<br \/>\nSullo sfondo c\u2019erano imponenti cambiamenti internazionali: il crollo del Muro di Berlino e le prime ondate migratorie dall\u2019Est, l\u2019aumento dei viaggi dei migranti nel mar Mediterraneo, la costruzione del sistema di Schengen che ridefiniva il ruolo dei confini.<br \/>\nA trent\u2019anni di distanza da quegli avvenimenti, l\u2019immigrazione continua a infiammare il dibattito pubblico. \u00c8 spesso considerata un\u2019emergenza e gli italiani, mediamente, ne sovrastimano i numeri. Eppure, l\u2019integrazione degli immigrati nella societ\u00e0 italiana \u00e8 una realt\u00e0 che si riscontra a ogni livello, dalla scuola al mondo del lavoro, allo sport, all\u2019economia. Il paese ha mostrato nel tempo di avere grandi capacit\u00e0 d\u2019inclusione e oggi l\u201911% della popolazione in Italia \u00e8 immigrata o d\u2019origine immigrata.<br \/>\nIn questo libro studiosi di diverse discipline riflettono sull\u2019immigrazione in Italia, da Jerry Masslo a oggi, la inquadrano nella comune storia nazionale e le restituiscono i suoi contorni reali, ragionando sulle sfide, le problematicit\u00e0 e le opportunit\u00e0 che essa comporta.<\/p>\n<p>Introduzione di Andrea Riccardi e contributi di Daniela Pompei, Stefano Allievi, Michele Colucci, Nicola Daniele Coniglio, Francesco Dandolo, Maurizio Ambrosini, Marco Catarci, Andrea Possieri, Eva Garau, Mario Giro, Federica Guazzini e Simone Paoli.<\/p>\n<hr \/>\n<p style=\"text-align: justify;\"><strong>Valerio De Cesaris<\/strong> insegna Storia contemporanea all\u2019Universita\u0300 per Stranieri di Perugia. Fra le sue pubblicazioni presso le nostre edizioni ricordiamo <em>Vaticano, fascismo e questione razziale<\/em> (2010), <em>Spiritualmente semiti. La risposta cattolica all\u2019antisemitismo<\/em> (2017), <em>Il grande sbarco. L\u2019Italia e la scoperta dell\u2019immigrazione<\/em> (2018).<\/p>\n<p style=\"text-align: justify;\"><strong>Marco Impagliazzo<\/strong>, presidente della Comunita\u0300 di Sant\u2019Egidio, insegna Storia contemporanea all\u2019Universita\u0300 di Roma Tre. Tra le sue pubblicazioni ricordiamo <em>Il martirio degli armeni. Un genocidio dimenticato<\/em> (Brescia 2015) e, per le nostre edizioni, <em>Algeria in ostaggio. Tra esercito e fondamentalismo: storia di una pace difficile<\/em> (con Mario Giro, 1997), <em>La nazione cattolica. Chiesa e societ\u00e0 in Italia dal 1958 a oggi<\/em> (a cura, 2005), <em>La diocesi del papa. La Chiesa di Roma e gli anni di Paolo VI<\/em> (2006), <em>La resistenza silenziosa. Leggi razziali e occupazione nazista nella memoria degli ebrei di Roma<\/em> (2013), <em>Integrazione. Il modello Italia<\/em> (a cura, 2013).<\/p>\n","protected":false},"excerpt":{"rendered":"<p>L\u2019omicidio del giovane sudafricano Jerry Essan Masslo, il 24 agosto 1989 a Villa Literno, segn\u00f2 l\u2019inizio della scoperta dell\u2019immigrazione da parte degli italiani. Sino ad allora gli immigrati non facevano notizia, anche se il saldo migratorio in Italia era gi\u00e0 positivo da tempo. Dalla vicenda Masslo tutto cambi\u00f2: ci s\u2019interrog\u00f2 sul razzismo; si discusse di regole sull\u2019immigrazione, con la presentazione di un pacchetto di norme che avrebbe costituito la base della legge Martelli; il dibattito pubblico si polarizz\u00f2, tra chi voleva mantenere politiche d\u2019accoglienza e chi invocava la chiusura delle frontiere.<br \/>\nSullo sfondo c\u2019erano imponenti cambiamenti internazionali: il crollo del Muro di Berlino e le prime ondate migratorie dall\u2019Est, l\u2019aumento dei viaggi dei migranti nel mar Mediterraneo, la costruzione del sistema di Schengen che ridefiniva il ruolo dei confini.<br \/>\nA trent\u2019anni di distanza da quegli avvenimenti, l\u2019immigrazione continua a infiammare il dibattito pubblico. \u00c8 spesso considerata un\u2019emergenza e gli italiani, mediamente, ne sovrastimano i numeri. Eppure, l\u2019integrazione degli immigrati nella societ\u00e0 italiana \u00e8 una realt\u00e0 che si riscontra a ogni livello, dalla scuola al mondo del lavoro, allo sport, all\u2019economia. Il paese ha mostrato nel tempo di avere grandi capacit\u00e0 d\u2019inclusione e oggi l\u201911% della popolazione in Italia \u00e8 immigrata o d\u2019origine immigrata.<br \/>\nIn questo libro studiosi di diverse discipline riflettono sull\u2019immigrazione in Italia, da Jerry Masslo a oggi, la inquadrano nella comune storia nazionale e le restituiscono i suoi contorni reali, ragionando sulle sfide, le problematicit\u00e0 e le opportunit\u00e0 che essa comporta.<\/p>\n","protected":false},"featured_media":21849,"template":"","meta":{"_editorskit_title_hidden":false,"_editorskit_reading_time":0,"_editorskit_is_block_options_detached":false,"_editorskit_block_options_position":"{}","_monsterinsights_skip_tracking":false,"_monsterinsights_sitenote_active":false,"_monsterinsights_sitenote_note":"","_monsterinsights_sitenote_category":0},"product_brand":[],"product_cat":[6585,6527,6539],"product_tag":[],"class_list":{"0":"post-16475","1":"product","2":"type-product","3":"status-publish","4":"has-post-thumbnail","6":"product_cat-sma","7":"product_cat-attualita","8":"product_cat-storia-e-geografia","9":"pa_fulfillment-default","10":"pa_guerini_amazon_link-95-httpswwwamazonitlimmigrazi","11":"pa_guerini_ibs_link-httptiddly5c6fc703","12":"pa_guerini_libruniver_link-0a-httpswwwlibreriauniversita","13":"pa_guerini_link_amazon-89-httpswwwamazonitdpb08j2byx","14":"pa_guerini_link_apple_ibook-45-httpsbooksapplecomitbookli","15":"pa_guerini_link_kobo-6d-httpswwwkobocomititebookl_","16":"pa_guerini_mondadori_link-61-httpswwwmondadoristoreitim","18":"first","19":"instock","20":"sale","21":"shipping-taxable","22":"purchasable","23":"product-type-simple"},"yoast_head":"<!-- This site is optimized with the Yoast SEO plugin v25.4 - https:\/\/yoast.com\/wordpress\/plugins\/seo\/ -->\n<title>L&#039;immigrazione in Italia da Jerry Masslo a oggi - Guerini e Associati<\/title>\n<meta name=\"description\" content=\"Dall\u2019omicidio del giovane sudafricano Jerry Essan Masslo tutto cambi\u00f2: ci s\u2019interrog\u00f2 sul razzismo e si inizi\u00f2 a discutere di regole sull\u2019immigrazione.\" \/>\n<meta name=\"robots\" content=\"index, follow, max-snippet:-1, max-image-preview:large, max-video-preview:-1\" \/>\n<link rel=\"canonical\" href=\"https:\/\/www.guerini.it\/index.php\/prodotto\/l-immigrazione-in-italia-da-jerry-masslo-a-oggi\/\" \/>\n<meta property=\"og:locale\" content=\"it_IT\" \/>\n<meta property=\"og:type\" content=\"article\" \/>\n<meta property=\"og:title\" content=\"L&#039;immigrazione in Italia da Jerry Masslo a oggi - Guerini e Associati\" \/>\n<meta property=\"og:description\" content=\"Dall\u2019omicidio del giovane sudafricano Jerry Essan Masslo tutto cambi\u00f2: ci s\u2019interrog\u00f2 sul razzismo e si inizi\u00f2 a discutere di regole sull\u2019immigrazione.\" \/>\n<meta property=\"og:url\" content=\"https:\/\/www.guerini.it\/index.php\/prodotto\/l-immigrazione-in-italia-da-jerry-masslo-a-oggi\/\" \/>\n<meta property=\"og:site_name\" content=\"Guerini e Associati\" \/>\n<meta property=\"article:modified_time\" content=\"2024-12-11T15:06:38+00:00\" \/>\n<meta property=\"og:image\" content=\"https:\/\/www.guerini.it\/wp-content\/uploads\/2020\/06\/Front-Cover-JERRY-MASSLO-E-LIMMIGRAZIONE-e1617283428391.jpg\" \/>\n\t<meta property=\"og:image:width\" content=\"233\" \/>\n\t<meta property=\"og:image:height\" content=\"350\" \/>\n\t<meta property=\"og:image:type\" content=\"image\/jpeg\" \/>\n<meta name=\"twitter:card\" content=\"summary_large_image\" \/>\n<meta name=\"twitter:label1\" content=\"Tempo di lettura stimato\" \/>\n\t<meta name=\"twitter:data1\" content=\"3 minuti\" \/>\n<!-- \/ Yoast SEO plugin. -->","yoast_head_json":{"title":"L'immigrazione in Italia da Jerry Masslo a oggi - Guerini e Associati","description":"Dall\u2019omicidio del giovane sudafricano Jerry Essan Masslo tutto cambi\u00f2: ci s\u2019interrog\u00f2 sul razzismo e si inizi\u00f2 a discutere di regole sull\u2019immigrazione.","robots":{"index":"index","follow":"follow","max-snippet":"max-snippet:-1","max-image-preview":"max-image-preview:large","max-video-preview":"max-video-preview:-1"},"canonical":"https:\/\/www.guerini.it\/index.php\/prodotto\/l-immigrazione-in-italia-da-jerry-masslo-a-oggi\/","og_locale":"it_IT","og_type":"article","og_title":"L'immigrazione in Italia da Jerry Masslo a oggi - Guerini e Associati","og_description":"Dall\u2019omicidio del giovane sudafricano Jerry Essan Masslo tutto cambi\u00f2: ci s\u2019interrog\u00f2 sul razzismo e si inizi\u00f2 a discutere di regole sull\u2019immigrazione.","og_url":"https:\/\/www.guerini.it\/index.php\/prodotto\/l-immigrazione-in-italia-da-jerry-masslo-a-oggi\/","og_site_name":"Guerini e Associati","article_modified_time":"2024-12-11T15:06:38+00:00","og_image":[{"width":233,"height":350,"url":"https:\/\/www.guerini.it\/wp-content\/uploads\/2020\/06\/Front-Cover-JERRY-MASSLO-E-LIMMIGRAZIONE-e1617283428391.jpg","type":"image\/jpeg"}],"twitter_card":"summary_large_image","twitter_misc":{"Tempo di lettura stimato":"3 minuti"},"schema":{"@context":"https:\/\/schema.org","@graph":[{"@type":"WebPage","@id":"https:\/\/www.guerini.it\/index.php\/prodotto\/l-immigrazione-in-italia-da-jerry-masslo-a-oggi\/","url":"https:\/\/www.guerini.it\/index.php\/prodotto\/l-immigrazione-in-italia-da-jerry-masslo-a-oggi\/","name":"L'immigrazione in Italia da Jerry Masslo a oggi - Guerini e Associati","isPartOf":{"@id":"https:\/\/www.guerini.it\/#website"},"primaryImageOfPage":{"@id":"https:\/\/www.guerini.it\/index.php\/prodotto\/l-immigrazione-in-italia-da-jerry-masslo-a-oggi\/#primaryimage"},"image":{"@id":"https:\/\/www.guerini.it\/index.php\/prodotto\/l-immigrazione-in-italia-da-jerry-masslo-a-oggi\/#primaryimage"},"thumbnailUrl":"https:\/\/www.guerini.it\/wp-content\/uploads\/2020\/06\/Front-Cover-JERRY-MASSLO-E-LIMMIGRAZIONE-e1617283428391.jpg","datePublished":"2020-06-25T05:29:52+00:00","dateModified":"2024-12-11T15:06:38+00:00","description":"Dall\u2019omicidio del giovane sudafricano Jerry Essan Masslo tutto cambi\u00f2: ci s\u2019interrog\u00f2 sul razzismo e si inizi\u00f2 a discutere di regole sull\u2019immigrazione.","breadcrumb":{"@id":"https:\/\/www.guerini.it\/index.php\/prodotto\/l-immigrazione-in-italia-da-jerry-masslo-a-oggi\/#breadcrumb"},"inLanguage":"it-IT","potentialAction":[{"@type":"ReadAction","target":["https:\/\/www.guerini.it\/index.php\/prodotto\/l-immigrazione-in-italia-da-jerry-masslo-a-oggi\/"]}]},{"@type":"ImageObject","inLanguage":"it-IT","@id":"https:\/\/www.guerini.it\/index.php\/prodotto\/l-immigrazione-in-italia-da-jerry-masslo-a-oggi\/#primaryimage","url":"https:\/\/www.guerini.it\/wp-content\/uploads\/2020\/06\/Front-Cover-JERRY-MASSLO-E-LIMMIGRAZIONE-e1617283428391.jpg","contentUrl":"https:\/\/www.guerini.it\/wp-content\/uploads\/2020\/06\/Front-Cover-JERRY-MASSLO-E-LIMMIGRAZIONE-e1617283428391.jpg","width":233,"height":350,"caption":"Copertina del libro L'immigrazione in Italia da Jerry Masslo a oggi"},{"@type":"BreadcrumbList","@id":"https:\/\/www.guerini.it\/index.php\/prodotto\/l-immigrazione-in-italia-da-jerry-masslo-a-oggi\/#breadcrumb","itemListElement":[{"@type":"ListItem","position":1,"name":"Home","item":"https:\/\/www.guerini.it\/"},{"@type":"ListItem","position":2,"name":"Catalogo","item":"https:\/\/www.guerini.it\/index.php\/negozio\/"},{"@type":"ListItem","position":3,"name":"L&#8217;immigrazione in Italia da Jerry Masslo a oggi"}]},{"@type":"WebSite","@id":"https:\/\/www.guerini.it\/#website","url":"https:\/\/www.guerini.it\/","name":"Guerini e Associati","description":"30 anni di libri, idee e libert\u00e0","publisher":{"@id":"https:\/\/www.guerini.it\/#organization"},"potentialAction":[{"@type":"SearchAction","target":{"@type":"EntryPoint","urlTemplate":"https:\/\/www.guerini.it\/?s={search_term_string}"},"query-input":{"@type":"PropertyValueSpecification","valueRequired":true,"valueName":"search_term_string"}}],"inLanguage":"it-IT"},{"@type":"Organization","@id":"https:\/\/www.guerini.it\/#organization","name":"Guerini e Associati","url":"https:\/\/www.guerini.it\/","logo":{"@type":"ImageObject","inLanguage":"it-IT","@id":"https:\/\/www.guerini.it\/#\/schema\/logo\/image\/","url":"https:\/\/www.guerini.it\/wp-content\/uploads\/2021\/03\/Logo-Guerini-OK_-e1615831292285.png","contentUrl":"https:\/\/www.guerini.it\/wp-content\/uploads\/2021\/03\/Logo-Guerini-OK_-e1615831292285.png","width":2805,"height":1870,"caption":"Guerini e Associati"},"image":{"@id":"https:\/\/www.guerini.it\/#\/schema\/logo\/image\/"}}]}},"_links":{"self":[{"href":"https:\/\/www.guerini.it\/index.php\/wp-json\/wp\/v2\/product\/16475","targetHints":{"allow":["GET"]}}],"collection":[{"href":"https:\/\/www.guerini.it\/index.php\/wp-json\/wp\/v2\/product"}],"about":[{"href":"https:\/\/www.guerini.it\/index.php\/wp-json\/wp\/v2\/types\/product"}],"wp:featuredmedia":[{"embeddable":true,"href":"https:\/\/www.guerini.it\/index.php\/wp-json\/wp\/v2\/media\/21849"}],"wp:attachment":[{"href":"https:\/\/www.guerini.it\/index.php\/wp-json\/wp\/v2\/media?parent=16475"}],"wp:term":[{"taxonomy":"product_brand","embeddable":true,"href":"https:\/\/www.guerini.it\/index.php\/wp-json\/wp\/v2\/product_brand?post=16475"},{"taxonomy":"product_cat","embeddable":true,"href":"https:\/\/www.guerini.it\/index.php\/wp-json\/wp\/v2\/product_cat?post=16475"},{"taxonomy":"product_tag","embeddable":true,"href":"https:\/\/www.guerini.it\/index.php\/wp-json\/wp\/v2\/product_tag?post=16475"}],"curies":[{"name":"wp","href":"https:\/\/api.w.org\/{rel}","templated":true}]}}

<p style="text-align: justify;">L’omicidio del giovane sudafricano Jerry Essan Masslo, il 24 agosto 1989 a Villa Literno, segnò l’inizio della scoperta dell’immigrazione da parte degli italiani. Sino ad allora gli immigrati non facevano notizia, anche se il saldo migratorio in Italia era già positivo da tempo. Dalla vicenda Masslo tutto cambiò: ci s’interrogò sul razzismo; si discusse di regole sull’immigrazione, con la presentazione di un pacchetto di norme che avrebbe costituito la base della legge Martelli; il dibattito pubblico si polarizzò, tra chi voleva mantenere politiche d’accoglienza e chi invocava la chiusura delle frontiere.<br />
Sullo sfondo c’erano imponenti cambiamenti internazionali: il crollo del Muro di Berlino e le prime ondate migratorie dall’Est, l’aumento dei viaggi dei migranti nel mar Mediterraneo, la costruzione del sistema di Schengen che ridefiniva il ruolo dei confini.<br />
A trent’anni di distanza da quegli avvenimenti, l’immigrazione continua a infiammare il dibattito pubblico. È spesso considerata un’emergenza e gli italiani, mediamente, ne sovrastimano i numeri. Eppure, l’integrazione degli immigrati nella società italiana è una realtà che si riscontra a ogni livello, dalla scuola al mondo del lavoro, allo sport, all’economia. Il paese ha mostrato nel tempo di avere grandi capacità d’inclusione e oggi l’11% della popolazione in Italia è immigrata o d’origine immigrata.<br />
In questo libro studiosi di diverse discipline riflettono sull’immigrazione in Italia, da Jerry Masslo a oggi, la inquadrano nella comune storia nazionale e le restituiscono i suoi contorni reali, ragionando sulle sfide, le problematicità e le opportunità che essa comporta.</p>
<p>Introduzione di Andrea Riccardi e contributi di Daniela Pompei, Stefano Allievi, Michele Colucci, Nicola Daniele Coniglio, Francesco Dandolo, Maurizio Ambrosini, Marco Catarci, Andrea Possieri, Eva Garau, Mario Giro, Federica Guazzini e Simone Paoli.</p>
<hr />
<p style="text-align: justify;"><strong>Valerio De Cesaris</strong> insegna Storia contemporanea all’Università per Stranieri di Perugia. Fra le sue pubblicazioni presso le nostre edizioni ricordiamo <em>Vaticano, fascismo e questione razziale</em> (2010), <em>Spiritualmente semiti. La risposta cattolica all’antisemitismo</em> (2017), <em>Il grande sbarco. L’Italia e la scoperta dell’immigrazione</em> (2018).</p>
<p style="text-align: justify;"><strong>Marco Impagliazzo</strong>, presidente della Comunità di Sant’Egidio, insegna Storia contemporanea all’Università di Roma Tre. Tra le sue pubblicazioni ricordiamo <em>Il martirio degli armeni. Un genocidio dimenticato</em> (Brescia 2015) e, per le nostre edizioni, <em>Algeria in ostaggio. Tra esercito e fondamentalismo: storia di una pace difficile</em> (con Mario Giro, 1997), <em>La nazione cattolica. Chiesa e società in Italia dal 1958 a oggi</em> (a cura, 2005), <em>La diocesi del papa. La Chiesa di Roma e gli anni di Paolo VI</em> (2006), <em>La resistenza silenziosa. Leggi razziali e occupazione nazista nella memoria degli ebrei di Roma</em> (2013), <em>Integrazione. Il modello Italia</em> (a cura, 2013).</p>

<p>L’omicidio del giovane sudafricano Jerry Essan Masslo, il 24 agosto 1989 a Villa Literno, segnò l’inizio della scoperta dell’immigrazione da parte degli italiani. Sino ad allora gli immigrati non facevano notizia, anche se il saldo migratorio in Italia era già positivo da tempo. Dalla vicenda Masslo tutto cambiò: ci s’interrogò sul razzismo; si discusse di regole sull’immigrazione, con la presentazione di un pacchetto di norme che avrebbe costituito la base della legge Martelli; il dibattito pubblico si polarizzò, tra chi voleva mantenere politiche d’accoglienza e chi invocava la chiusura delle frontiere.<br />
Sullo sfondo c’erano imponenti cambiamenti internazionali: il crollo del Muro di Berlino e le prime ondate migratorie dall’Est, l’aumento dei viaggi dei migranti nel mar Mediterraneo, la costruzione del sistema di Schengen che ridefiniva il ruolo dei confini.<br />
A trent’anni di distanza da quegli avvenimenti, l’immigrazione continua a infiammare il dibattito pubblico. È spesso considerata un’emergenza e gli italiani, mediamente, ne sovrastimano i numeri. Eppure, l’integrazione degli immigrati nella società italiana è una realtà che si riscontra a ogni livello, dalla scuola al mondo del lavoro, allo sport, all’economia. Il paese ha mostrato nel tempo di avere grandi capacità d’inclusione e oggi l’11% della popolazione in Italia è immigrata o d’origine immigrata.<br />
In questo libro studiosi di diverse discipline riflettono sull’immigrazione in Italia, da Jerry Masslo a oggi, la inquadrano nella comune storia nazionale e le restituiscono i suoi contorni reali, ragionando sulle sfide, le problematicità e le opportunità che essa comporta.</p>

<!-- This site is optimized with the Yoast SEO plugin v25.4 - https://yoast.com/wordpress/plugins/seo/ -->
<title>L&#039;immigrazione in Italia da Jerry Masslo a oggi - Guerini e Associati</title>
<meta name="description" content="Dall’omicidio del giovane sudafricano Jerry Essan Masslo tutto cambiò: ci s’interrogò sul razzismo e si iniziò a discutere di regole sull’immigrazione." />
<meta name="robots" content="index, follow, max-snippet:-1, max-image-preview:large, max-video-preview:-1" />
<link rel="canonical" href="https://www.guerini.it/index.php/prodotto/l-immigrazione-in-italia-da-jerry-masslo-a-oggi/" />
<meta property="og:locale" content="it_IT" />
<meta property="og:type" content="article" />
<meta property="og:title" content="L&#039;immigrazione in Italia da Jerry Masslo a oggi - Guerini e Associati" />
<meta property="og:description" content="Dall’omicidio del giovane sudafricano Jerry Essan Masslo tutto cambiò: ci s’interrogò sul razzismo e si iniziò a discutere di regole sull’immigrazione." />
<meta property="og:url" content="https://www.guerini.it/index.php/prodotto/l-immigrazione-in-italia-da-jerry-masslo-a-oggi/" />
<meta property="og:site_name" content="Guerini e Associati" />
<meta property="article:modified_time" content="2024-12-11T15:06:38+00:00" />
<meta property="og:image" content="https://www.guerini.it/wp-content/uploads/2020/06/Front-Cover-JERRY-MASSLO-E-LIMMIGRAZIONE-e1617283428391.jpg" />
	<meta property="og:image:width" content="233" />
	<meta property="og:image:height" content="350" />
	<meta property="og:image:type" content="image/jpeg" />
<meta name="twitter:card" content="summary_large_image" />
<meta name="twitter:label1" content="Tempo di lettura stimato" />
	<meta name="twitter:data1" content="3 minuti" />
<!-- / Yoast SEO plugin. -->

Dall’omicidio del giovane sudafricano Jerry Essan Masslo tutto cambiò: ci s’interrogò sul razzismo e si iniziò a discutere di regole sull’immigrazione.

30 anni di libri, idee e libertà
