{"id":16500,"date":"2020-07-17T06:43:47","date_gmt":"2020-07-17T04:43:47","guid":{"rendered":"https:\/\/test.guerini.it\/?product=thinking-outside-the-box"},"modified":"2024-06-12T14:40:43","modified_gmt":"2024-06-12T12:40:43","slug":"thinking-outside-the-box","status":"publish","type":"product","link":"https:\/\/www.guerini.it\/index.php\/prodotto\/thinking-outside-the-box\/","title":{"rendered":"Thinking outside the box"},"content":{"rendered":"<blockquote><p>\u00abEcco, troviamo in questo libro un aiuto per una riflessione che probabilmente continuer\u00e0, anzi certamente, perch\u00e9 le soluzioni nessuno le ha in tasca, e sicuramente dovr\u00e0 arricchire e svegliare molte coscienze, anzitutto di coloro che assumono le decisioni politiche per gli Stati e per gli organismi sovranazionali\u00bb. Franco Frattini<\/p><\/blockquote>\n<p style=\"text-align: justify;\">La pandemia causata dal Covid-19 rappresenta il tassello di un puzzle articolato che andava tracciandosi gi\u00e0 da diversi anni. Il virus e i suoi effetti forniscono, infatti, l\u2019incastro perfetto alle dinamiche gi\u00e0 in corso, accelerando movimenti di masse politiche e civiche che altrimenti sarebbero stati pi\u00f9 graduali e tortuosi.<br \/>\nEd \u00e8 cos\u00ec che il virus si offre a noi come lente tramite la quale osservare i cambiamenti nei paradigmi e allo stesso tempo tracciare la continuit\u00e0 delle strategie nazionali. Alcuni paesi, tendenzialmente egemonici, non modificheranno a lungo il loro atteggiamento. A dimostrarlo, le fasi pi\u00f9 intense della crisi che hanno visto alcuni stati muoversi secondo quelle che potrebbero essere definite tendenze imperialiste. La malattia procede in modo tutt\u2019altro che omogeneo e il contagio segue tempistiche diverse, offrendo cos\u00ec occasioni di competizione.<br \/>\nL\u2019emergenza, da questo punto di vista, si trasforma in un\u2019opportunit\u00e0 nazionale e individuale. Il lockdown ha consentito alle nostre menti di muoversi, creando nuove idee e spingendo decisori pubblici e cittadini a pensare fuori dagli schemi. Tramite un\u2019analisi approfondita della geopolitica internazionale al tempo del Covid-19, \u00abThinking outside the box\u00bb invita il lettore a guardare oltre i confini, perch\u00e9 se c\u2019\u00e8 un aspetto certo in mezzo all\u2019incertezza della crisi \u00e8 che ci\u00f2 che viene dopo, non sar\u00e0 lo stesso di quello che abbiamo davanti e che siamo abituati a conoscere.<\/p>\n<p style=\"text-align: justify;\">\u00abLa parte pi\u00f9 importante della mia vita \u00e8 la somma delle mie esperienze\u00bb. <strong>Gianluigi Torzi <\/strong>ha iniziato sui desk di borsa per poi passare al capital market e all\u2019investment banking.Anni di esperienza maturati sul campo giorno dopo giorno. Oggi, nelle aziende da lui fondate in varie parti del mondo, lavorano oltre tremila persone provenienti da settanta nazioni differenti.Estrarre valore dalle situazioni pi\u00f9 complicate, puntando su un approccio pragmatico, ma non meno sulla resilienza, \u00e8 l\u2019abilit\u00e0 che meglio lo rappresenta.La geopolitica, intesa come sommatoria dei processi di lungo periodo che arrivano a determinare le sorti dell\u2019uomo \u2013 delle collettivit\u00e0, con le sue evoluzioni, i meccanismi, le dinamiche \u2013 \u00e8 il suo principale e pi\u00f9 profondo interesse.<\/p>\n","protected":false},"excerpt":{"rendered":"<p>La pandemia causata dal Covid-19 rappresenta il tassello di un puzzle articolato che andava tracciandosi gi\u00e0 da diversi anni. Il virus e i suoi effetti forniscono, infatti, l\u2019incastro perfetto alle dinamiche gi\u00e0 in corso, accelerando movimenti di masse politiche e civiche che altrimenti sarebbero stati pi\u00f9 graduali e tortuosi.<br \/>\nEd \u00e8 cos\u00ec che il virus si offre a noi come lente tramite la quale osservare i cambiamenti nei paradigmi e allo stesso tempo tracciare la continuit\u00e0 delle strategie nazionali. Alcuni paesi, tendenzialmente egemonici, non modificheranno a lungo il loro atteggiamento. A dimostrarlo, le fasi pi\u00f9 intense della crisi che hanno visto alcuni stati muoversi secondo quelle che potrebbero essere definite tendenze imperialiste. La malattia procede in modo tutt\u2019altro che omogeneo e il contagio segue tempistiche diverse, offrendo cos\u00ec occasioni di competizione.<br \/>\nL\u2019emergenza, da questo punto di vista, si trasforma in un\u2019opportunit\u00e0 nazionale e individuale. Il lockdown ha consentito alle nostre menti di muoversi, creando nuove idee e spingendo decisori pubblici e cittadini a pensare fuori dagli schemi. Tramite un\u2019analisi approfondita della geopolitica internazionale al tempo del Covid-19, \u00abThinking outside the box\u00bb invita il lettore a guardare oltre i confini, perch\u00e9 se c\u2019\u00e8 un aspetto certo in mezzo all\u2019incertezza della crisi \u00e8 che ci\u00f2 che viene dopo, non sar\u00e0 lo stesso di quello che abbiamo davanti e che siamo abituati a conoscere.<\/p>\n","protected":false},"featured_media":16499,"template":"","meta":{"_editorskit_title_hidden":false,"_editorskit_reading_time":0,"_editorskit_is_block_options_detached":false,"_editorskit_block_options_position":"{}","_monsterinsights_skip_tracking":false,"_monsterinsights_sitenote_active":false,"_monsterinsights_sitenote_note":"","_monsterinsights_sitenote_category":0},"product_brand":[],"product_cat":[6585],"product_tag":[],"class_list":{"0":"post-16500","1":"product","2":"type-product","3":"status-publish","4":"has-post-thumbnail","6":"product_cat-sma","7":"pa_fulfillment-default","8":"pa_guerini_amazon_link-73-httpswwwamazonitthinking_o","9":"pa_guerini_feltrinelli_link-b0-httpswwwlafeltrinelliitlib","10":"pa_guerini_ibs_link-ed-httpswwwibsitthinking_outs","11":"pa_guerini_link_amazon-1e-httpswwwamazonitdpb08dtkwk","12":"pa_guerini_link_apple_ibook-ef-httpsbooksapplecomitbookth","13":"pa_guerini_link_bookrepublic-31-httpswwwbookrepubliciteboo","14":"pa_guerini_link_giunti_punto-48-httpswwwgiuntialpuntoitpro","15":"pa_guerini_link_google_play-98-httpsplaygooglecomstoreboo","16":"pa_guerini_link_ibs-93-httpswwwibsitthinking_outs","17":"pa_guerini_link_kobo-0a-httpswwwkobocomititebookth","18":"pa_guerini_link_mondadori-30-httpswwwmondadoristoreitth","20":"first","21":"instock","22":"sale","23":"shipping-taxable","24":"purchasable","25":"product-type-simple"},"yoast_head":"<!-- This site is optimized with the Yoast SEO plugin v25.4 - https:\/\/yoast.com\/wordpress\/plugins\/seo\/ -->\n<title>Thinking outside the box - Guerini e Associati<\/title>\n<meta name=\"robots\" content=\"index, follow, max-snippet:-1, max-image-preview:large, max-video-preview:-1\" \/>\n<link rel=\"canonical\" href=\"https:\/\/www.guerini.it\/index.php\/prodotto\/thinking-outside-the-box\/\" \/>\n<meta property=\"og:locale\" content=\"it_IT\" \/>\n<meta property=\"og:type\" content=\"article\" \/>\n<meta property=\"og:title\" content=\"Thinking outside the box - Guerini e Associati\" \/>\n<meta property=\"og:description\" content=\"La pandemia causata dal Covid-19 rappresenta il tassello di un puzzle articolato che andava tracciandosi gi\u00e0 da diversi anni. Il virus e i suoi effetti forniscono, infatti, l\u2019incastro perfetto alle dinamiche gi\u00e0 in corso, accelerando movimenti di masse politiche e civiche che altrimenti sarebbero stati pi\u00f9 graduali e tortuosi. Ed \u00e8 cos\u00ec che il virus si offre a noi come lente tramite la quale osservare i cambiamenti nei paradigmi e allo stesso tempo tracciare la continuit\u00e0 delle strategie nazionali. Alcuni paesi, tendenzialmente egemonici, non modificheranno a lungo il loro atteggiamento. A dimostrarlo, le fasi pi\u00f9 intense della crisi che hanno visto alcuni stati muoversi secondo quelle che potrebbero essere definite tendenze imperialiste. La malattia procede in modo tutt\u2019altro che omogeneo e il contagio segue tempistiche diverse, offrendo cos\u00ec occasioni di competizione. L\u2019emergenza, da questo punto di vista, si trasforma in un\u2019opportunit\u00e0 nazionale e individuale. Il lockdown ha consentito alle nostre menti di muoversi, creando nuove idee e spingendo decisori pubblici e cittadini a pensare fuori dagli schemi. Tramite un\u2019analisi approfondita della geopolitica internazionale al tempo del Covid-19, \u00abThinking outside the box\u00bb invita il lettore a guardare oltre i confini, perch\u00e9 se c\u2019\u00e8 un aspetto certo in mezzo all\u2019incertezza della crisi \u00e8 che ci\u00f2 che viene dopo, non sar\u00e0 lo stesso di quello che abbiamo davanti e che siamo abituati a conoscere.\" \/>\n<meta property=\"og:url\" content=\"https:\/\/www.guerini.it\/index.php\/prodotto\/thinking-outside-the-box\/\" \/>\n<meta property=\"og:site_name\" content=\"Guerini e Associati\" \/>\n<meta property=\"article:modified_time\" content=\"2024-06-12T12:40:43+00:00\" \/>\n<meta property=\"og:image\" content=\"https:\/\/www.guerini.it\/wp-content\/uploads\/2020\/07\/thinking_outside_the_box_sito.png\" \/>\n\t<meta property=\"og:image:width\" content=\"235\" \/>\n\t<meta property=\"og:image:height\" content=\"353\" \/>\n\t<meta property=\"og:image:type\" content=\"image\/png\" \/>\n<meta name=\"twitter:card\" content=\"summary_large_image\" \/>\n<meta name=\"twitter:label1\" content=\"Tempo di lettura stimato\" \/>\n\t<meta name=\"twitter:data1\" content=\"2 minuti\" \/>\n<!-- \/ Yoast SEO plugin. -->","yoast_head_json":{"title":"Thinking outside the box - Guerini e Associati","robots":{"index":"index","follow":"follow","max-snippet":"max-snippet:-1","max-image-preview":"max-image-preview:large","max-video-preview":"max-video-preview:-1"},"canonical":"https:\/\/www.guerini.it\/index.php\/prodotto\/thinking-outside-the-box\/","og_locale":"it_IT","og_type":"article","og_title":"Thinking outside the box - Guerini e Associati","og_description":"La pandemia causata dal Covid-19 rappresenta il tassello di un puzzle articolato che andava tracciandosi gi\u00e0 da diversi anni. Il virus e i suoi effetti forniscono, infatti, l\u2019incastro perfetto alle dinamiche gi\u00e0 in corso, accelerando movimenti di masse politiche e civiche che altrimenti sarebbero stati pi\u00f9 graduali e tortuosi. Ed \u00e8 cos\u00ec che il virus si offre a noi come lente tramite la quale osservare i cambiamenti nei paradigmi e allo stesso tempo tracciare la continuit\u00e0 delle strategie nazionali. Alcuni paesi, tendenzialmente egemonici, non modificheranno a lungo il loro atteggiamento. A dimostrarlo, le fasi pi\u00f9 intense della crisi che hanno visto alcuni stati muoversi secondo quelle che potrebbero essere definite tendenze imperialiste. La malattia procede in modo tutt\u2019altro che omogeneo e il contagio segue tempistiche diverse, offrendo cos\u00ec occasioni di competizione. L\u2019emergenza, da questo punto di vista, si trasforma in un\u2019opportunit\u00e0 nazionale e individuale. Il lockdown ha consentito alle nostre menti di muoversi, creando nuove idee e spingendo decisori pubblici e cittadini a pensare fuori dagli schemi. Tramite un\u2019analisi approfondita della geopolitica internazionale al tempo del Covid-19, \u00abThinking outside the box\u00bb invita il lettore a guardare oltre i confini, perch\u00e9 se c\u2019\u00e8 un aspetto certo in mezzo all\u2019incertezza della crisi \u00e8 che ci\u00f2 che viene dopo, non sar\u00e0 lo stesso di quello che abbiamo davanti e che siamo abituati a conoscere.","og_url":"https:\/\/www.guerini.it\/index.php\/prodotto\/thinking-outside-the-box\/","og_site_name":"Guerini e Associati","article_modified_time":"2024-06-12T12:40:43+00:00","og_image":[{"width":235,"height":353,"url":"https:\/\/www.guerini.it\/wp-content\/uploads\/2020\/07\/thinking_outside_the_box_sito.png","type":"image\/png"}],"twitter_card":"summary_large_image","twitter_misc":{"Tempo di lettura stimato":"2 minuti"},"schema":{"@context":"https:\/\/schema.org","@graph":[{"@type":"WebPage","@id":"https:\/\/www.guerini.it\/index.php\/prodotto\/thinking-outside-the-box\/","url":"https:\/\/www.guerini.it\/index.php\/prodotto\/thinking-outside-the-box\/","name":"Thinking outside the box - Guerini e Associati","isPartOf":{"@id":"https:\/\/www.guerini.it\/#website"},"primaryImageOfPage":{"@id":"https:\/\/www.guerini.it\/index.php\/prodotto\/thinking-outside-the-box\/#primaryimage"},"image":{"@id":"https:\/\/www.guerini.it\/index.php\/prodotto\/thinking-outside-the-box\/#primaryimage"},"thumbnailUrl":"https:\/\/www.guerini.it\/wp-content\/uploads\/2020\/07\/thinking_outside_the_box_sito.png","datePublished":"2020-07-17T04:43:47+00:00","dateModified":"2024-06-12T12:40:43+00:00","breadcrumb":{"@id":"https:\/\/www.guerini.it\/index.php\/prodotto\/thinking-outside-the-box\/#breadcrumb"},"inLanguage":"it-IT","potentialAction":[{"@type":"ReadAction","target":["https:\/\/www.guerini.it\/index.php\/prodotto\/thinking-outside-the-box\/"]}]},{"@type":"ImageObject","inLanguage":"it-IT","@id":"https:\/\/www.guerini.it\/index.php\/prodotto\/thinking-outside-the-box\/#primaryimage","url":"https:\/\/www.guerini.it\/wp-content\/uploads\/2020\/07\/thinking_outside_the_box_sito.png","contentUrl":"https:\/\/www.guerini.it\/wp-content\/uploads\/2020\/07\/thinking_outside_the_box_sito.png","width":235,"height":353,"caption":"Thinking outside the box"},{"@type":"BreadcrumbList","@id":"https:\/\/www.guerini.it\/index.php\/prodotto\/thinking-outside-the-box\/#breadcrumb","itemListElement":[{"@type":"ListItem","position":1,"name":"Home","item":"https:\/\/www.guerini.it\/"},{"@type":"ListItem","position":2,"name":"Catalogo","item":"https:\/\/www.guerini.it\/index.php\/negozio\/"},{"@type":"ListItem","position":3,"name":"Thinking outside the box"}]},{"@type":"WebSite","@id":"https:\/\/www.guerini.it\/#website","url":"https:\/\/www.guerini.it\/","name":"Guerini e Associati","description":"30 anni di libri, idee e libert\u00e0","publisher":{"@id":"https:\/\/www.guerini.it\/#organization"},"potentialAction":[{"@type":"SearchAction","target":{"@type":"EntryPoint","urlTemplate":"https:\/\/www.guerini.it\/?s={search_term_string}"},"query-input":{"@type":"PropertyValueSpecification","valueRequired":true,"valueName":"search_term_string"}}],"inLanguage":"it-IT"},{"@type":"Organization","@id":"https:\/\/www.guerini.it\/#organization","name":"Guerini e Associati","url":"https:\/\/www.guerini.it\/","logo":{"@type":"ImageObject","inLanguage":"it-IT","@id":"https:\/\/www.guerini.it\/#\/schema\/logo\/image\/","url":"https:\/\/www.guerini.it\/wp-content\/uploads\/2021\/03\/Logo-Guerini-OK_-e1615831292285.png","contentUrl":"https:\/\/www.guerini.it\/wp-content\/uploads\/2021\/03\/Logo-Guerini-OK_-e1615831292285.png","width":2805,"height":1870,"caption":"Guerini e Associati"},"image":{"@id":"https:\/\/www.guerini.it\/#\/schema\/logo\/image\/"}}]}},"_links":{"self":[{"href":"https:\/\/www.guerini.it\/index.php\/wp-json\/wp\/v2\/product\/16500","targetHints":{"allow":["GET"]}}],"collection":[{"href":"https:\/\/www.guerini.it\/index.php\/wp-json\/wp\/v2\/product"}],"about":[{"href":"https:\/\/www.guerini.it\/index.php\/wp-json\/wp\/v2\/types\/product"}],"wp:featuredmedia":[{"embeddable":true,"href":"https:\/\/www.guerini.it\/index.php\/wp-json\/wp\/v2\/media\/16499"}],"wp:attachment":[{"href":"https:\/\/www.guerini.it\/index.php\/wp-json\/wp\/v2\/media?parent=16500"}],"wp:term":[{"taxonomy":"product_brand","embeddable":true,"href":"https:\/\/www.guerini.it\/index.php\/wp-json\/wp\/v2\/product_brand?post=16500"},{"taxonomy":"product_cat","embeddable":true,"href":"https:\/\/www.guerini.it\/index.php\/wp-json\/wp\/v2\/product_cat?post=16500"},{"taxonomy":"product_tag","embeddable":true,"href":"https:\/\/www.guerini.it\/index.php\/wp-json\/wp\/v2\/product_tag?post=16500"}],"curies":[{"name":"wp","href":"https:\/\/api.w.org\/{rel}","templated":true}]}}