{"id":16518,"date":"2020-10-12T10:33:39","date_gmt":"2020-10-12T08:33:39","guid":{"rendered":"https:\/\/test.guerini.it\/?product=corone-d-europa"},"modified":"2026-04-21T13:29:00","modified_gmt":"2026-04-21T11:29:00","slug":"corone-d-europa","status":"publish","type":"product","link":"https:\/\/www.guerini.it\/index.php\/prodotto\/corone-d-europa\/","title":{"rendered":"Corone d&#8217;Europa"},"content":{"rendered":"<p style=\"text-align: justify;\">Due secoli fa la maggior parte degli Stati aveva a capo un Re o una Regina. Oggi se ne contano ventinove in tutto il mondo, ma se ci soffermiamo a guardare una cartina del nostro continente risulta evidente che ci sono ben dodici Paesi attualmente retti da monarchie. Tra questi, tre principati e un granducato. Si potrebbe addirittura parlare di un\u2019Europa delle Corone, dato che oltre 160 milioni di persone vivono in una monarchia. Quale impatto ha la Corona sui cittadini europei che vivono in un Regno? Quanto \u00e8 radicata questa istituzione nella societ\u00e0? Qual \u00e8 il rapporto della monarchia con i processi democratici? Le funzioni e le attivit\u00e0 dei sovrani rappresentano un contributo all\u2019economia dello Stato o sono semplicemente un costo per la collettivit\u00e0? Le politiche estere dei Paesi retti da monarchie si distinguono da quelle attuate dalle repubbliche? Sono solo alcuni dei quesiti a cui risponde questo saggio realizzato in collaborazione con l\u2019Istituto Affari Internazionali, per interrogarsi al tempo della democrazia diretta sullo stato di salute dei Paesi dove questa classica forma di governo \u00e8 presente.<\/p>\n<p style=\"text-align: justify;\"><strong>Francesco De Leo<\/strong>, giornalista professionista, si occupa di attualit\u00e0 internazionale. Dirige <em>Affari Internazionali<\/em>, la rivista online dell\u2019Istituto Affari Internazionali di cui \u00e8 Responsabile della Comunicazione. Cura per RadioRadicale il podcast <em>Spazio transnazionale<\/em>. Collabora con <em>La Repubblica<\/em> e cura per <em>La Stampa<\/em> la rubrica \u00abAffari Reali\u00bb. Ha pubblicato il saggio <em>Elisabetta II Regina<\/em> (2016) e cura e realizza i podcast della rubrica <em>La Voce della Storia<\/em> (Focus Storia). Dirige per Guerini e Associati la collana editoriale <em>Biblioteca Reale<\/em>. Per questa casa editrice ha scritto <em>L\u2019ultimo Sci\u00e0 d\u2019Iran<\/em> (2019) e <em>Il Granduca Jean di Lussemburgo<\/em> (2020).<\/p>\n<p style=\"text-align: justify;\"><strong>Leo Goretti <\/strong>\u00e8 co-editor di <em>The International Spectator<\/em>, la rivista <em>peer reviewed<\/em> in lingua inglese dell\u2019Istituto Affari Internazionali fondata nel 1966. Storico, ha pubblicato articoli scientifici su <em>Modern Italy<\/em> (vincendo il Christopher Seton-Watson Prize 2011), <em>Twentieth Century Communism<\/em>, <em>Passato e presente<\/em>, <em>Zapruder<\/em> e <em>L\u2019almanacco<\/em>, oltre a numerosi capitoli di volumi in italiano e in francese. Nel 2008 ha pubblicato il volume <em>I \u201cneri bianchi\u201d. Mezzadri di Greve in Chianti tra lotte sindacali e fuga dalle campagne (1945-1960)<\/em>, per la cui ricerca ha vinto il premio Daniel Granger.<\/p>\n","protected":false},"excerpt":{"rendered":"<p>Due secoli fa la maggior parte degli Stati aveva a capo un Re o una Regina. Oggi se ne contano ventinove in tutto il mondo, ma se ci soffermiamo a [&hellip;]<\/p>\n","protected":false},"featured_media":16517,"template":"","meta":{"_editorskit_title_hidden":false,"_editorskit_reading_time":0,"_editorskit_is_block_options_detached":false,"_editorskit_block_options_position":"{}","_monsterinsights_skip_tracking":false,"_monsterinsights_sitenote_active":false,"_monsterinsights_sitenote_note":"","_monsterinsights_sitenote_category":0},"product_brand":[],"product_cat":[6630,6539],"product_tag":[],"class_list":{"0":"post-16518","1":"product","2":"type-product","3":"status-publish","4":"has-post-thumbnail","6":"product_cat-bibliotecareale","7":"product_cat-storia-e-geografia","8":"pa_fulfillment-default","9":"pa_guerini_amazon_link-b7-httpswwwamazonitcorone_deu","10":"pa_guerini_feltrinelli_link-dc-httpswwwlafeltrinelliitlib","11":"pa_guerini_ibs_link-99-httpswwwibsitcorone_d_euro","12":"pa_guerini_libruniver_link-f5-httpswwwlibreriauniversita","13":"pa_guerini_link_amazon-42-httpswwwamazonitdpb08lmlr1","14":"pa_guerini_link_apple_ibook-f0-httpsbooksapplecomitbookco","15":"pa_guerini_link_giunti_punto-f2-httpswwwgiuntialpuntoitpro","17":"first","18":"instock","19":"sale","20":"shipping-taxable","21":"purchasable","22":"product-type-simple"},"yoast_head":"<!-- This site is optimized with the Yoast SEO plugin v25.4 - https:\/\/yoast.com\/wordpress\/plugins\/seo\/ -->\n<title>Corone d&#039;Europa - Guerini e Associati<\/title>\n<meta name=\"robots\" content=\"index, follow, max-snippet:-1, max-image-preview:large, max-video-preview:-1\" \/>\n<link rel=\"canonical\" href=\"https:\/\/www.guerini.it\/index.php\/prodotto\/corone-d-europa\/\" \/>\n<meta property=\"og:locale\" content=\"it_IT\" \/>\n<meta property=\"og:type\" content=\"article\" \/>\n<meta property=\"og:title\" content=\"Corone d&#039;Europa - Guerini e Associati\" \/>\n<meta property=\"og:description\" content=\"Due secoli fa la maggior parte degli Stati aveva a capo un Re o una Regina. Oggi se ne contano ventinove in tutto il mondo, ma se ci soffermiamo a [&hellip;]\" \/>\n<meta property=\"og:url\" content=\"https:\/\/www.guerini.it\/index.php\/prodotto\/corone-d-europa\/\" \/>\n<meta property=\"og:site_name\" content=\"Guerini e Associati\" \/>\n<meta property=\"article:modified_time\" content=\"2026-04-21T11:29:00+00:00\" \/>\n<meta property=\"og:image\" content=\"https:\/\/www.guerini.it\/wp-content\/uploads\/2020\/10\/corone_d_europa_sito.jpg\" \/>\n\t<meta property=\"og:image:width\" content=\"353\" \/>\n\t<meta property=\"og:image:height\" content=\"529\" \/>\n\t<meta property=\"og:image:type\" content=\"image\/jpeg\" \/>\n<meta name=\"twitter:card\" content=\"summary_large_image\" \/>\n<meta name=\"twitter:label1\" content=\"Tempo di lettura stimato\" \/>\n\t<meta name=\"twitter:data1\" content=\"3 minuti\" \/>\n<!-- \/ Yoast SEO plugin. -->","yoast_head_json":{"title":"Corone d'Europa - Guerini e Associati","robots":{"index":"index","follow":"follow","max-snippet":"max-snippet:-1","max-image-preview":"max-image-preview:large","max-video-preview":"max-video-preview:-1"},"canonical":"https:\/\/www.guerini.it\/index.php\/prodotto\/corone-d-europa\/","og_locale":"it_IT","og_type":"article","og_title":"Corone d'Europa - Guerini e Associati","og_description":"Due secoli fa la maggior parte degli Stati aveva a capo un Re o una Regina. Oggi se ne contano ventinove in tutto il mondo, ma se ci soffermiamo a [&hellip;]","og_url":"https:\/\/www.guerini.it\/index.php\/prodotto\/corone-d-europa\/","og_site_name":"Guerini e Associati","article_modified_time":"2026-04-21T11:29:00+00:00","og_image":[{"width":353,"height":529,"url":"https:\/\/www.guerini.it\/wp-content\/uploads\/2020\/10\/corone_d_europa_sito.jpg","type":"image\/jpeg"}],"twitter_card":"summary_large_image","twitter_misc":{"Tempo di lettura stimato":"3 minuti"},"schema":{"@context":"https:\/\/schema.org","@graph":[{"@type":"WebPage","@id":"https:\/\/www.guerini.it\/index.php\/prodotto\/corone-d-europa\/","url":"https:\/\/www.guerini.it\/index.php\/prodotto\/corone-d-europa\/","name":"Corone d'Europa - Guerini e Associati","isPartOf":{"@id":"https:\/\/www.guerini.it\/#website"},"primaryImageOfPage":{"@id":"https:\/\/www.guerini.it\/index.php\/prodotto\/corone-d-europa\/#primaryimage"},"image":{"@id":"https:\/\/www.guerini.it\/index.php\/prodotto\/corone-d-europa\/#primaryimage"},"thumbnailUrl":"https:\/\/www.guerini.it\/wp-content\/uploads\/2020\/10\/corone_d_europa_sito.jpg","datePublished":"2020-10-12T08:33:39+00:00","dateModified":"2026-04-21T11:29:00+00:00","breadcrumb":{"@id":"https:\/\/www.guerini.it\/index.php\/prodotto\/corone-d-europa\/#breadcrumb"},"inLanguage":"it-IT","potentialAction":[{"@type":"ReadAction","target":["https:\/\/www.guerini.it\/index.php\/prodotto\/corone-d-europa\/"]}]},{"@type":"ImageObject","inLanguage":"it-IT","@id":"https:\/\/www.guerini.it\/index.php\/prodotto\/corone-d-europa\/#primaryimage","url":"https:\/\/www.guerini.it\/wp-content\/uploads\/2020\/10\/corone_d_europa_sito.jpg","contentUrl":"https:\/\/www.guerini.it\/wp-content\/uploads\/2020\/10\/corone_d_europa_sito.jpg","width":353,"height":529,"caption":"Corone d'Europa"},{"@type":"BreadcrumbList","@id":"https:\/\/www.guerini.it\/index.php\/prodotto\/corone-d-europa\/#breadcrumb","itemListElement":[{"@type":"ListItem","position":1,"name":"Home","item":"https:\/\/www.guerini.it\/"},{"@type":"ListItem","position":2,"name":"Catalogo","item":"https:\/\/www.guerini.it\/index.php\/negozio\/"},{"@type":"ListItem","position":3,"name":"Corone d&#8217;Europa"}]},{"@type":"WebSite","@id":"https:\/\/www.guerini.it\/#website","url":"https:\/\/www.guerini.it\/","name":"Guerini e Associati","description":"30 anni di libri, idee e libert\u00e0","publisher":{"@id":"https:\/\/www.guerini.it\/#organization"},"potentialAction":[{"@type":"SearchAction","target":{"@type":"EntryPoint","urlTemplate":"https:\/\/www.guerini.it\/?s={search_term_string}"},"query-input":{"@type":"PropertyValueSpecification","valueRequired":true,"valueName":"search_term_string"}}],"inLanguage":"it-IT"},{"@type":"Organization","@id":"https:\/\/www.guerini.it\/#organization","name":"Guerini e Associati","url":"https:\/\/www.guerini.it\/","logo":{"@type":"ImageObject","inLanguage":"it-IT","@id":"https:\/\/www.guerini.it\/#\/schema\/logo\/image\/","url":"https:\/\/www.guerini.it\/wp-content\/uploads\/2021\/03\/Logo-Guerini-OK_-e1615831292285.png","contentUrl":"https:\/\/www.guerini.it\/wp-content\/uploads\/2021\/03\/Logo-Guerini-OK_-e1615831292285.png","width":2805,"height":1870,"caption":"Guerini e Associati"},"image":{"@id":"https:\/\/www.guerini.it\/#\/schema\/logo\/image\/"}}]}},"_links":{"self":[{"href":"https:\/\/www.guerini.it\/index.php\/wp-json\/wp\/v2\/product\/16518","targetHints":{"allow":["GET"]}}],"collection":[{"href":"https:\/\/www.guerini.it\/index.php\/wp-json\/wp\/v2\/product"}],"about":[{"href":"https:\/\/www.guerini.it\/index.php\/wp-json\/wp\/v2\/types\/product"}],"wp:featuredmedia":[{"embeddable":true,"href":"https:\/\/www.guerini.it\/index.php\/wp-json\/wp\/v2\/media\/16517"}],"wp:attachment":[{"href":"https:\/\/www.guerini.it\/index.php\/wp-json\/wp\/v2\/media?parent=16518"}],"wp:term":[{"taxonomy":"product_brand","embeddable":true,"href":"https:\/\/www.guerini.it\/index.php\/wp-json\/wp\/v2\/product_brand?post=16518"},{"taxonomy":"product_cat","embeddable":true,"href":"https:\/\/www.guerini.it\/index.php\/wp-json\/wp\/v2\/product_cat?post=16518"},{"taxonomy":"product_tag","embeddable":true,"href":"https:\/\/www.guerini.it\/index.php\/wp-json\/wp\/v2\/product_tag?post=16518"}],"curies":[{"name":"wp","href":"https:\/\/api.w.org\/{rel}","templated":true}]}}