{"id":16526,"date":"2020-11-10T17:23:48","date_gmt":"2020-11-10T16:23:48","guid":{"rendered":"https:\/\/test.guerini.it\/?product=guerre-nere"},"modified":"2024-06-12T14:40:30","modified_gmt":"2024-06-12T12:40:30","slug":"guerre-nere","status":"publish","type":"product","link":"https:\/\/www.guerini.it\/index.php\/prodotto\/guerre-nere\/","title":{"rendered":"Guerre nere"},"content":{"rendered":"<p style=\"text-align: center;\"><em>In Africa la guerra si privatizza e assume ruoli diversi divenendo un \u00abmestiere delle armi\u00bb dentro il caos della globalizzazione.<\/em><\/p>\n<p style=\"text-align: justify;\">Le guerre africane non sono incomprensibili e barbare ma conflitti politici moderni, legati alle condizioni socio-economiche e ambientali, che utilizzano molteplici registri culturali e sono connessi alle trasformazioni imposte dalla globalizzazione, come la resilienza dello Stato, il disordine etnico, l\u2019effervescenza religiosa e l\u2019urbanizzazione. Presentate spesso come rivalit\u00e0 etniche, le guerre d\u2019Africa rivelano al contrario la lacerazione e il declino del sistema delle etnie a causa dell\u2019urto con le trasformazioni globali. Oggi anche in Africa la guerra si frammenta e si privatizza, lasciando emergere la figura dell\u2019\u00abimprenditore armato\u00bb, pronto a mimetizzarsi all\u2019interno del sistema mondiale delle reti di contrabbando, speculazione e traffici, che continua a vivere di guerra senza o dopo la guerra. In queste pagine si intende riavvolgere i molteplici fili di alcuni emblematici conflitti al fine di gettare una luce sui meccanismi che trasformano di volta in volta uomini armati in banditi, soldati, trafficanti, provider di sicurezza, ribelli o jihadisti.<\/p>\n<p style=\"text-align: justify;\"><strong>Mario Giro<\/strong> insegna Storia delle relazioni internazionali all\u2019Universit\u00e0 per Stranieri di Perugia. Gi\u00e0 viceministro degli Esteri dal 2013 al 2018, \u00e8 membro della Comunit\u00e0 di Sant\u2019Egidio di cui \u00e8 stato responsabile delle relazioni internazionali dal 1998 al 2013. Da anni opera nel campo delle mediazioni e della cooperazione internazionale. Collabora a numerose riviste e pubblicazioni tra cui <em>l\u2019Espresso<\/em>, <em>Limes<\/em>, <em>il Mulino<\/em> e <em>Domani<\/em>. Tra le sue pubblicazioni ricordiamo: <em>Globalizzazione difficile. Ridisegnare la convivenza al tempo delle emozioni <\/em>(Milano 2018). Per i nostri tipi ha pubblicato, con Marco Impagliazzo, <em>Algeria in ostaggio. Tra esercito e fondamentalisti: storia di una pace difficile<\/em> (1997); <em>Gli occhi di un bambino ebreo. Storia di Merzoug, terrorista pentito<\/em> (2005); <em>Noi terroristi. Storie vere dal Nordafrica a Charlie Hebdo<\/em> (2015) ); <em>Global Africa. La nuova realt\u00e0 delle migrazioni: il volto di un continente in movimento<\/em> (2019).<\/p>\n","protected":false},"excerpt":{"rendered":"<p style=\"text-align: justify;\">Le guerre africane non sono incomprensibili e barbare ma conflitti politici moderni, legati alle condizioni socio-economiche e ambientali, che utilizzano molteplici registri culturali e sono connessi alle trasformazioni imposte dalla globalizzazione, come la resilienza dello Stato, il disordine etnico, l\u2019effervescenza religiosa e l\u2019urbanizzazione. Presentate spesso come rivalit\u00e0 etniche, le guerre d\u2019Africa rivelano al contrario la lacerazione e il declino del sistema delle etnie a causa dell\u2019urto con le trasformazioni globali. Oggi anche in Africa la guerra si frammenta e si privatizza, lasciando emergere la figura dell\u2019\u00abimprenditore armato\u00bb, pronto a mimetizzarsi all\u2019interno del sistema mondiale delle reti di contrabbando, speculazione e traffici, che continua a vivere di guerra senza o dopo la guerra. In queste pagine si intende riavvolgere i molteplici fili di alcuni emblematici conflitti al fine di gettare una luce sui meccanismi che trasformano di volta in volta uomini armati in banditi, soldati, trafficanti, provider di sicurezza, ribelli o jihadisti.<\/p>\n","protected":false},"featured_media":16525,"template":"","meta":{"_editorskit_title_hidden":false,"_editorskit_reading_time":0,"_editorskit_is_block_options_detached":false,"_editorskit_block_options_position":"{}","_monsterinsights_skip_tracking":false,"_monsterinsights_sitenote_active":false,"_monsterinsights_sitenote_note":"","_monsterinsights_sitenote_category":0},"product_brand":[],"product_cat":[6585,6527],"product_tag":[],"class_list":{"0":"post-16526","1":"product","2":"type-product","3":"status-publish","4":"has-post-thumbnail","6":"product_cat-sma","7":"product_cat-attualita","8":"pa_fulfillment-default","9":"pa_guerini_amazon_link-b6-httpswwwamazonitguerre_ner","10":"pa_guerini_feltrinelli_link-01-wwwlafeltrinelliitlibrimar","11":"pa_guerini_ibs_link-ce-httpswwwibsitguerre_nere_g","12":"pa_guerini_libruniver_link-86-httpswwwlibreriauniversita","13":"pa_guerini_link_amazon-f8-httpswwwamazonitdpb08p55c8","14":"pa_guerini_link_apple_ibook-94-httpsbooksapplecomitbookgu","15":"pa_guerini_link_giunti_punto-98-httpswwwgiuntialpuntoitpro","16":"pa_guerini_link_ibs-73-httpswwwibsitguerre_nere_g","17":"pa_guerini_link_kobo-1a-httpswwwkobocomititebookgu","18":"pa_guerini_mondadori_link-8c-httpswwwmondadoristoreitgu","20":"first","21":"instock","22":"sale","23":"shipping-taxable","24":"purchasable","25":"product-type-simple"},"yoast_head":"<!-- This site is optimized with the Yoast SEO plugin v25.4 - https:\/\/yoast.com\/wordpress\/plugins\/seo\/ -->\n<title>Guerre nere - Guerini e Associati<\/title>\n<meta name=\"robots\" content=\"index, follow, max-snippet:-1, max-image-preview:large, max-video-preview:-1\" \/>\n<link rel=\"canonical\" href=\"https:\/\/www.guerini.it\/index.php\/prodotto\/guerre-nere\/\" \/>\n<meta property=\"og:locale\" content=\"it_IT\" \/>\n<meta property=\"og:type\" content=\"article\" \/>\n<meta property=\"og:title\" content=\"Guerre nere - Guerini e Associati\" \/>\n<meta property=\"og:description\" content=\"Le guerre africane non sono incomprensibili e barbare ma conflitti politici moderni, legati alle condizioni socio-economiche e ambientali, che utilizzano molteplici registri culturali e sono connessi alle trasformazioni imposte dalla globalizzazione, come la resilienza dello Stato, il disordine etnico, l\u2019effervescenza religiosa e l\u2019urbanizzazione. Presentate spesso come rivalit\u00e0 etniche, le guerre d\u2019Africa rivelano al contrario la lacerazione e il declino del sistema delle etnie a causa dell\u2019urto con le trasformazioni globali. Oggi anche in Africa la guerra si frammenta e si privatizza, lasciando emergere la figura dell\u2019\u00abimprenditore armato\u00bb, pronto a mimetizzarsi all\u2019interno del sistema mondiale delle reti di contrabbando, speculazione e traffici, che continua a vivere di guerra senza o dopo la guerra. In queste pagine si intende riavvolgere i molteplici fili di alcuni emblematici conflitti al fine di gettare una luce sui meccanismi che trasformano di volta in volta uomini armati in banditi, soldati, trafficanti, provider di sicurezza, ribelli o jihadisti.\" \/>\n<meta property=\"og:url\" content=\"https:\/\/www.guerini.it\/index.php\/prodotto\/guerre-nere\/\" \/>\n<meta property=\"og:site_name\" content=\"Guerini e Associati\" \/>\n<meta property=\"article:modified_time\" content=\"2024-06-12T12:40:30+00:00\" \/>\n<meta property=\"og:image\" content=\"https:\/\/www.guerini.it\/wp-content\/uploads\/2020\/11\/guerre_nere_sito.jpg\" \/>\n\t<meta property=\"og:image:width\" content=\"235\" \/>\n\t<meta property=\"og:image:height\" content=\"353\" \/>\n\t<meta property=\"og:image:type\" content=\"image\/jpeg\" \/>\n<meta name=\"twitter:card\" content=\"summary_large_image\" \/>\n<meta name=\"twitter:label1\" content=\"Tempo di lettura stimato\" \/>\n\t<meta name=\"twitter:data1\" content=\"2 minuti\" \/>\n<!-- \/ Yoast SEO plugin. -->","yoast_head_json":{"title":"Guerre nere - Guerini e Associati","robots":{"index":"index","follow":"follow","max-snippet":"max-snippet:-1","max-image-preview":"max-image-preview:large","max-video-preview":"max-video-preview:-1"},"canonical":"https:\/\/www.guerini.it\/index.php\/prodotto\/guerre-nere\/","og_locale":"it_IT","og_type":"article","og_title":"Guerre nere - Guerini e Associati","og_description":"Le guerre africane non sono incomprensibili e barbare ma conflitti politici moderni, legati alle condizioni socio-economiche e ambientali, che utilizzano molteplici registri culturali e sono connessi alle trasformazioni imposte dalla globalizzazione, come la resilienza dello Stato, il disordine etnico, l\u2019effervescenza religiosa e l\u2019urbanizzazione. Presentate spesso come rivalit\u00e0 etniche, le guerre d\u2019Africa rivelano al contrario la lacerazione e il declino del sistema delle etnie a causa dell\u2019urto con le trasformazioni globali. Oggi anche in Africa la guerra si frammenta e si privatizza, lasciando emergere la figura dell\u2019\u00abimprenditore armato\u00bb, pronto a mimetizzarsi all\u2019interno del sistema mondiale delle reti di contrabbando, speculazione e traffici, che continua a vivere di guerra senza o dopo la guerra. In queste pagine si intende riavvolgere i molteplici fili di alcuni emblematici conflitti al fine di gettare una luce sui meccanismi che trasformano di volta in volta uomini armati in banditi, soldati, trafficanti, provider di sicurezza, ribelli o jihadisti.","og_url":"https:\/\/www.guerini.it\/index.php\/prodotto\/guerre-nere\/","og_site_name":"Guerini e Associati","article_modified_time":"2024-06-12T12:40:30+00:00","og_image":[{"width":235,"height":353,"url":"https:\/\/www.guerini.it\/wp-content\/uploads\/2020\/11\/guerre_nere_sito.jpg","type":"image\/jpeg"}],"twitter_card":"summary_large_image","twitter_misc":{"Tempo di lettura stimato":"2 minuti"},"schema":{"@context":"https:\/\/schema.org","@graph":[{"@type":"WebPage","@id":"https:\/\/www.guerini.it\/index.php\/prodotto\/guerre-nere\/","url":"https:\/\/www.guerini.it\/index.php\/prodotto\/guerre-nere\/","name":"Guerre nere - Guerini e Associati","isPartOf":{"@id":"https:\/\/www.guerini.it\/#website"},"primaryImageOfPage":{"@id":"https:\/\/www.guerini.it\/index.php\/prodotto\/guerre-nere\/#primaryimage"},"image":{"@id":"https:\/\/www.guerini.it\/index.php\/prodotto\/guerre-nere\/#primaryimage"},"thumbnailUrl":"https:\/\/www.guerini.it\/wp-content\/uploads\/2020\/11\/guerre_nere_sito.jpg","datePublished":"2020-11-10T16:23:48+00:00","dateModified":"2024-06-12T12:40:30+00:00","breadcrumb":{"@id":"https:\/\/www.guerini.it\/index.php\/prodotto\/guerre-nere\/#breadcrumb"},"inLanguage":"it-IT","potentialAction":[{"@type":"ReadAction","target":["https:\/\/www.guerini.it\/index.php\/prodotto\/guerre-nere\/"]}]},{"@type":"ImageObject","inLanguage":"it-IT","@id":"https:\/\/www.guerini.it\/index.php\/prodotto\/guerre-nere\/#primaryimage","url":"https:\/\/www.guerini.it\/wp-content\/uploads\/2020\/11\/guerre_nere_sito.jpg","contentUrl":"https:\/\/www.guerini.it\/wp-content\/uploads\/2020\/11\/guerre_nere_sito.jpg","width":235,"height":353,"caption":"Guerre nere"},{"@type":"BreadcrumbList","@id":"https:\/\/www.guerini.it\/index.php\/prodotto\/guerre-nere\/#breadcrumb","itemListElement":[{"@type":"ListItem","position":1,"name":"Home","item":"https:\/\/www.guerini.it\/"},{"@type":"ListItem","position":2,"name":"Catalogo","item":"https:\/\/www.guerini.it\/index.php\/negozio\/"},{"@type":"ListItem","position":3,"name":"Guerre nere"}]},{"@type":"WebSite","@id":"https:\/\/www.guerini.it\/#website","url":"https:\/\/www.guerini.it\/","name":"Guerini e Associati","description":"30 anni di libri, idee e libert\u00e0","publisher":{"@id":"https:\/\/www.guerini.it\/#organization"},"potentialAction":[{"@type":"SearchAction","target":{"@type":"EntryPoint","urlTemplate":"https:\/\/www.guerini.it\/?s={search_term_string}"},"query-input":{"@type":"PropertyValueSpecification","valueRequired":true,"valueName":"search_term_string"}}],"inLanguage":"it-IT"},{"@type":"Organization","@id":"https:\/\/www.guerini.it\/#organization","name":"Guerini e Associati","url":"https:\/\/www.guerini.it\/","logo":{"@type":"ImageObject","inLanguage":"it-IT","@id":"https:\/\/www.guerini.it\/#\/schema\/logo\/image\/","url":"https:\/\/www.guerini.it\/wp-content\/uploads\/2021\/03\/Logo-Guerini-OK_-e1615831292285.png","contentUrl":"https:\/\/www.guerini.it\/wp-content\/uploads\/2021\/03\/Logo-Guerini-OK_-e1615831292285.png","width":2805,"height":1870,"caption":"Guerini e Associati"},"image":{"@id":"https:\/\/www.guerini.it\/#\/schema\/logo\/image\/"}}]}},"_links":{"self":[{"href":"https:\/\/www.guerini.it\/index.php\/wp-json\/wp\/v2\/product\/16526","targetHints":{"allow":["GET"]}}],"collection":[{"href":"https:\/\/www.guerini.it\/index.php\/wp-json\/wp\/v2\/product"}],"about":[{"href":"https:\/\/www.guerini.it\/index.php\/wp-json\/wp\/v2\/types\/product"}],"wp:featuredmedia":[{"embeddable":true,"href":"https:\/\/www.guerini.it\/index.php\/wp-json\/wp\/v2\/media\/16525"}],"wp:attachment":[{"href":"https:\/\/www.guerini.it\/index.php\/wp-json\/wp\/v2\/media?parent=16526"}],"wp:term":[{"taxonomy":"product_brand","embeddable":true,"href":"https:\/\/www.guerini.it\/index.php\/wp-json\/wp\/v2\/product_brand?post=16526"},{"taxonomy":"product_cat","embeddable":true,"href":"https:\/\/www.guerini.it\/index.php\/wp-json\/wp\/v2\/product_cat?post=16526"},{"taxonomy":"product_tag","embeddable":true,"href":"https:\/\/www.guerini.it\/index.php\/wp-json\/wp\/v2\/product_tag?post=16526"}],"curies":[{"name":"wp","href":"https:\/\/api.w.org\/{rel}","templated":true}]}}

<p style="text-align: center;"><em>In Africa la guerra si privatizza e assume ruoli diversi divenendo un «mestiere delle armi» dentro il caos della globalizzazione.</em></p>
<p style="text-align: justify;">Le guerre africane non sono incomprensibili e barbare ma conflitti politici moderni, legati alle condizioni socio-economiche e ambientali, che utilizzano molteplici registri culturali e sono connessi alle trasformazioni imposte dalla globalizzazione, come la resilienza dello Stato, il disordine etnico, l’effervescenza religiosa e l’urbanizzazione. Presentate spesso come rivalità etniche, le guerre d’Africa rivelano al contrario la lacerazione e il declino del sistema delle etnie a causa dell’urto con le trasformazioni globali. Oggi anche in Africa la guerra si frammenta e si privatizza, lasciando emergere la figura dell’«imprenditore armato», pronto a mimetizzarsi all’interno del sistema mondiale delle reti di contrabbando, speculazione e traffici, che continua a vivere di guerra senza o dopo la guerra. In queste pagine si intende riavvolgere i molteplici fili di alcuni emblematici conflitti al fine di gettare una luce sui meccanismi che trasformano di volta in volta uomini armati in banditi, soldati, trafficanti, provider di sicurezza, ribelli o jihadisti.</p>
<p style="text-align: justify;"><strong>Mario Giro</strong> insegna Storia delle relazioni internazionali all’Università per Stranieri di Perugia. Già viceministro degli Esteri dal 2013 al 2018, è membro della Comunità di Sant’Egidio di cui è stato responsabile delle relazioni internazionali dal 1998 al 2013. Da anni opera nel campo delle mediazioni e della cooperazione internazionale. Collabora a numerose riviste e pubblicazioni tra cui <em>l’Espresso</em>, <em>Limes</em>, <em>il Mulino</em> e <em>Domani</em>. Tra le sue pubblicazioni ricordiamo: <em>Globalizzazione difficile. Ridisegnare la convivenza al tempo delle emozioni </em>(Milano 2018). Per i nostri tipi ha pubblicato, con Marco Impagliazzo, <em>Algeria in ostaggio. Tra esercito e fondamentalisti: storia di una pace difficile</em> (1997); <em>Gli occhi di un bambino ebreo. Storia di Merzoug, terrorista pentito</em> (2005); <em>Noi terroristi. Storie vere dal Nordafrica a Charlie Hebdo</em> (2015) ); <em>Global Africa. La nuova realtà delle migrazioni: il volto di un continente in movimento</em> (2019).</p>

<p style="text-align: justify;">Le guerre africane non sono incomprensibili e barbare ma conflitti politici moderni, legati alle condizioni socio-economiche e ambientali, che utilizzano molteplici registri culturali e sono connessi alle trasformazioni imposte dalla globalizzazione, come la resilienza dello Stato, il disordine etnico, l’effervescenza religiosa e l’urbanizzazione. Presentate spesso come rivalità etniche, le guerre d’Africa rivelano al contrario la lacerazione e il declino del sistema delle etnie a causa dell’urto con le trasformazioni globali. Oggi anche in Africa la guerra si frammenta e si privatizza, lasciando emergere la figura dell’«imprenditore armato», pronto a mimetizzarsi all’interno del sistema mondiale delle reti di contrabbando, speculazione e traffici, che continua a vivere di guerra senza o dopo la guerra. In queste pagine si intende riavvolgere i molteplici fili di alcuni emblematici conflitti al fine di gettare una luce sui meccanismi che trasformano di volta in volta uomini armati in banditi, soldati, trafficanti, provider di sicurezza, ribelli o jihadisti.</p>

<!-- This site is optimized with the Yoast SEO plugin v25.4 - https://yoast.com/wordpress/plugins/seo/ -->
<title>Guerre nere - Guerini e Associati</title>
<meta name="robots" content="index, follow, max-snippet:-1, max-image-preview:large, max-video-preview:-1" />
<link rel="canonical" href="https://www.guerini.it/index.php/prodotto/guerre-nere/" />
<meta property="og:locale" content="it_IT" />
<meta property="og:type" content="article" />
<meta property="og:title" content="Guerre nere - Guerini e Associati" />
<meta property="og:description" content="Le guerre africane non sono incomprensibili e barbare ma conflitti politici moderni, legati alle condizioni socio-economiche e ambientali, che utilizzano molteplici registri culturali e sono connessi alle trasformazioni imposte dalla globalizzazione, come la resilienza dello Stato, il disordine etnico, l’effervescenza religiosa e l’urbanizzazione. Presentate spesso come rivalità etniche, le guerre d’Africa rivelano al contrario la lacerazione e il declino del sistema delle etnie a causa dell’urto con le trasformazioni globali. Oggi anche in Africa la guerra si frammenta e si privatizza, lasciando emergere la figura dell’«imprenditore armato», pronto a mimetizzarsi all’interno del sistema mondiale delle reti di contrabbando, speculazione e traffici, che continua a vivere di guerra senza o dopo la guerra. In queste pagine si intende riavvolgere i molteplici fili di alcuni emblematici conflitti al fine di gettare una luce sui meccanismi che trasformano di volta in volta uomini armati in banditi, soldati, trafficanti, provider di sicurezza, ribelli o jihadisti." />
<meta property="og:url" content="https://www.guerini.it/index.php/prodotto/guerre-nere/" />
<meta property="og:site_name" content="Guerini e Associati" />
<meta property="article:modified_time" content="2024-06-12T12:40:30+00:00" />
<meta property="og:image" content="https://www.guerini.it/wp-content/uploads/2020/11/guerre_nere_sito.jpg" />
	<meta property="og:image:width" content="235" />
	<meta property="og:image:height" content="353" />
	<meta property="og:image:type" content="image/jpeg" />
<meta name="twitter:card" content="summary_large_image" />
<meta name="twitter:label1" content="Tempo di lettura stimato" />
	<meta name="twitter:data1" content="2 minuti" />
<!-- / Yoast SEO plugin. -->

Le guerre africane non sono incomprensibili e barbare ma conflitti politici moderni, legati alle condizioni socio-economiche e ambientali, che utilizzano molteplici registri culturali e sono connessi alle trasformazioni imposte dalla globalizzazione, come la resilienza dello Stato, il disordine etnico, l’effervescenza religiosa e l’urbanizzazione. Presentate spesso come rivalità etniche, le guerre d’Africa rivelano al contrario la lacerazione e il declino del sistema delle etnie a causa dell’urto con le trasformazioni globali. Oggi anche in Africa la guerra si frammenta e si privatizza, lasciando emergere la figura dell’«imprenditore armato», pronto a mimetizzarsi all’interno del sistema mondiale delle reti di contrabbando, speculazione e traffici, che continua a vivere di guerra senza o dopo la guerra. In queste pagine si intende riavvolgere i molteplici fili di alcuni emblematici conflitti al fine di gettare una luce sui meccanismi che trasformano di volta in volta uomini armati in banditi, soldati, trafficanti, provider di sicurezza, ribelli o jihadisti.

30 anni di libri, idee e libertà
