{"id":16530,"date":"2020-11-19T08:03:14","date_gmt":"2020-11-19T07:03:14","guid":{"rendered":"https:\/\/test.guerini.it\/?product=la-nuova-scienza-del-rischio"},"modified":"2024-06-12T14:40:46","modified_gmt":"2024-06-12T12:40:46","slug":"la-nuova-scienza-del-rischio","status":"publish","type":"product","link":"https:\/\/www.guerini.it\/index.php\/prodotto\/la-nuova-scienza-del-rischio\/","title":{"rendered":"La nuova scienza del rischio"},"content":{"rendered":"<p style=\"text-align: center;\"><strong><em>La migliore previsione del futuro<br \/>\n\u00e8 quella che non si realizza<\/em><\/strong><\/p>\n<p style=\"text-align: justify;\">L\u2019umanit\u00e0 ha affidato per millenni la propria sopravvivenza, sicurezza e protezione agli oracoli. \u00c8 stata poi la matematica a ereditare la capacit\u00e0 di predire, affidandosi al \u00abcalcolo delle probabilit\u00e0\u00bb, ausilio universale al modello decisionale. Tutt\u2019oggi vengono determinate le sorti in ambito aziendale, sociale e organizzativo a partire da questa formula del calcolo del rischio elaborata nei secoli scorsi. E questo \u00e8 in grado di tutelarci? Ci sta davvero proteggendo da disastri ecologici, sanitari, aziendali, sociali? La storia ci sta dicendo che occorrono un\u2019altra visione e altri metodi. La nuova scienza del rischio \u00e8 un viaggio che parte dall\u2019\u00abapocalisse\u00bb, cio\u00e8 dall\u2019accettazione della fine, per raccontare la storia del nuovo paradigma della scuola di pensiero di KELONY\u00ae. Un modello matematico post-probabilistico che rimette l\u2019uomo al centro del processo decisionale, affinch\u00e9 possa agire nel migliore dei modi, anche nelle peggiori condizioni possibili. Per farlo, nobilita l\u2019immaginazione come scudo imprescindibile della difesa e della protezione, e introduce nuovi algoritmi e protocolli operativi testati in diversi Paesi europei a partire dalla gi\u00e0 nota <em>Cindynics<\/em>, la Scienza del Rischio, disciplina francese comparsa alla fine degli anni Ottanta. In definitiva, la diffusione di una nuova grammatica del rischio consente di effettuare previsioni talmente corrette da non verificarsi mai, contribuendo a costruire una societ\u00e0 pi\u00f9 consapevole, in grado di pensare alla protezione dell\u2019essere umano al di l\u00e0 di ogni logica di profitto, sia all\u2019interno dell\u2019ambiente civile, sia all\u2019interno delle aziende e delle organizzazioni.<\/p>\n<hr \/>\n<p style=\"text-align: justify;\"><strong>Federica Spampinato<\/strong> guarda all\u2019essere umano e alla tecnologia, privilegiando il primo. Studia giornalismo e comunicazione, prima, e filosofia del digitale, poi. Fonda la casa di produzione audiovisiva OEJ Agency &#8211; Film e Media, di cui oggi \u00e8 amministratore delegato e senior executive producer. Direttrice del Circular Media NOOS TV, \u00e8 autrice di prodotti editoriali di divulgazione, format di audiovisivi e di gamification nel settore humanities and technologies. Co-fondatrice del network nazionale Media Literacy Education Italia, che ha la missione di portare nelle scuole, nelle aziende e nelle organizzazioni una pratica etica e un pensiero critico su approcci e utilizzi della tecnologia. \u00c8 formatrice sul tema del digitale, degli audiovisivi e della media literacy education. Ha incontrato la Risk Culture nel 2019 e ha intrapreso un percorso di ricerca nel settore della <em>Cindynics<\/em>. <em>La nuova scienza del rischio<\/em> \u00e8 il suo primo libro.<\/p>\n","protected":false},"excerpt":{"rendered":"<p style=\"text-align: justify;\">L\u2019umanit\u00e0 ha affidato per millenni la propria sopravvivenza, sicurezza e protezione agli oracoli. \u00c8 stata poi la matematica a ereditare la capacit\u00e0 di predire, affidandosi al \u00abcalcolo delle probabilit\u00e0\u00bb, ausilio universale al modello decisionale. Tutt\u2019oggi vengono determinate le sorti in ambito aziendale, sociale e organizzativo a partire da questa formula del calcolo del rischio elaborata nei secoli scorsi. E questo \u00e8 in grado di tutelarci? Ci sta davvero proteggendo da disastri ecologici, sanitari, aziendali, sociali? La storia ci sta dicendo che occorrono un\u2019altra visione e altri metodi. La nuova scienza del rischio \u00e8 un viaggio che parte dall\u2019\u00abapocalisse\u00bb, cio\u00e8 dall\u2019accettazione della fine, per raccontare la storia del nuovo paradigma della scuola di pensiero di KELONY\u00ae. Un modello matematico post-probabilistico che rimette l\u2019uomo al centro del processo decisionale, affinch\u00e9 possa agire nel migliore dei modi, anche nelle peggiori condizioni possibili. Per farlo, nobilita l\u2019immaginazione come scudo imprescindibile della difesa e della protezione, e introduce nuovi algoritmi e protocolli operativi testati in diversi Paesi europei a partire dalla gi\u00e0 nota Cindynics, la Scienza del Rischio, disciplina francese comparsa alla fine degli anni Ottanta. In definitiva, la diffusione di una nuova grammatica del rischio consente di effettuare previsioni talmente corrette da non verificarsi mai, contribuendo a costruire una societ\u00e0 pi\u00f9 consapevole, in grado di pensare alla protezione dell\u2019essere umano al di l\u00e0 di ogni logica di profitto, sia all\u2019interno dell\u2019ambiente civile, sia all\u2019interno delle aziende e delle organizzazioni.<\/p>\n","protected":false},"featured_media":23067,"template":"","meta":{"_editorskit_title_hidden":false,"_editorskit_reading_time":0,"_editorskit_is_block_options_detached":false,"_editorskit_block_options_position":"{}","_monsterinsights_skip_tracking":false,"_monsterinsights_sitenote_active":false,"_monsterinsights_sitenote_note":"","_monsterinsights_sitenote_category":0},"product_brand":[],"product_cat":[6617,6537],"product_tag":[],"class_list":{"0":"post-16530","1":"product","2":"type-product","3":"status-publish","4":"has-post-thumbnail","6":"product_cat-bc","7":"product_cat-scienze-politiche-sociali","8":"pa_fulfillment-default","9":"pa_guerini_amazon_link-f1-httpswwwamazonitnuova_scie","10":"pa_guerini_feltrinelli_link-e9-httpswwwlafeltrinelliitlib","11":"pa_guerini_ibs_link-ba-httpswwwibsitnuova_scienza","12":"pa_guerini_libruniver_link-54-httpswwwlibreriauniversita","13":"pa_guerini_link_amazon-a2-httpswwwamazonitdpb08nv3ry","14":"pa_guerini_link_apple_ibook-https-books-apple-com-it-book-la-nuova-scienza-del-rischio-larte-dellimmaginazione-id1541318645","15":"pa_guerini_link_bookrepublic-https-www-bookrepublic-it-ebook-9788881954117-la-nuova-scienza-del-rischio-larte-dellimmaginazione-della-difesa-e-della-protezione-goware-e-edizioni-angelo-guerini-e-associati","16":"pa_guerini_link_giunti_punto-a1-httpswwwgiuntialpuntoitpro","17":"pa_guerini_link_ibs-0f-httpswwwibsitnuova_scienza","18":"pa_guerini_link_mondadori-https-www-mondadoristore-it-nuova-scienza-rischio-larte-federica-spampinato-eai978888195411","19":"pa_guerini_mondadori_link-2b-httpswwwmondadoristoreitla","21":"first","22":"instock","23":"sale","24":"shipping-taxable","25":"purchasable","26":"product-type-simple"},"yoast_head":"<!-- This site is optimized with the Yoast SEO plugin v25.4 - https:\/\/yoast.com\/wordpress\/plugins\/seo\/ -->\n<title>La nuova scienza del rischio - Guerini e Associati<\/title>\n<meta name=\"robots\" content=\"index, follow, max-snippet:-1, max-image-preview:large, max-video-preview:-1\" \/>\n<link rel=\"canonical\" href=\"https:\/\/www.guerini.it\/index.php\/prodotto\/la-nuova-scienza-del-rischio\/\" \/>\n<meta property=\"og:locale\" content=\"it_IT\" \/>\n<meta property=\"og:type\" content=\"article\" \/>\n<meta property=\"og:title\" content=\"La nuova scienza del rischio - Guerini e Associati\" \/>\n<meta property=\"og:description\" content=\"L\u2019umanit\u00e0 ha affidato per millenni la propria sopravvivenza, sicurezza e protezione agli oracoli. \u00c8 stata poi la matematica a ereditare la capacit\u00e0 di predire, affidandosi al \u00abcalcolo delle probabilit\u00e0\u00bb, ausilio universale al modello decisionale. Tutt\u2019oggi vengono determinate le sorti in ambito aziendale, sociale e organizzativo a partire da questa formula del calcolo del rischio elaborata nei secoli scorsi. E questo \u00e8 in grado di tutelarci? Ci sta davvero proteggendo da disastri ecologici, sanitari, aziendali, sociali? La storia ci sta dicendo che occorrono un\u2019altra visione e altri metodi. La nuova scienza del rischio \u00e8 un viaggio che parte dall\u2019\u00abapocalisse\u00bb, cio\u00e8 dall\u2019accettazione della fine, per raccontare la storia del nuovo paradigma della scuola di pensiero di KELONY\u00ae. Un modello matematico post-probabilistico che rimette l\u2019uomo al centro del processo decisionale, affinch\u00e9 possa agire nel migliore dei modi, anche nelle peggiori condizioni possibili. Per farlo, nobilita l\u2019immaginazione come scudo imprescindibile della difesa e della protezione, e introduce nuovi algoritmi e protocolli operativi testati in diversi Paesi europei a partire dalla gi\u00e0 nota Cindynics, la Scienza del Rischio, disciplina francese comparsa alla fine degli anni Ottanta. In definitiva, la diffusione di una nuova grammatica del rischio consente di effettuare previsioni talmente corrette da non verificarsi mai, contribuendo a costruire una societ\u00e0 pi\u00f9 consapevole, in grado di pensare alla protezione dell\u2019essere umano al di l\u00e0 di ogni logica di profitto, sia all\u2019interno dell\u2019ambiente civile, sia all\u2019interno delle aziende e delle organizzazioni.\" \/>\n<meta property=\"og:url\" content=\"https:\/\/www.guerini.it\/index.php\/prodotto\/la-nuova-scienza-del-rischio\/\" \/>\n<meta property=\"og:site_name\" content=\"Guerini e Associati\" \/>\n<meta property=\"article:modified_time\" content=\"2024-06-12T12:40:46+00:00\" \/>\n<meta property=\"og:image\" content=\"https:\/\/www.guerini.it\/wp-content\/uploads\/2020\/11\/9788862507950-1-e1663938412636.jpg\" \/>\n\t<meta property=\"og:image:width\" content=\"225\" \/>\n\t<meta property=\"og:image:height\" content=\"350\" \/>\n\t<meta property=\"og:image:type\" content=\"image\/jpeg\" \/>\n<meta name=\"twitter:card\" content=\"summary_large_image\" \/>\n<meta name=\"twitter:label1\" content=\"Tempo di lettura stimato\" \/>\n\t<meta name=\"twitter:data1\" content=\"3 minuti\" \/>\n<!-- \/ Yoast SEO plugin. -->","yoast_head_json":{"title":"La nuova scienza del rischio - Guerini e Associati","robots":{"index":"index","follow":"follow","max-snippet":"max-snippet:-1","max-image-preview":"max-image-preview:large","max-video-preview":"max-video-preview:-1"},"canonical":"https:\/\/www.guerini.it\/index.php\/prodotto\/la-nuova-scienza-del-rischio\/","og_locale":"it_IT","og_type":"article","og_title":"La nuova scienza del rischio - Guerini e Associati","og_description":"L\u2019umanit\u00e0 ha affidato per millenni la propria sopravvivenza, sicurezza e protezione agli oracoli. \u00c8 stata poi la matematica a ereditare la capacit\u00e0 di predire, affidandosi al \u00abcalcolo delle probabilit\u00e0\u00bb, ausilio universale al modello decisionale. Tutt\u2019oggi vengono determinate le sorti in ambito aziendale, sociale e organizzativo a partire da questa formula del calcolo del rischio elaborata nei secoli scorsi. E questo \u00e8 in grado di tutelarci? Ci sta davvero proteggendo da disastri ecologici, sanitari, aziendali, sociali? La storia ci sta dicendo che occorrono un\u2019altra visione e altri metodi. La nuova scienza del rischio \u00e8 un viaggio che parte dall\u2019\u00abapocalisse\u00bb, cio\u00e8 dall\u2019accettazione della fine, per raccontare la storia del nuovo paradigma della scuola di pensiero di KELONY\u00ae. Un modello matematico post-probabilistico che rimette l\u2019uomo al centro del processo decisionale, affinch\u00e9 possa agire nel migliore dei modi, anche nelle peggiori condizioni possibili. Per farlo, nobilita l\u2019immaginazione come scudo imprescindibile della difesa e della protezione, e introduce nuovi algoritmi e protocolli operativi testati in diversi Paesi europei a partire dalla gi\u00e0 nota Cindynics, la Scienza del Rischio, disciplina francese comparsa alla fine degli anni Ottanta. In definitiva, la diffusione di una nuova grammatica del rischio consente di effettuare previsioni talmente corrette da non verificarsi mai, contribuendo a costruire una societ\u00e0 pi\u00f9 consapevole, in grado di pensare alla protezione dell\u2019essere umano al di l\u00e0 di ogni logica di profitto, sia all\u2019interno dell\u2019ambiente civile, sia all\u2019interno delle aziende e delle organizzazioni.","og_url":"https:\/\/www.guerini.it\/index.php\/prodotto\/la-nuova-scienza-del-rischio\/","og_site_name":"Guerini e Associati","article_modified_time":"2024-06-12T12:40:46+00:00","og_image":[{"width":225,"height":350,"url":"https:\/\/www.guerini.it\/wp-content\/uploads\/2020\/11\/9788862507950-1-e1663938412636.jpg","type":"image\/jpeg"}],"twitter_card":"summary_large_image","twitter_misc":{"Tempo di lettura stimato":"3 minuti"},"schema":{"@context":"https:\/\/schema.org","@graph":[{"@type":"WebPage","@id":"https:\/\/www.guerini.it\/index.php\/prodotto\/la-nuova-scienza-del-rischio\/","url":"https:\/\/www.guerini.it\/index.php\/prodotto\/la-nuova-scienza-del-rischio\/","name":"La nuova scienza del rischio - Guerini e Associati","isPartOf":{"@id":"https:\/\/www.guerini.it\/#website"},"primaryImageOfPage":{"@id":"https:\/\/www.guerini.it\/index.php\/prodotto\/la-nuova-scienza-del-rischio\/#primaryimage"},"image":{"@id":"https:\/\/www.guerini.it\/index.php\/prodotto\/la-nuova-scienza-del-rischio\/#primaryimage"},"thumbnailUrl":"https:\/\/www.guerini.it\/wp-content\/uploads\/2020\/11\/9788862507950-1-e1663938412636.jpg","datePublished":"2020-11-19T07:03:14+00:00","dateModified":"2024-06-12T12:40:46+00:00","breadcrumb":{"@id":"https:\/\/www.guerini.it\/index.php\/prodotto\/la-nuova-scienza-del-rischio\/#breadcrumb"},"inLanguage":"it-IT","potentialAction":[{"@type":"ReadAction","target":["https:\/\/www.guerini.it\/index.php\/prodotto\/la-nuova-scienza-del-rischio\/"]}]},{"@type":"ImageObject","inLanguage":"it-IT","@id":"https:\/\/www.guerini.it\/index.php\/prodotto\/la-nuova-scienza-del-rischio\/#primaryimage","url":"https:\/\/www.guerini.it\/wp-content\/uploads\/2020\/11\/9788862507950-1-e1663938412636.jpg","contentUrl":"https:\/\/www.guerini.it\/wp-content\/uploads\/2020\/11\/9788862507950-1-e1663938412636.jpg","width":225,"height":350,"caption":"Copertina del volume La nuova scienza del rischio"},{"@type":"BreadcrumbList","@id":"https:\/\/www.guerini.it\/index.php\/prodotto\/la-nuova-scienza-del-rischio\/#breadcrumb","itemListElement":[{"@type":"ListItem","position":1,"name":"Home","item":"https:\/\/www.guerini.it\/"},{"@type":"ListItem","position":2,"name":"Catalogo","item":"https:\/\/www.guerini.it\/index.php\/negozio\/"},{"@type":"ListItem","position":3,"name":"La nuova scienza del rischio"}]},{"@type":"WebSite","@id":"https:\/\/www.guerini.it\/#website","url":"https:\/\/www.guerini.it\/","name":"Guerini e Associati","description":"30 anni di libri, idee e libert\u00e0","publisher":{"@id":"https:\/\/www.guerini.it\/#organization"},"potentialAction":[{"@type":"SearchAction","target":{"@type":"EntryPoint","urlTemplate":"https:\/\/www.guerini.it\/?s={search_term_string}"},"query-input":{"@type":"PropertyValueSpecification","valueRequired":true,"valueName":"search_term_string"}}],"inLanguage":"it-IT"},{"@type":"Organization","@id":"https:\/\/www.guerini.it\/#organization","name":"Guerini e Associati","url":"https:\/\/www.guerini.it\/","logo":{"@type":"ImageObject","inLanguage":"it-IT","@id":"https:\/\/www.guerini.it\/#\/schema\/logo\/image\/","url":"https:\/\/www.guerini.it\/wp-content\/uploads\/2021\/03\/Logo-Guerini-OK_-e1615831292285.png","contentUrl":"https:\/\/www.guerini.it\/wp-content\/uploads\/2021\/03\/Logo-Guerini-OK_-e1615831292285.png","width":2805,"height":1870,"caption":"Guerini e Associati"},"image":{"@id":"https:\/\/www.guerini.it\/#\/schema\/logo\/image\/"}}]}},"_links":{"self":[{"href":"https:\/\/www.guerini.it\/index.php\/wp-json\/wp\/v2\/product\/16530","targetHints":{"allow":["GET"]}}],"collection":[{"href":"https:\/\/www.guerini.it\/index.php\/wp-json\/wp\/v2\/product"}],"about":[{"href":"https:\/\/www.guerini.it\/index.php\/wp-json\/wp\/v2\/types\/product"}],"wp:featuredmedia":[{"embeddable":true,"href":"https:\/\/www.guerini.it\/index.php\/wp-json\/wp\/v2\/media\/23067"}],"wp:attachment":[{"href":"https:\/\/www.guerini.it\/index.php\/wp-json\/wp\/v2\/media?parent=16530"}],"wp:term":[{"taxonomy":"product_brand","embeddable":true,"href":"https:\/\/www.guerini.it\/index.php\/wp-json\/wp\/v2\/product_brand?post=16530"},{"taxonomy":"product_cat","embeddable":true,"href":"https:\/\/www.guerini.it\/index.php\/wp-json\/wp\/v2\/product_cat?post=16530"},{"taxonomy":"product_tag","embeddable":true,"href":"https:\/\/www.guerini.it\/index.php\/wp-json\/wp\/v2\/product_tag?post=16530"}],"curies":[{"name":"wp","href":"https:\/\/api.w.org\/{rel}","templated":true}]}}