{"id":16532,"date":"2020-11-20T07:28:43","date_gmt":"2020-11-20T06:28:43","guid":{"rendered":"https:\/\/test.guerini.it\/?product=management-educativo-alla-prova"},"modified":"2024-06-12T14:38:12","modified_gmt":"2024-06-12T12:38:12","slug":"management-educativo-alla-prova","status":"publish","type":"product","link":"https:\/\/www.guerini.it\/index.php\/prodotto\/management-educativo-alla-prova\/","title":{"rendered":"Management educativo alla prova"},"content":{"rendered":"<p style=\"text-align: justify;\">Formati al management di eccellenza al Politecnico di Milano, nove dirigenti scolastici di istituti che coprono le diverse aree del Paese mostrano come hanno fatto fronte allo shock di questi mesi, proponendo diversi modelli per superare strategicamente la crisi delle scuole. Cosa \u00e8 realmente accaduto durante l\u2019emergenza Covid-19, dalla fase iniziale della sospensione della didattica in presenza fino alla chiusura dell\u2019anno scolastico 2019\/2020? Quali sono le attivit\u00e0 che un Dirigente Scolastico dovrebbe svolgere in tempi ordinari e come realmente hanno fatto fronte alla pandemia questi Dirigenti nelle nove realt\u00e0 italiane prese in esame? Attraverso i loro racconti diretti, si \u00e8 introdotti a una riflessione cruciale sul funzionamento delle attivit\u00e0 scolastiche che pone in evidenza: quanto l\u2019efficacia della gestione sia strettamente legata a quella dell\u2019attivit\u00e0 didattico\/educativa; come la figura del Dirigente Scolastico sia centrale nella determinazione dell\u2019incisivit\u00e0 gestionale dell\u2019attivit\u00e0 scolastica; come il Dirigente Scolastico, competente e adeguatamente equipaggiato sotto il profilo gestionale e manageriale, abbia influito nel determinare un modo pi\u00f9 incisivo della gestione dell\u2019emergenza.<\/p>\n<p style=\"text-align: justify;\"><strong>Tommaso Agasisti <\/strong>\u00e8 professore ordinario al Politecnico di Milano, Dipartimento di Ingegneria Gestionale, dove insegna Public Management ed Economia e Organizzazione Aziendale. I suoi principali interessi di ricerca riguardano l\u2019economia e il management del settore pubblico, con specifico riferimento ad applicazioni a scuole, universit\u00e0 e enti locali.<\/p>\n","protected":false},"excerpt":{"rendered":"<p>Formati al management di eccellenza al Politecnico di Milano, nove dirigenti scolastici di istituti che coprono le diverse aree del Paese mostrano come hanno fatto fronte allo shock di questi mesi, proponendo diversi modelli per superare strategicamente la crisi delle scuole. Cosa \u00e8 realmente accaduto durante l\u2019emergenza Covid-19, dalla fase iniziale della sospensione della didattica in presenza fino alla chiusura dell\u2019anno scolastico 2019\/2020? Quali sono le attivit\u00e0 che un Dirigente Scolastico dovrebbe svolgere in tempi ordinari e come realmente hanno fatto fronte alla pandemia questi Dirigenti nelle nove realt\u00e0 italiane prese in esame? Attraverso i loro racconti diretti, si \u00e8 introdotti a una riflessione cruciale sul funzionamento delle attivit\u00e0 scolastiche che pone in evidenza: quanto l\u2019efficacia della gestione sia strettamente legata a quella dell\u2019attivit\u00e0 didattico\/educativa; come la figura del Dirigente Scolastico sia centrale nella determinazione dell\u2019incisivit\u00e0 gestionale dell\u2019attivit\u00e0 scolastica; come il Dirigente Scolastico, competente e adeguatamente equipaggiato sotto il profilo gestionale e manageriale, abbia influito nel determinare un modo pi\u00f9 incisivo della gestione dell\u2019emergenza.<\/p>\n","protected":false},"featured_media":16531,"template":"","meta":{"_editorskit_title_hidden":false,"_editorskit_reading_time":0,"_editorskit_is_block_options_detached":false,"_editorskit_block_options_position":"{}","_monsterinsights_skip_tracking":false,"_monsterinsights_sitenote_active":false,"_monsterinsights_sitenote_note":"","_monsterinsights_sitenote_category":0},"product_brand":[],"product_cat":[6805,6536],"product_tag":[],"class_list":{"0":"post-16532","1":"product","2":"type-product","3":"status-publish","4":"has-post-thumbnail","6":"product_cat-guerini-next","7":"product_cat-psicologia-pedagogia","8":"pa_fulfillment-default","9":"pa_guerini_amazon_link-d2-httpswwwamazonitmanagement","10":"pa_guerini_feltrinelli_link-https-tidd-ly-3hwpxds","11":"pa_guerini_ibs_link-https-tidd-ly-3fbrnpt","12":"pa_guerini_libruniver_link-https-www-libreriauniversitaria-it-management-educativo-prova-lezioni-dirigenti-libro-9788868963552","13":"pa_guerini_link_amazon-80-httpswwwamazonitdpb08nv3q2","14":"pa_guerini_link_giunti_punto-60-httpswwwgiuntialpuntoitpro","15":"pa_guerini_link_kobo-9a-httpswwwkobocomititebookma","16":"pa_guerini_mondadori_link-https-www-mondadoristore-it-management-educativo-prova-na-eai978886896355","18":"first","19":"instock","20":"sale","21":"shipping-taxable","22":"purchasable","23":"product-type-simple"},"yoast_head":"<!-- This site is optimized with the Yoast SEO plugin v25.4 - https:\/\/yoast.com\/wordpress\/plugins\/seo\/ -->\n<title>Management educativo alla prova - Guerini e Associati<\/title>\n<meta name=\"robots\" content=\"index, follow, max-snippet:-1, max-image-preview:large, max-video-preview:-1\" \/>\n<link rel=\"canonical\" href=\"https:\/\/www.guerini.it\/index.php\/prodotto\/management-educativo-alla-prova\/\" \/>\n<meta property=\"og:locale\" content=\"it_IT\" \/>\n<meta property=\"og:type\" content=\"article\" \/>\n<meta property=\"og:title\" content=\"Management educativo alla prova - Guerini e Associati\" \/>\n<meta property=\"og:description\" content=\"Formati al management di eccellenza al Politecnico di Milano, nove dirigenti scolastici di istituti che coprono le diverse aree del Paese mostrano come hanno fatto fronte allo shock di questi mesi, proponendo diversi modelli per superare strategicamente la crisi delle scuole. Cosa \u00e8 realmente accaduto durante l\u2019emergenza Covid-19, dalla fase iniziale della sospensione della didattica in presenza fino alla chiusura dell\u2019anno scolastico 2019\/2020? Quali sono le attivit\u00e0 che un Dirigente Scolastico dovrebbe svolgere in tempi ordinari e come realmente hanno fatto fronte alla pandemia questi Dirigenti nelle nove realt\u00e0 italiane prese in esame? Attraverso i loro racconti diretti, si \u00e8 introdotti a una riflessione cruciale sul funzionamento delle attivit\u00e0 scolastiche che pone in evidenza: quanto l\u2019efficacia della gestione sia strettamente legata a quella dell\u2019attivit\u00e0 didattico\/educativa; come la figura del Dirigente Scolastico sia centrale nella determinazione dell\u2019incisivit\u00e0 gestionale dell\u2019attivit\u00e0 scolastica; come il Dirigente Scolastico, competente e adeguatamente equipaggiato sotto il profilo gestionale e manageriale, abbia influito nel determinare un modo pi\u00f9 incisivo della gestione dell\u2019emergenza.\" \/>\n<meta property=\"og:url\" content=\"https:\/\/www.guerini.it\/index.php\/prodotto\/management-educativo-alla-prova\/\" \/>\n<meta property=\"og:site_name\" content=\"Guerini e Associati\" \/>\n<meta property=\"article:modified_time\" content=\"2024-06-12T12:38:12+00:00\" \/>\n<meta property=\"og:image\" content=\"https:\/\/www.guerini.it\/wp-content\/uploads\/2020\/11\/management_educativo_alla_prova_sito.jpg\" \/>\n\t<meta property=\"og:image:width\" content=\"226\" \/>\n\t<meta property=\"og:image:height\" content=\"353\" \/>\n\t<meta property=\"og:image:type\" content=\"image\/jpeg\" \/>\n<meta name=\"twitter:card\" content=\"summary_large_image\" \/>\n<meta name=\"twitter:label1\" content=\"Tempo di lettura stimato\" \/>\n\t<meta name=\"twitter:data1\" content=\"2 minuti\" \/>\n<!-- \/ Yoast SEO plugin. -->","yoast_head_json":{"title":"Management educativo alla prova - Guerini e Associati","robots":{"index":"index","follow":"follow","max-snippet":"max-snippet:-1","max-image-preview":"max-image-preview:large","max-video-preview":"max-video-preview:-1"},"canonical":"https:\/\/www.guerini.it\/index.php\/prodotto\/management-educativo-alla-prova\/","og_locale":"it_IT","og_type":"article","og_title":"Management educativo alla prova - Guerini e Associati","og_description":"Formati al management di eccellenza al Politecnico di Milano, nove dirigenti scolastici di istituti che coprono le diverse aree del Paese mostrano come hanno fatto fronte allo shock di questi mesi, proponendo diversi modelli per superare strategicamente la crisi delle scuole. Cosa \u00e8 realmente accaduto durante l\u2019emergenza Covid-19, dalla fase iniziale della sospensione della didattica in presenza fino alla chiusura dell\u2019anno scolastico 2019\/2020? Quali sono le attivit\u00e0 che un Dirigente Scolastico dovrebbe svolgere in tempi ordinari e come realmente hanno fatto fronte alla pandemia questi Dirigenti nelle nove realt\u00e0 italiane prese in esame? Attraverso i loro racconti diretti, si \u00e8 introdotti a una riflessione cruciale sul funzionamento delle attivit\u00e0 scolastiche che pone in evidenza: quanto l\u2019efficacia della gestione sia strettamente legata a quella dell\u2019attivit\u00e0 didattico\/educativa; come la figura del Dirigente Scolastico sia centrale nella determinazione dell\u2019incisivit\u00e0 gestionale dell\u2019attivit\u00e0 scolastica; come il Dirigente Scolastico, competente e adeguatamente equipaggiato sotto il profilo gestionale e manageriale, abbia influito nel determinare un modo pi\u00f9 incisivo della gestione dell\u2019emergenza.","og_url":"https:\/\/www.guerini.it\/index.php\/prodotto\/management-educativo-alla-prova\/","og_site_name":"Guerini e Associati","article_modified_time":"2024-06-12T12:38:12+00:00","og_image":[{"width":226,"height":353,"url":"https:\/\/www.guerini.it\/wp-content\/uploads\/2020\/11\/management_educativo_alla_prova_sito.jpg","type":"image\/jpeg"}],"twitter_card":"summary_large_image","twitter_misc":{"Tempo di lettura stimato":"2 minuti"},"schema":{"@context":"https:\/\/schema.org","@graph":[{"@type":"WebPage","@id":"https:\/\/www.guerini.it\/index.php\/prodotto\/management-educativo-alla-prova\/","url":"https:\/\/www.guerini.it\/index.php\/prodotto\/management-educativo-alla-prova\/","name":"Management educativo alla prova - Guerini e Associati","isPartOf":{"@id":"https:\/\/www.guerini.it\/#website"},"primaryImageOfPage":{"@id":"https:\/\/www.guerini.it\/index.php\/prodotto\/management-educativo-alla-prova\/#primaryimage"},"image":{"@id":"https:\/\/www.guerini.it\/index.php\/prodotto\/management-educativo-alla-prova\/#primaryimage"},"thumbnailUrl":"https:\/\/www.guerini.it\/wp-content\/uploads\/2020\/11\/management_educativo_alla_prova_sito.jpg","datePublished":"2020-11-20T06:28:43+00:00","dateModified":"2024-06-12T12:38:12+00:00","breadcrumb":{"@id":"https:\/\/www.guerini.it\/index.php\/prodotto\/management-educativo-alla-prova\/#breadcrumb"},"inLanguage":"it-IT","potentialAction":[{"@type":"ReadAction","target":["https:\/\/www.guerini.it\/index.php\/prodotto\/management-educativo-alla-prova\/"]}]},{"@type":"ImageObject","inLanguage":"it-IT","@id":"https:\/\/www.guerini.it\/index.php\/prodotto\/management-educativo-alla-prova\/#primaryimage","url":"https:\/\/www.guerini.it\/wp-content\/uploads\/2020\/11\/management_educativo_alla_prova_sito.jpg","contentUrl":"https:\/\/www.guerini.it\/wp-content\/uploads\/2020\/11\/management_educativo_alla_prova_sito.jpg","width":226,"height":353,"caption":"Management educativo alla prova"},{"@type":"BreadcrumbList","@id":"https:\/\/www.guerini.it\/index.php\/prodotto\/management-educativo-alla-prova\/#breadcrumb","itemListElement":[{"@type":"ListItem","position":1,"name":"Home","item":"https:\/\/www.guerini.it\/"},{"@type":"ListItem","position":2,"name":"Catalogo","item":"https:\/\/www.guerini.it\/index.php\/negozio\/"},{"@type":"ListItem","position":3,"name":"Management educativo alla prova"}]},{"@type":"WebSite","@id":"https:\/\/www.guerini.it\/#website","url":"https:\/\/www.guerini.it\/","name":"Guerini e Associati","description":"30 anni di libri, idee e libert\u00e0","publisher":{"@id":"https:\/\/www.guerini.it\/#organization"},"potentialAction":[{"@type":"SearchAction","target":{"@type":"EntryPoint","urlTemplate":"https:\/\/www.guerini.it\/?s={search_term_string}"},"query-input":{"@type":"PropertyValueSpecification","valueRequired":true,"valueName":"search_term_string"}}],"inLanguage":"it-IT"},{"@type":"Organization","@id":"https:\/\/www.guerini.it\/#organization","name":"Guerini e Associati","url":"https:\/\/www.guerini.it\/","logo":{"@type":"ImageObject","inLanguage":"it-IT","@id":"https:\/\/www.guerini.it\/#\/schema\/logo\/image\/","url":"https:\/\/www.guerini.it\/wp-content\/uploads\/2021\/03\/Logo-Guerini-OK_-e1615831292285.png","contentUrl":"https:\/\/www.guerini.it\/wp-content\/uploads\/2021\/03\/Logo-Guerini-OK_-e1615831292285.png","width":2805,"height":1870,"caption":"Guerini e Associati"},"image":{"@id":"https:\/\/www.guerini.it\/#\/schema\/logo\/image\/"}}]}},"_links":{"self":[{"href":"https:\/\/www.guerini.it\/index.php\/wp-json\/wp\/v2\/product\/16532","targetHints":{"allow":["GET"]}}],"collection":[{"href":"https:\/\/www.guerini.it\/index.php\/wp-json\/wp\/v2\/product"}],"about":[{"href":"https:\/\/www.guerini.it\/index.php\/wp-json\/wp\/v2\/types\/product"}],"wp:featuredmedia":[{"embeddable":true,"href":"https:\/\/www.guerini.it\/index.php\/wp-json\/wp\/v2\/media\/16531"}],"wp:attachment":[{"href":"https:\/\/www.guerini.it\/index.php\/wp-json\/wp\/v2\/media?parent=16532"}],"wp:term":[{"taxonomy":"product_brand","embeddable":true,"href":"https:\/\/www.guerini.it\/index.php\/wp-json\/wp\/v2\/product_brand?post=16532"},{"taxonomy":"product_cat","embeddable":true,"href":"https:\/\/www.guerini.it\/index.php\/wp-json\/wp\/v2\/product_cat?post=16532"},{"taxonomy":"product_tag","embeddable":true,"href":"https:\/\/www.guerini.it\/index.php\/wp-json\/wp\/v2\/product_tag?post=16532"}],"curies":[{"name":"wp","href":"https:\/\/api.w.org\/{rel}","templated":true}]}}

<p style="text-align: justify;">Formati al management di eccellenza al Politecnico di Milano, nove dirigenti scolastici di istituti che coprono le diverse aree del Paese mostrano come hanno fatto fronte allo shock di questi mesi, proponendo diversi modelli per superare strategicamente la crisi delle scuole. Cosa è realmente accaduto durante l’emergenza Covid-19, dalla fase iniziale della sospensione della didattica in presenza fino alla chiusura dell’anno scolastico 2019/2020? Quali sono le attività che un Dirigente Scolastico dovrebbe svolgere in tempi ordinari e come realmente hanno fatto fronte alla pandemia questi Dirigenti nelle nove realtà italiane prese in esame? Attraverso i loro racconti diretti, si è introdotti a una riflessione cruciale sul funzionamento delle attività scolastiche che pone in evidenza: quanto l’efficacia della gestione sia strettamente legata a quella dell’attività didattico/educativa; come la figura del Dirigente Scolastico sia centrale nella determinazione dell’incisività gestionale dell’attività scolastica; come il Dirigente Scolastico, competente e adeguatamente equipaggiato sotto il profilo gestionale e manageriale, abbia influito nel determinare un modo più incisivo della gestione dell’emergenza.</p>
<p style="text-align: justify;"><strong>Tommaso Agasisti </strong>è professore ordinario al Politecnico di Milano, Dipartimento di Ingegneria Gestionale, dove insegna Public Management ed Economia e Organizzazione Aziendale. I suoi principali interessi di ricerca riguardano l’economia e il management del settore pubblico, con specifico riferimento ad applicazioni a scuole, università e enti locali.</p>

<p>Formati al management di eccellenza al Politecnico di Milano, nove dirigenti scolastici di istituti che coprono le diverse aree del Paese mostrano come hanno fatto fronte allo shock di questi mesi, proponendo diversi modelli per superare strategicamente la crisi delle scuole. Cosa è realmente accaduto durante l’emergenza Covid-19, dalla fase iniziale della sospensione della didattica in presenza fino alla chiusura dell’anno scolastico 2019/2020? Quali sono le attività che un Dirigente Scolastico dovrebbe svolgere in tempi ordinari e come realmente hanno fatto fronte alla pandemia questi Dirigenti nelle nove realtà italiane prese in esame? Attraverso i loro racconti diretti, si è introdotti a una riflessione cruciale sul funzionamento delle attività scolastiche che pone in evidenza: quanto l’efficacia della gestione sia strettamente legata a quella dell’attività didattico/educativa; come la figura del Dirigente Scolastico sia centrale nella determinazione dell’incisività gestionale dell’attività scolastica; come il Dirigente Scolastico, competente e adeguatamente equipaggiato sotto il profilo gestionale e manageriale, abbia influito nel determinare un modo più incisivo della gestione dell’emergenza.</p>

<!-- This site is optimized with the Yoast SEO plugin v25.4 - https://yoast.com/wordpress/plugins/seo/ -->
<title>Management educativo alla prova - Guerini e Associati</title>
<meta name="robots" content="index, follow, max-snippet:-1, max-image-preview:large, max-video-preview:-1" />
<link rel="canonical" href="https://www.guerini.it/index.php/prodotto/management-educativo-alla-prova/" />
<meta property="og:locale" content="it_IT" />
<meta property="og:type" content="article" />
<meta property="og:title" content="Management educativo alla prova - Guerini e Associati" />
<meta property="og:description" content="Formati al management di eccellenza al Politecnico di Milano, nove dirigenti scolastici di istituti che coprono le diverse aree del Paese mostrano come hanno fatto fronte allo shock di questi mesi, proponendo diversi modelli per superare strategicamente la crisi delle scuole. Cosa è realmente accaduto durante l’emergenza Covid-19, dalla fase iniziale della sospensione della didattica in presenza fino alla chiusura dell’anno scolastico 2019/2020? Quali sono le attività che un Dirigente Scolastico dovrebbe svolgere in tempi ordinari e come realmente hanno fatto fronte alla pandemia questi Dirigenti nelle nove realtà italiane prese in esame? Attraverso i loro racconti diretti, si è introdotti a una riflessione cruciale sul funzionamento delle attività scolastiche che pone in evidenza: quanto l’efficacia della gestione sia strettamente legata a quella dell’attività didattico/educativa; come la figura del Dirigente Scolastico sia centrale nella determinazione dell’incisività gestionale dell’attività scolastica; come il Dirigente Scolastico, competente e adeguatamente equipaggiato sotto il profilo gestionale e manageriale, abbia influito nel determinare un modo più incisivo della gestione dell’emergenza." />
<meta property="og:url" content="https://www.guerini.it/index.php/prodotto/management-educativo-alla-prova/" />
<meta property="og:site_name" content="Guerini e Associati" />
<meta property="article:modified_time" content="2024-06-12T12:38:12+00:00" />
<meta property="og:image" content="https://www.guerini.it/wp-content/uploads/2020/11/management_educativo_alla_prova_sito.jpg" />
	<meta property="og:image:width" content="226" />
	<meta property="og:image:height" content="353" />
	<meta property="og:image:type" content="image/jpeg" />
<meta name="twitter:card" content="summary_large_image" />
<meta name="twitter:label1" content="Tempo di lettura stimato" />
	<meta name="twitter:data1" content="2 minuti" />
<!-- / Yoast SEO plugin. -->

Formati al management di eccellenza al Politecnico di Milano, nove dirigenti scolastici di istituti che coprono le diverse aree del Paese mostrano come hanno fatto fronte allo shock di questi mesi, proponendo diversi modelli per superare strategicamente la crisi delle scuole. Cosa è realmente accaduto durante l’emergenza Covid-19, dalla fase iniziale della sospensione della didattica in presenza fino alla chiusura dell’anno scolastico 2019/2020? Quali sono le attività che un Dirigente Scolastico dovrebbe svolgere in tempi ordinari e come realmente hanno fatto fronte alla pandemia questi Dirigenti nelle nove realtà italiane prese in esame? Attraverso i loro racconti diretti, si è introdotti a una riflessione cruciale sul funzionamento delle attività scolastiche che pone in evidenza: quanto l’efficacia della gestione sia strettamente legata a quella dell’attività didattico/educativa; come la figura del Dirigente Scolastico sia centrale nella determinazione dell’incisività gestionale dell’attività scolastica; come il Dirigente Scolastico, competente e adeguatamente equipaggiato sotto il profilo gestionale e manageriale, abbia influito nel determinare un modo più incisivo della gestione dell’emergenza.

30 anni di libri, idee e libertà
