{"id":16538,"date":"2020-11-30T12:17:18","date_gmt":"2020-11-30T11:17:18","guid":{"rendered":"https:\/\/test.guerini.it\/?product=l-urlo-di-dolore"},"modified":"2024-06-12T14:40:27","modified_gmt":"2024-06-12T12:40:27","slug":"l-urlo-di-dolore","status":"publish","type":"product","link":"https:\/\/www.guerini.it\/index.php\/prodotto\/l-urlo-di-dolore\/","title":{"rendered":"L&#8217;urlo di dolore"},"content":{"rendered":"<p style=\"text-align: center;\">\u00abSiamo bravissimi a dimenticare. Anche per questo \u00e8 importante che questo libro sia stato scritto. Perch\u00e9 racconta come vorremmo che fosse l\u2019Italia, che non ci fosse bisogno di una contingenza tragica per unire gli italiani: la bergamasca \u00e8 sopravvissuta alle sventole della pandemia perch\u00e9 era cos\u00ec anche prima, una identit\u00e0 di valori e una capacit\u00e0 muscolare, montana, di resistere alle intemperie, ed \u00e8 questo che vorrei vedere estendersi nel matto Paese in cui abitiamo, ma di cui facciamo parte un po\u2019 s\u00ec e un po\u2019 no, una regione s\u00ec e una no, un giorno s\u00ec e uno no\u00bb.<br \/>\nDalla prefazione di Vittorio Feltri<\/p>\n<p style=\"text-align: justify;\">Testimonianze di chi ha assistito impotente al primo assalto del virus: gente comune, dedita al lavoro, alla famiglia, alla propria comunit\u00e0. Qui si \u00e8 abbattuta la tragedia del Covid, trovando tutti impreparati: autorit\u00e0 politiche e sanitarie, abitanti e tecnici della salute.L\u2019autore, un giovane di trent\u2019anni, ha scoperto dai media i dati della carneficina in Val Seriana e ne \u00e8 rimasto sconvolto. Per questo ha raccolto sussurri e grida che venivano dall\u2019epicentro del contagio e, attraverso una serie di interviste ai parenti delle vittime, ai medici, ai religiosi e ad esperti coinvolti, ha ricostruito la voce della valle, non per chiedere vendette, ma risposte.<\/p>\n<p style=\"text-align: justify;\"><strong>Alberto Luppichini<\/strong>, di formazione giuridica, specializzato in finanza, vira presto verso il mondo della scrittura, dedicandosi principalmente al giornalismo politico e d\u2019inchiesta. Collabora con <em>Libero<\/em>, <em>L\u2019Opinione<\/em> e <em>Valseriananews<\/em>. Questo \u00e8 il suo primo libro.<\/p>\n","protected":false},"excerpt":{"rendered":"<p>Testimonianze di chi ha assistito impotente al primo assalto del virus: gente comune, dedita al lavoro, alla famiglia, alla propria comunit\u00e0. Qui si \u00e8 abbattuta la tragedia del Covid, trovando tutti impreparati: autorit\u00e0 politiche e sanitarie, abitanti e tecnici della salute.L\u2019autore, un giovane di trent\u2019anni, ha scoperto dai media i dati della carneficina in Val Seriana e ne \u00e8 rimasto sconvolto. Per questo ha raccolto sussurri e grida che venivano dall\u2019epicentro del contagio e, attraverso una serie di interviste ai parenti delle vittime, ai medici, ai religiosi e ad esperti coinvolti, ha ricostruito la voce della valle, non per chiedere vendette, ma risposte.<\/p>\n","protected":false},"featured_media":16537,"template":"","meta":{"_editorskit_title_hidden":false,"_editorskit_reading_time":0,"_editorskit_is_block_options_detached":false,"_editorskit_block_options_position":"{}","_monsterinsights_skip_tracking":false,"_monsterinsights_sitenote_active":false,"_monsterinsights_sitenote_note":"","_monsterinsights_sitenote_category":0},"product_brand":[],"product_cat":[6806],"product_tag":[],"class_list":{"0":"post-16538","1":"product","2":"type-product","3":"status-publish","4":"has-post-thumbnail","6":"product_cat-senza-categoria","7":"pa_fulfillment-default","8":"pa_guerini_amazon_link-d0-httpswwwamazonitlurlo_dolo","9":"pa_guerini_feltrinelli_link-5f-httpswwwawin1comcreadphpaw","10":"pa_guerini_ibs_link-96-httpswwwawin1comcreadphpaw","11":"pa_guerini_libruniver_link-83-httpswwwlibreriauniversita","12":"pa_guerini_link_apple_ibook-02-httpsbooksapplecomitbooklu","13":"pa_guerini_link_bookrepublic-14-httpswwwbookrepubliciteboo","14":"pa_guerini_link_kobo-8f-httpswwwkobocomititebookl_","15":"pa_guerini_link_mondadori-cf-httpswwwmondadoristoreitur","16":"pa_guerini_mondadori_link-49-httpswwwmondadoristoreitur","18":"first","19":"instock","20":"sale","21":"shipping-taxable","22":"purchasable","23":"product-type-simple"},"yoast_head":"<!-- This site is optimized with the Yoast SEO plugin v25.4 - https:\/\/yoast.com\/wordpress\/plugins\/seo\/ -->\n<title>L&#039;urlo di dolore - Guerini e Associati<\/title>\n<meta name=\"robots\" content=\"index, follow, max-snippet:-1, max-image-preview:large, max-video-preview:-1\" \/>\n<link rel=\"canonical\" href=\"https:\/\/www.guerini.it\/index.php\/prodotto\/l-urlo-di-dolore\/\" \/>\n<meta property=\"og:locale\" content=\"it_IT\" \/>\n<meta property=\"og:type\" content=\"article\" \/>\n<meta property=\"og:title\" content=\"L&#039;urlo di dolore - Guerini e Associati\" \/>\n<meta property=\"og:description\" content=\"Testimonianze di chi ha assistito impotente al primo assalto del virus: gente comune, dedita al lavoro, alla famiglia, alla propria comunit\u00e0. Qui si \u00e8 abbattuta la tragedia del Covid, trovando tutti impreparati: autorit\u00e0 politiche e sanitarie, abitanti e tecnici della salute.L\u2019autore, un giovane di trent\u2019anni, ha scoperto dai media i dati della carneficina in Val Seriana e ne \u00e8 rimasto sconvolto. Per questo ha raccolto sussurri e grida che venivano dall\u2019epicentro del contagio e, attraverso una serie di interviste ai parenti delle vittime, ai medici, ai religiosi e ad esperti coinvolti, ha ricostruito la voce della valle, non per chiedere vendette, ma risposte.\" \/>\n<meta property=\"og:url\" content=\"https:\/\/www.guerini.it\/index.php\/prodotto\/l-urlo-di-dolore\/\" \/>\n<meta property=\"og:site_name\" content=\"Guerini e Associati\" \/>\n<meta property=\"article:modified_time\" content=\"2024-06-12T12:40:27+00:00\" \/>\n<meta property=\"og:image\" content=\"https:\/\/www.guerini.it\/wp-content\/uploads\/2020\/11\/urlo_di_dolore_sito.jpg\" \/>\n\t<meta property=\"og:image:width\" content=\"235\" \/>\n\t<meta property=\"og:image:height\" content=\"353\" \/>\n\t<meta property=\"og:image:type\" content=\"image\/jpeg\" \/>\n<meta name=\"twitter:card\" content=\"summary_large_image\" \/>\n<meta name=\"twitter:label1\" content=\"Tempo di lettura stimato\" \/>\n\t<meta name=\"twitter:data1\" content=\"2 minuti\" \/>\n<!-- \/ Yoast SEO plugin. -->","yoast_head_json":{"title":"L'urlo di dolore - Guerini e Associati","robots":{"index":"index","follow":"follow","max-snippet":"max-snippet:-1","max-image-preview":"max-image-preview:large","max-video-preview":"max-video-preview:-1"},"canonical":"https:\/\/www.guerini.it\/index.php\/prodotto\/l-urlo-di-dolore\/","og_locale":"it_IT","og_type":"article","og_title":"L'urlo di dolore - Guerini e Associati","og_description":"Testimonianze di chi ha assistito impotente al primo assalto del virus: gente comune, dedita al lavoro, alla famiglia, alla propria comunit\u00e0. Qui si \u00e8 abbattuta la tragedia del Covid, trovando tutti impreparati: autorit\u00e0 politiche e sanitarie, abitanti e tecnici della salute.L\u2019autore, un giovane di trent\u2019anni, ha scoperto dai media i dati della carneficina in Val Seriana e ne \u00e8 rimasto sconvolto. Per questo ha raccolto sussurri e grida che venivano dall\u2019epicentro del contagio e, attraverso una serie di interviste ai parenti delle vittime, ai medici, ai religiosi e ad esperti coinvolti, ha ricostruito la voce della valle, non per chiedere vendette, ma risposte.","og_url":"https:\/\/www.guerini.it\/index.php\/prodotto\/l-urlo-di-dolore\/","og_site_name":"Guerini e Associati","article_modified_time":"2024-06-12T12:40:27+00:00","og_image":[{"width":235,"height":353,"url":"https:\/\/www.guerini.it\/wp-content\/uploads\/2020\/11\/urlo_di_dolore_sito.jpg","type":"image\/jpeg"}],"twitter_card":"summary_large_image","twitter_misc":{"Tempo di lettura stimato":"2 minuti"},"schema":{"@context":"https:\/\/schema.org","@graph":[{"@type":"WebPage","@id":"https:\/\/www.guerini.it\/index.php\/prodotto\/l-urlo-di-dolore\/","url":"https:\/\/www.guerini.it\/index.php\/prodotto\/l-urlo-di-dolore\/","name":"L'urlo di dolore - Guerini e Associati","isPartOf":{"@id":"https:\/\/www.guerini.it\/#website"},"primaryImageOfPage":{"@id":"https:\/\/www.guerini.it\/index.php\/prodotto\/l-urlo-di-dolore\/#primaryimage"},"image":{"@id":"https:\/\/www.guerini.it\/index.php\/prodotto\/l-urlo-di-dolore\/#primaryimage"},"thumbnailUrl":"https:\/\/www.guerini.it\/wp-content\/uploads\/2020\/11\/urlo_di_dolore_sito.jpg","datePublished":"2020-11-30T11:17:18+00:00","dateModified":"2024-06-12T12:40:27+00:00","breadcrumb":{"@id":"https:\/\/www.guerini.it\/index.php\/prodotto\/l-urlo-di-dolore\/#breadcrumb"},"inLanguage":"it-IT","potentialAction":[{"@type":"ReadAction","target":["https:\/\/www.guerini.it\/index.php\/prodotto\/l-urlo-di-dolore\/"]}]},{"@type":"ImageObject","inLanguage":"it-IT","@id":"https:\/\/www.guerini.it\/index.php\/prodotto\/l-urlo-di-dolore\/#primaryimage","url":"https:\/\/www.guerini.it\/wp-content\/uploads\/2020\/11\/urlo_di_dolore_sito.jpg","contentUrl":"https:\/\/www.guerini.it\/wp-content\/uploads\/2020\/11\/urlo_di_dolore_sito.jpg","width":235,"height":353,"caption":"L'urlo di dolore"},{"@type":"BreadcrumbList","@id":"https:\/\/www.guerini.it\/index.php\/prodotto\/l-urlo-di-dolore\/#breadcrumb","itemListElement":[{"@type":"ListItem","position":1,"name":"Home","item":"https:\/\/www.guerini.it\/"},{"@type":"ListItem","position":2,"name":"Catalogo","item":"https:\/\/www.guerini.it\/index.php\/negozio\/"},{"@type":"ListItem","position":3,"name":"L&#8217;urlo di dolore"}]},{"@type":"WebSite","@id":"https:\/\/www.guerini.it\/#website","url":"https:\/\/www.guerini.it\/","name":"Guerini e Associati","description":"30 anni di libri, idee e libert\u00e0","publisher":{"@id":"https:\/\/www.guerini.it\/#organization"},"potentialAction":[{"@type":"SearchAction","target":{"@type":"EntryPoint","urlTemplate":"https:\/\/www.guerini.it\/?s={search_term_string}"},"query-input":{"@type":"PropertyValueSpecification","valueRequired":true,"valueName":"search_term_string"}}],"inLanguage":"it-IT"},{"@type":"Organization","@id":"https:\/\/www.guerini.it\/#organization","name":"Guerini e Associati","url":"https:\/\/www.guerini.it\/","logo":{"@type":"ImageObject","inLanguage":"it-IT","@id":"https:\/\/www.guerini.it\/#\/schema\/logo\/image\/","url":"https:\/\/www.guerini.it\/wp-content\/uploads\/2021\/03\/Logo-Guerini-OK_-e1615831292285.png","contentUrl":"https:\/\/www.guerini.it\/wp-content\/uploads\/2021\/03\/Logo-Guerini-OK_-e1615831292285.png","width":2805,"height":1870,"caption":"Guerini e Associati"},"image":{"@id":"https:\/\/www.guerini.it\/#\/schema\/logo\/image\/"}}]}},"_links":{"self":[{"href":"https:\/\/www.guerini.it\/index.php\/wp-json\/wp\/v2\/product\/16538","targetHints":{"allow":["GET"]}}],"collection":[{"href":"https:\/\/www.guerini.it\/index.php\/wp-json\/wp\/v2\/product"}],"about":[{"href":"https:\/\/www.guerini.it\/index.php\/wp-json\/wp\/v2\/types\/product"}],"wp:featuredmedia":[{"embeddable":true,"href":"https:\/\/www.guerini.it\/index.php\/wp-json\/wp\/v2\/media\/16537"}],"wp:attachment":[{"href":"https:\/\/www.guerini.it\/index.php\/wp-json\/wp\/v2\/media?parent=16538"}],"wp:term":[{"taxonomy":"product_brand","embeddable":true,"href":"https:\/\/www.guerini.it\/index.php\/wp-json\/wp\/v2\/product_brand?post=16538"},{"taxonomy":"product_cat","embeddable":true,"href":"https:\/\/www.guerini.it\/index.php\/wp-json\/wp\/v2\/product_cat?post=16538"},{"taxonomy":"product_tag","embeddable":true,"href":"https:\/\/www.guerini.it\/index.php\/wp-json\/wp\/v2\/product_tag?post=16538"}],"curies":[{"name":"wp","href":"https:\/\/api.w.org\/{rel}","templated":true}]}}

<p style="text-align: center;">«Siamo bravissimi a dimenticare. Anche per questo è importante che questo libro sia stato scritto. Perché racconta come vorremmo che fosse l’Italia, che non ci fosse bisogno di una contingenza tragica per unire gli italiani: la bergamasca è sopravvissuta alle sventole della pandemia perché era così anche prima, una identità di valori e una capacità muscolare, montana, di resistere alle intemperie, ed è questo che vorrei vedere estendersi nel matto Paese in cui abitiamo, ma di cui facciamo parte un po’ sì e un po’ no, una regione sì e una no, un giorno sì e uno no».<br />
Dalla prefazione di Vittorio Feltri</p>
<p style="text-align: justify;">Testimonianze di chi ha assistito impotente al primo assalto del virus: gente comune, dedita al lavoro, alla famiglia, alla propria comunità. Qui si è abbattuta la tragedia del Covid, trovando tutti impreparati: autorità politiche e sanitarie, abitanti e tecnici della salute.L’autore, un giovane di trent’anni, ha scoperto dai media i dati della carneficina in Val Seriana e ne è rimasto sconvolto. Per questo ha raccolto sussurri e grida che venivano dall’epicentro del contagio e, attraverso una serie di interviste ai parenti delle vittime, ai medici, ai religiosi e ad esperti coinvolti, ha ricostruito la voce della valle, non per chiedere vendette, ma risposte.</p>
<p style="text-align: justify;"><strong>Alberto Luppichini</strong>, di formazione giuridica, specializzato in finanza, vira presto verso il mondo della scrittura, dedicandosi principalmente al giornalismo politico e d’inchiesta. Collabora con <em>Libero</em>, <em>L’Opinione</em> e <em>Valseriananews</em>. Questo è il suo primo libro.</p>

<p>Testimonianze di chi ha assistito impotente al primo assalto del virus: gente comune, dedita al lavoro, alla famiglia, alla propria comunità. Qui si è abbattuta la tragedia del Covid, trovando tutti impreparati: autorità politiche e sanitarie, abitanti e tecnici della salute.L’autore, un giovane di trent’anni, ha scoperto dai media i dati della carneficina in Val Seriana e ne è rimasto sconvolto. Per questo ha raccolto sussurri e grida che venivano dall’epicentro del contagio e, attraverso una serie di interviste ai parenti delle vittime, ai medici, ai religiosi e ad esperti coinvolti, ha ricostruito la voce della valle, non per chiedere vendette, ma risposte.</p>

<!-- This site is optimized with the Yoast SEO plugin v25.4 - https://yoast.com/wordpress/plugins/seo/ -->
<title>L&#039;urlo di dolore - Guerini e Associati</title>
<meta name="robots" content="index, follow, max-snippet:-1, max-image-preview:large, max-video-preview:-1" />
<link rel="canonical" href="https://www.guerini.it/index.php/prodotto/l-urlo-di-dolore/" />
<meta property="og:locale" content="it_IT" />
<meta property="og:type" content="article" />
<meta property="og:title" content="L&#039;urlo di dolore - Guerini e Associati" />
<meta property="og:description" content="Testimonianze di chi ha assistito impotente al primo assalto del virus: gente comune, dedita al lavoro, alla famiglia, alla propria comunità. Qui si è abbattuta la tragedia del Covid, trovando tutti impreparati: autorità politiche e sanitarie, abitanti e tecnici della salute.L’autore, un giovane di trent’anni, ha scoperto dai media i dati della carneficina in Val Seriana e ne è rimasto sconvolto. Per questo ha raccolto sussurri e grida che venivano dall’epicentro del contagio e, attraverso una serie di interviste ai parenti delle vittime, ai medici, ai religiosi e ad esperti coinvolti, ha ricostruito la voce della valle, non per chiedere vendette, ma risposte." />
<meta property="og:url" content="https://www.guerini.it/index.php/prodotto/l-urlo-di-dolore/" />
<meta property="og:site_name" content="Guerini e Associati" />
<meta property="article:modified_time" content="2024-06-12T12:40:27+00:00" />
<meta property="og:image" content="https://www.guerini.it/wp-content/uploads/2020/11/urlo_di_dolore_sito.jpg" />
	<meta property="og:image:width" content="235" />
	<meta property="og:image:height" content="353" />
	<meta property="og:image:type" content="image/jpeg" />
<meta name="twitter:card" content="summary_large_image" />
<meta name="twitter:label1" content="Tempo di lettura stimato" />
	<meta name="twitter:data1" content="2 minuti" />
<!-- / Yoast SEO plugin. -->

Testimonianze di chi ha assistito impotente al primo assalto del virus: gente comune, dedita al lavoro, alla famiglia, alla propria comunità. Qui si è abbattuta la tragedia del Covid, trovando tutti impreparati: autorità politiche e sanitarie, abitanti e tecnici della salute.L’autore, un giovane di trent’anni, ha scoperto dai media i dati della carneficina in Val Seriana e ne è rimasto sconvolto. Per questo ha raccolto sussurri e grida che venivano dall’epicentro del contagio e, attraverso una serie di interviste ai parenti delle vittime, ai medici, ai religiosi e ad esperti coinvolti, ha ricostruito la voce della valle, non per chiedere vendette, ma risposte.

30 anni di libri, idee e libertà
