{"id":16562,"date":"2021-01-07T12:18:34","date_gmt":"2021-01-07T11:18:34","guid":{"rendered":"https:\/\/test.guerini.it\/?product=forza-ragazze-al-lavoro"},"modified":"2026-04-21T13:27:48","modified_gmt":"2026-04-21T11:27:48","slug":"forza-ragazze-al-lavoro","status":"publish","type":"product","link":"https:\/\/www.guerini.it\/index.php\/prodotto\/forza-ragazze-al-lavoro\/","title":{"rendered":"Forza ragazze, al lavoro!"},"content":{"rendered":"<p style=\"text-align: center;\"><strong>\u00abIl talento femminile come fattore determinante per lo sviluppo<\/strong><br \/>\n<strong>dell\u2019economia, dell\u2019etica e della meritocrazia nel nostro Paese\u00bb<\/strong><\/p>\n<p style=\"text-align: justify;\">Questo \u00e8 il tema del premio universitario dedicato alla memoria di Valeria Solesin, la ricercatrice italiana presso la Sorbona di Parigi tragicamente scomparsa il 13 novembre 2015 durante la strage avvenuta al teatro Bataclan.<br \/>\n<strong>Ricordare Valeria \u00e8 riaffermare con forza il valore della vita e dei progetti che una giovane donna pu\u00f2 coltivare.<br \/>\n<\/strong>Partendo dagli studi universitari condotti in piena sintonia con quelli di Valeria, questo libro vuole dare la parola ai giovani che ne hanno raccolto cos\u00ec l\u2019eredit\u00e0, affinch\u00e9 diventino portavoce e protagonisti del cambiamento sulla parit\u00e0 di genere, per un mondo pi\u00f9 equo, inclusivo e meritocratico.<\/p>\n<p style=\"text-align: justify;\">In Allianz Partners dal 2011 in qualit\u00e0 di CEO, <strong>Paola Corna Pellegrini <\/strong>vanta una carriera iniziata 38 anni fa, dopo una Laurea in Matematica conseguita presso l\u2019Universit\u00e0 di Padova e un MBA alla Business School CUOA, passando da aziende multinazionali internazionali a quelle famigliari, che l\u2019ha portata a ricoprire ruoli apicali con responsabilit\u00e0 a livello sia locale che internazionale. Da sempre impegnata nella valorizzazione delle donne, \u00e8 ideatrice del <em>Premio Valeria Solesin<\/em>, promosso con il Forum della Meritocrazia di cui \u00e8 Vice Presidente. \u00c8 Presidente del Comitato Scientifico del Winning Women Institute e fa parte degli oltre 77 CEO firmatari della \u00abCEOs Call to Action\u00bb, promossa dalla Fondazione Sodalitas per un mondo pi\u00f9 sostenibile. Dal 22 settembre 2020 \u00e8 Presidente di AICEO, l\u2019Associazione Italiana dei CEO.\u00c8 sposata e ha due figli di 32 e 26 anni.<\/p>\n","protected":false},"excerpt":{"rendered":"<p>\u00abIl talento femminile come fattore determinante per lo sviluppo dell\u2019economia, dell\u2019etica e della meritocrazia nel nostro Paese\u00bb Questo \u00e8 il tema del premio universitario dedicato alla memoria di Valeria Solesin, [&hellip;]<\/p>\n","protected":false},"featured_media":22995,"template":"","meta":{"_editorskit_title_hidden":false,"_editorskit_reading_time":0,"_editorskit_is_block_options_detached":false,"_editorskit_block_options_position":"{}","_monsterinsights_skip_tracking":false,"_monsterinsights_sitenote_active":false,"_monsterinsights_sitenote_note":"","_monsterinsights_sitenote_category":0},"product_brand":[],"product_cat":[8545,6527],"product_tag":[],"class_list":{"0":"post-16562","1":"product","2":"type-product","3":"status-publish","4":"has-post-thumbnail","6":"product_cat-serie-forum-della-meritocrazia","7":"product_cat-attualita","8":"pa_fulfillment-default","9":"pa_guerini_amazon_link-e7-httpswwwamazonitforza_raga","10":"pa_guerini_feltrinelli_link-99-httpswwwawin1comcreadphpaw","11":"pa_guerini_ibs_link-94-httpswwwawin1comcreadphpaw","12":"pa_guerini_libruniver_link-cd-httpswwwlibreriauniversita","13":"pa_guerini_link_amazon-e7-httpswwwamazonitragazze_la","14":"pa_guerini_link_apple_ibook-63-httpsbooksapplecomitbookfo","15":"pa_guerini_link_bookrepublic-f4-httpswwwbookrepubliciteboo","16":"pa_guerini_link_giunti_punto-00-httpswwwgiuntialpuntoitpro","17":"pa_guerini_link_ibs-55-httpswwwawin1comcreadphpaw","18":"pa_guerini_link_kobo-16-httpswwwkobocomititebookfo","19":"pa_guerini_link_lafeltrinelli-c4-httpswwwawin1comcreadphpaw","20":"pa_guerini_link_mondadori-da-httpswwwmondadoristoreitfo","21":"pa_guerini_mondadori_link-https-www-mondadoristore-it-forza-ragazze-lavoro-parola-paola-corna-pellegrini-eai978886250801","23":"first","24":"instock","25":"sale","26":"shipping-taxable","27":"purchasable","28":"product-type-simple"},"yoast_head":"<!-- This site is optimized with the Yoast SEO plugin v25.4 - https:\/\/yoast.com\/wordpress\/plugins\/seo\/ -->\n<title>Forza ragazze, al lavoro! - Guerini e Associati<\/title>\n<meta name=\"robots\" content=\"index, follow, max-snippet:-1, max-image-preview:large, max-video-preview:-1\" \/>\n<link rel=\"canonical\" href=\"https:\/\/www.guerini.it\/index.php\/prodotto\/forza-ragazze-al-lavoro\/\" \/>\n<meta property=\"og:locale\" content=\"it_IT\" \/>\n<meta property=\"og:type\" content=\"article\" \/>\n<meta property=\"og:title\" content=\"Forza ragazze, al lavoro! - Guerini e Associati\" \/>\n<meta property=\"og:description\" content=\"\u00abIl talento femminile come fattore determinante per lo sviluppo dell\u2019economia, dell\u2019etica e della meritocrazia nel nostro Paese\u00bb Questo \u00e8 il tema del premio universitario dedicato alla memoria di Valeria Solesin, [&hellip;]\" \/>\n<meta property=\"og:url\" content=\"https:\/\/www.guerini.it\/index.php\/prodotto\/forza-ragazze-al-lavoro\/\" \/>\n<meta property=\"og:site_name\" content=\"Guerini e Associati\" \/>\n<meta property=\"article:modified_time\" content=\"2026-04-21T11:27:48+00:00\" \/>\n<meta property=\"og:image\" content=\"https:\/\/www.guerini.it\/wp-content\/uploads\/2021\/01\/9788862508018-e1663761286153.jpg\" \/>\n\t<meta property=\"og:image:width\" content=\"233\" \/>\n\t<meta property=\"og:image:height\" content=\"350\" \/>\n\t<meta property=\"og:image:type\" content=\"image\/jpeg\" \/>\n<meta name=\"twitter:card\" content=\"summary_large_image\" \/>\n<meta name=\"twitter:label1\" content=\"Tempo di lettura stimato\" \/>\n\t<meta name=\"twitter:data1\" content=\"2 minuti\" \/>\n<!-- \/ Yoast SEO plugin. -->","yoast_head_json":{"title":"Forza ragazze, al lavoro! - Guerini e Associati","robots":{"index":"index","follow":"follow","max-snippet":"max-snippet:-1","max-image-preview":"max-image-preview:large","max-video-preview":"max-video-preview:-1"},"canonical":"https:\/\/www.guerini.it\/index.php\/prodotto\/forza-ragazze-al-lavoro\/","og_locale":"it_IT","og_type":"article","og_title":"Forza ragazze, al lavoro! - Guerini e Associati","og_description":"\u00abIl talento femminile come fattore determinante per lo sviluppo dell\u2019economia, dell\u2019etica e della meritocrazia nel nostro Paese\u00bb Questo \u00e8 il tema del premio universitario dedicato alla memoria di Valeria Solesin, [&hellip;]","og_url":"https:\/\/www.guerini.it\/index.php\/prodotto\/forza-ragazze-al-lavoro\/","og_site_name":"Guerini e Associati","article_modified_time":"2026-04-21T11:27:48+00:00","og_image":[{"width":233,"height":350,"url":"https:\/\/www.guerini.it\/wp-content\/uploads\/2021\/01\/9788862508018-e1663761286153.jpg","type":"image\/jpeg"}],"twitter_card":"summary_large_image","twitter_misc":{"Tempo di lettura stimato":"2 minuti"},"schema":{"@context":"https:\/\/schema.org","@graph":[{"@type":"WebPage","@id":"https:\/\/www.guerini.it\/index.php\/prodotto\/forza-ragazze-al-lavoro\/","url":"https:\/\/www.guerini.it\/index.php\/prodotto\/forza-ragazze-al-lavoro\/","name":"Forza ragazze, al lavoro! - Guerini e Associati","isPartOf":{"@id":"https:\/\/www.guerini.it\/#website"},"primaryImageOfPage":{"@id":"https:\/\/www.guerini.it\/index.php\/prodotto\/forza-ragazze-al-lavoro\/#primaryimage"},"image":{"@id":"https:\/\/www.guerini.it\/index.php\/prodotto\/forza-ragazze-al-lavoro\/#primaryimage"},"thumbnailUrl":"https:\/\/www.guerini.it\/wp-content\/uploads\/2021\/01\/9788862508018-e1663761286153.jpg","datePublished":"2021-01-07T11:18:34+00:00","dateModified":"2026-04-21T11:27:48+00:00","breadcrumb":{"@id":"https:\/\/www.guerini.it\/index.php\/prodotto\/forza-ragazze-al-lavoro\/#breadcrumb"},"inLanguage":"it-IT","potentialAction":[{"@type":"ReadAction","target":["https:\/\/www.guerini.it\/index.php\/prodotto\/forza-ragazze-al-lavoro\/"]}]},{"@type":"ImageObject","inLanguage":"it-IT","@id":"https:\/\/www.guerini.it\/index.php\/prodotto\/forza-ragazze-al-lavoro\/#primaryimage","url":"https:\/\/www.guerini.it\/wp-content\/uploads\/2021\/01\/9788862508018-e1663761286153.jpg","contentUrl":"https:\/\/www.guerini.it\/wp-content\/uploads\/2021\/01\/9788862508018-e1663761286153.jpg","width":233,"height":350,"caption":"Copertina del volume Forza ragazze, al lavoro!"},{"@type":"BreadcrumbList","@id":"https:\/\/www.guerini.it\/index.php\/prodotto\/forza-ragazze-al-lavoro\/#breadcrumb","itemListElement":[{"@type":"ListItem","position":1,"name":"Home","item":"https:\/\/www.guerini.it\/"},{"@type":"ListItem","position":2,"name":"Catalogo","item":"https:\/\/www.guerini.it\/index.php\/negozio\/"},{"@type":"ListItem","position":3,"name":"Forza ragazze, al lavoro!"}]},{"@type":"WebSite","@id":"https:\/\/www.guerini.it\/#website","url":"https:\/\/www.guerini.it\/","name":"Guerini e Associati","description":"30 anni di libri, idee e libert\u00e0","publisher":{"@id":"https:\/\/www.guerini.it\/#organization"},"potentialAction":[{"@type":"SearchAction","target":{"@type":"EntryPoint","urlTemplate":"https:\/\/www.guerini.it\/?s={search_term_string}"},"query-input":{"@type":"PropertyValueSpecification","valueRequired":true,"valueName":"search_term_string"}}],"inLanguage":"it-IT"},{"@type":"Organization","@id":"https:\/\/www.guerini.it\/#organization","name":"Guerini e Associati","url":"https:\/\/www.guerini.it\/","logo":{"@type":"ImageObject","inLanguage":"it-IT","@id":"https:\/\/www.guerini.it\/#\/schema\/logo\/image\/","url":"https:\/\/www.guerini.it\/wp-content\/uploads\/2021\/03\/Logo-Guerini-OK_-e1615831292285.png","contentUrl":"https:\/\/www.guerini.it\/wp-content\/uploads\/2021\/03\/Logo-Guerini-OK_-e1615831292285.png","width":2805,"height":1870,"caption":"Guerini e Associati"},"image":{"@id":"https:\/\/www.guerini.it\/#\/schema\/logo\/image\/"}}]}},"_links":{"self":[{"href":"https:\/\/www.guerini.it\/index.php\/wp-json\/wp\/v2\/product\/16562","targetHints":{"allow":["GET"]}}],"collection":[{"href":"https:\/\/www.guerini.it\/index.php\/wp-json\/wp\/v2\/product"}],"about":[{"href":"https:\/\/www.guerini.it\/index.php\/wp-json\/wp\/v2\/types\/product"}],"wp:featuredmedia":[{"embeddable":true,"href":"https:\/\/www.guerini.it\/index.php\/wp-json\/wp\/v2\/media\/22995"}],"wp:attachment":[{"href":"https:\/\/www.guerini.it\/index.php\/wp-json\/wp\/v2\/media?parent=16562"}],"wp:term":[{"taxonomy":"product_brand","embeddable":true,"href":"https:\/\/www.guerini.it\/index.php\/wp-json\/wp\/v2\/product_brand?post=16562"},{"taxonomy":"product_cat","embeddable":true,"href":"https:\/\/www.guerini.it\/index.php\/wp-json\/wp\/v2\/product_cat?post=16562"},{"taxonomy":"product_tag","embeddable":true,"href":"https:\/\/www.guerini.it\/index.php\/wp-json\/wp\/v2\/product_tag?post=16562"}],"curies":[{"name":"wp","href":"https:\/\/api.w.org\/{rel}","templated":true}]}}

<p style="text-align: center;"><strong>«Il talento femminile come fattore determinante per lo sviluppo</strong><br />
<strong>dell’economia, dell’etica e della meritocrazia nel nostro Paese»</strong></p>
<p style="text-align: justify;">Questo è il tema del premio universitario dedicato alla memoria di Valeria Solesin, la ricercatrice italiana presso la Sorbona di Parigi tragicamente scomparsa il 13 novembre 2015 durante la strage avvenuta al teatro Bataclan.<br />
<strong>Ricordare Valeria è riaffermare con forza il valore della vita e dei progetti che una giovane donna può coltivare.<br />
</strong>Partendo dagli studi universitari condotti in piena sintonia con quelli di Valeria, questo libro vuole dare la parola ai giovani che ne hanno raccolto così l’eredità, affinché diventino portavoce e protagonisti del cambiamento sulla parità di genere, per un mondo più equo, inclusivo e meritocratico.</p>
<p style="text-align: justify;">In Allianz Partners dal 2011 in qualità di CEO, <strong>Paola Corna Pellegrini </strong>vanta una carriera iniziata 38 anni fa, dopo una Laurea in Matematica conseguita presso l’Università di Padova e un MBA alla Business School CUOA, passando da aziende multinazionali internazionali a quelle famigliari, che l’ha portata a ricoprire ruoli apicali con responsabilità a livello sia locale che internazionale. Da sempre impegnata nella valorizzazione delle donne, è ideatrice del <em>Premio Valeria Solesin</em>, promosso con il Forum della Meritocrazia di cui è Vice Presidente. È Presidente del Comitato Scientifico del Winning Women Institute e fa parte degli oltre 77 CEO firmatari della «CEOs Call to Action», promossa dalla Fondazione Sodalitas per un mondo più sostenibile. Dal 22 settembre 2020 è Presidente di AICEO, l’Associazione Italiana dei CEO.È sposata e ha due figli di 32 e 26 anni.</p>

<p>«Il talento femminile come fattore determinante per lo sviluppo dell’economia, dell’etica e della meritocrazia nel nostro Paese» Questo è il tema del premio universitario dedicato alla memoria di Valeria Solesin, [&hellip;]</p>

<!-- This site is optimized with the Yoast SEO plugin v25.4 - https://yoast.com/wordpress/plugins/seo/ -->
<title>Forza ragazze, al lavoro! - Guerini e Associati</title>
<meta name="robots" content="index, follow, max-snippet:-1, max-image-preview:large, max-video-preview:-1" />
<link rel="canonical" href="https://www.guerini.it/index.php/prodotto/forza-ragazze-al-lavoro/" />
<meta property="og:locale" content="it_IT" />
<meta property="og:type" content="article" />
<meta property="og:title" content="Forza ragazze, al lavoro! - Guerini e Associati" />
<meta property="og:description" content="«Il talento femminile come fattore determinante per lo sviluppo dell’economia, dell’etica e della meritocrazia nel nostro Paese» Questo è il tema del premio universitario dedicato alla memoria di Valeria Solesin, [&hellip;]" />
<meta property="og:url" content="https://www.guerini.it/index.php/prodotto/forza-ragazze-al-lavoro/" />
<meta property="og:site_name" content="Guerini e Associati" />
<meta property="article:modified_time" content="2026-04-21T11:27:48+00:00" />
<meta property="og:image" content="https://www.guerini.it/wp-content/uploads/2021/01/9788862508018-e1663761286153.jpg" />
	<meta property="og:image:width" content="233" />
	<meta property="og:image:height" content="350" />
	<meta property="og:image:type" content="image/jpeg" />
<meta name="twitter:card" content="summary_large_image" />
<meta name="twitter:label1" content="Tempo di lettura stimato" />
	<meta name="twitter:data1" content="2 minuti" />
<!-- / Yoast SEO plugin. -->

«Il talento femminile come fattore determinante per lo sviluppo dell’economia, dell’etica e della meritocrazia nel nostro Paese» Questo è il tema del premio universitario dedicato alla memoria di Valeria Solesin, [&hellip;]

30 anni di libri, idee e libertà
