{"id":16566,"date":"2021-01-07T12:51:44","date_gmt":"2021-01-07T11:51:44","guid":{"rendered":"https:\/\/test.guerini.it\/?product=rapporto-lombardia-2020"},"modified":"2024-06-12T14:40:42","modified_gmt":"2024-06-12T12:40:42","slug":"rapporto-lombardia-2020","status":"publish","type":"product","link":"https:\/\/www.guerini.it\/index.php\/prodotto\/rapporto-lombardia-2020\/","title":{"rendered":"Rapporto Lombardia 2020"},"content":{"rendered":"<p style=\"text-align: justify;\">Il racconto delle politiche di sostenibilit\u00e0 in Lombardia, oggetto dal 2017 del presente Rapporto declinato nei suoi 16 Goal, \u00e8 inevitabilmente condizionato quest\u2019anno dall\u2019emergenza sanitaria. Si \u00e8 portati cos\u00ec a cogliere soprattutto gli aspetti intervenuti quali conseguenze della pandemia, quasi offuscando i dati oggettivi e il quadro di programmazione regionale che componevano la realt\u00e0 prima del mese di febbraio.<br \/>\nResta per\u00f2 di fondamentale importanza studiare e valorizzare appieno gli elementi preesistenti, proposti dall\u2019attenta e approfondita analisi statistica, che soli ci possono compiutamente indirizzare a valutare, sia in condizioni di normalit\u00e0, sia in emergenza, i punti di forza e di criticit\u00e0 della nostra regione, anche nei riflessi derivanti dal quadro nazionale.<br \/>\nMentre il complementare lavoro \u00abStudio per la ripartenza\u00bb ben indica strade ispirate da politiche di resilienza e di rilancio, il Rapporto 2020 aggiorna, tematica per tematica, percentuale per percentuale, l\u2019analisi degli elementi di sostenibilit\u00e0 o non sostenibilit\u00e0.<br \/>\nUn percorso che illumina sia i segnali di disagio e di arretratezza, sia il quadro di qualit\u00e0, programmi, investimenti e innovazioni che caratterizza la nostra regione.<\/p>\n","protected":false},"excerpt":{"rendered":"<p>Il racconto delle politiche di sostenibilit\u00e0 in Lombardia, oggetto dal 2017 del presente Rapporto declinato nei suoi 16 Goal, \u00e8 inevitabilmente condizionato quest\u2019anno dall\u2019emergenza sanitaria. Si \u00e8 portati cos\u00ec a cogliere soprattutto gli aspetti intervenuti quali conseguenze della pandemia, quasi offuscando i dati oggettivi e il quadro di programmazione regionale che componevano la realt\u00e0 prima del mese di febbraio.<br \/>\nResta per\u00f2 di fondamentale importanza studiare e valorizzare appieno gli elementi preesistenti, proposti dall\u2019attenta e approfondita analisi statistica, che soli ci possono compiutamente indirizzare a valutare, sia in condizioni di normalit\u00e0, sia in emergenza, i punti di forza e di criticit\u00e0 della nostra regione, anche nei riflessi derivanti dal quadro nazionale.<br \/>\nMentre il complementare lavoro \u00abStudio per la ripartenza\u00bb ben indica strade ispirate da politiche di resilienza e di rilancio, il Rapporto 2020 aggiorna, tematica per tematica, percentuale per percentuale, l\u2019analisi degli elementi di sostenibilit\u00e0 o non sostenibilit\u00e0.<br \/>\nUn percorso che illumina sia i segnali di disagio e di arretratezza, sia il quadro di qualit\u00e0, programmi, investimenti e innovazioni che caratterizza la nostra regione.<\/p>\n","protected":false},"featured_media":21110,"template":"","meta":{"_editorskit_title_hidden":false,"_editorskit_reading_time":0,"_editorskit_is_block_options_detached":false,"_editorskit_block_options_position":"{}","_monsterinsights_skip_tracking":false,"_monsterinsights_sitenote_active":false,"_monsterinsights_sitenote_note":"","_monsterinsights_sitenote_category":0},"product_brand":[],"product_cat":[6938,6527],"product_tag":[],"class_list":{"0":"post-16566","1":"product","2":"type-product","3":"status-publish","4":"has-post-thumbnail","6":"product_cat-serie-polis-lombardia","7":"product_cat-attualita","8":"pa_fulfillment-default","9":"pa_guerini_amazon_link-3a-httpswwwamazonitrapporto_l","10":"pa_guerini_feltrinelli_link-3b-httpswwwawin1comcreadphpaw","11":"pa_guerini_ibs_link-07-httpswwwawin1comcreadphpaw","12":"pa_guerini_libruniver_link-https-www-libreriauniversitaria-it-rapporto-lombardia-2020-guerini-associati-libro-9788862508094","13":"pa_guerini_mondadori_link-https-www-mondadoristore-it-rapporto-lombardia-2020-1-na-eai978886250809","15":"first","16":"instock","17":"sale","18":"shipping-taxable","19":"purchasable","20":"product-type-simple"},"yoast_head":"<!-- This site is optimized with the Yoast SEO plugin v25.4 - https:\/\/yoast.com\/wordpress\/plugins\/seo\/ -->\n<title>Rapporto Lombardia 2020 - Guerini e Associati<\/title>\n<meta name=\"robots\" content=\"index, follow, max-snippet:-1, max-image-preview:large, max-video-preview:-1\" \/>\n<link rel=\"canonical\" href=\"https:\/\/www.guerini.it\/index.php\/prodotto\/rapporto-lombardia-2020\/\" \/>\n<meta property=\"og:locale\" content=\"it_IT\" \/>\n<meta property=\"og:type\" content=\"article\" \/>\n<meta property=\"og:title\" content=\"Rapporto Lombardia 2020 - Guerini e Associati\" \/>\n<meta property=\"og:description\" content=\"Il racconto delle politiche di sostenibilit\u00e0 in Lombardia, oggetto dal 2017 del presente Rapporto declinato nei suoi 16 Goal, \u00e8 inevitabilmente condizionato quest\u2019anno dall\u2019emergenza sanitaria. Si \u00e8 portati cos\u00ec a cogliere soprattutto gli aspetti intervenuti quali conseguenze della pandemia, quasi offuscando i dati oggettivi e il quadro di programmazione regionale che componevano la realt\u00e0 prima del mese di febbraio. Resta per\u00f2 di fondamentale importanza studiare e valorizzare appieno gli elementi preesistenti, proposti dall\u2019attenta e approfondita analisi statistica, che soli ci possono compiutamente indirizzare a valutare, sia in condizioni di normalit\u00e0, sia in emergenza, i punti di forza e di criticit\u00e0 della nostra regione, anche nei riflessi derivanti dal quadro nazionale. Mentre il complementare lavoro \u00abStudio per la ripartenza\u00bb ben indica strade ispirate da politiche di resilienza e di rilancio, il Rapporto 2020 aggiorna, tematica per tematica, percentuale per percentuale, l\u2019analisi degli elementi di sostenibilit\u00e0 o non sostenibilit\u00e0. Un percorso che illumina sia i segnali di disagio e di arretratezza, sia il quadro di qualit\u00e0, programmi, investimenti e innovazioni che caratterizza la nostra regione.\" \/>\n<meta property=\"og:url\" content=\"https:\/\/www.guerini.it\/index.php\/prodotto\/rapporto-lombardia-2020\/\" \/>\n<meta property=\"og:site_name\" content=\"Guerini e Associati\" \/>\n<meta property=\"article:modified_time\" content=\"2024-06-12T12:40:42+00:00\" \/>\n<meta property=\"og:image\" content=\"https:\/\/www.guerini.it\/wp-content\/uploads\/2021\/01\/Front-Cover-Rapporto-Lombardia-2020-VOL-1-scaled-e1614846915623.jpg\" \/>\n\t<meta property=\"og:image:width\" content=\"248\" \/>\n\t<meta property=\"og:image:height\" content=\"350\" \/>\n\t<meta property=\"og:image:type\" content=\"image\/jpeg\" \/>\n<meta name=\"twitter:card\" content=\"summary_large_image\" \/>\n<meta name=\"twitter:label1\" content=\"Tempo di lettura stimato\" \/>\n\t<meta name=\"twitter:data1\" content=\"2 minuti\" \/>\n<!-- \/ Yoast SEO plugin. -->","yoast_head_json":{"title":"Rapporto Lombardia 2020 - Guerini e Associati","robots":{"index":"index","follow":"follow","max-snippet":"max-snippet:-1","max-image-preview":"max-image-preview:large","max-video-preview":"max-video-preview:-1"},"canonical":"https:\/\/www.guerini.it\/index.php\/prodotto\/rapporto-lombardia-2020\/","og_locale":"it_IT","og_type":"article","og_title":"Rapporto Lombardia 2020 - Guerini e Associati","og_description":"Il racconto delle politiche di sostenibilit\u00e0 in Lombardia, oggetto dal 2017 del presente Rapporto declinato nei suoi 16 Goal, \u00e8 inevitabilmente condizionato quest\u2019anno dall\u2019emergenza sanitaria. Si \u00e8 portati cos\u00ec a cogliere soprattutto gli aspetti intervenuti quali conseguenze della pandemia, quasi offuscando i dati oggettivi e il quadro di programmazione regionale che componevano la realt\u00e0 prima del mese di febbraio. Resta per\u00f2 di fondamentale importanza studiare e valorizzare appieno gli elementi preesistenti, proposti dall\u2019attenta e approfondita analisi statistica, che soli ci possono compiutamente indirizzare a valutare, sia in condizioni di normalit\u00e0, sia in emergenza, i punti di forza e di criticit\u00e0 della nostra regione, anche nei riflessi derivanti dal quadro nazionale. Mentre il complementare lavoro \u00abStudio per la ripartenza\u00bb ben indica strade ispirate da politiche di resilienza e di rilancio, il Rapporto 2020 aggiorna, tematica per tematica, percentuale per percentuale, l\u2019analisi degli elementi di sostenibilit\u00e0 o non sostenibilit\u00e0. Un percorso che illumina sia i segnali di disagio e di arretratezza, sia il quadro di qualit\u00e0, programmi, investimenti e innovazioni che caratterizza la nostra regione.","og_url":"https:\/\/www.guerini.it\/index.php\/prodotto\/rapporto-lombardia-2020\/","og_site_name":"Guerini e Associati","article_modified_time":"2024-06-12T12:40:42+00:00","og_image":[{"width":248,"height":350,"url":"https:\/\/www.guerini.it\/wp-content\/uploads\/2021\/01\/Front-Cover-Rapporto-Lombardia-2020-VOL-1-scaled-e1614846915623.jpg","type":"image\/jpeg"}],"twitter_card":"summary_large_image","twitter_misc":{"Tempo di lettura stimato":"2 minuti"},"schema":{"@context":"https:\/\/schema.org","@graph":[{"@type":"WebPage","@id":"https:\/\/www.guerini.it\/index.php\/prodotto\/rapporto-lombardia-2020\/","url":"https:\/\/www.guerini.it\/index.php\/prodotto\/rapporto-lombardia-2020\/","name":"Rapporto Lombardia 2020 - Guerini e Associati","isPartOf":{"@id":"https:\/\/www.guerini.it\/#website"},"primaryImageOfPage":{"@id":"https:\/\/www.guerini.it\/index.php\/prodotto\/rapporto-lombardia-2020\/#primaryimage"},"image":{"@id":"https:\/\/www.guerini.it\/index.php\/prodotto\/rapporto-lombardia-2020\/#primaryimage"},"thumbnailUrl":"https:\/\/www.guerini.it\/wp-content\/uploads\/2021\/01\/Front-Cover-Rapporto-Lombardia-2020-VOL-1-scaled-e1614846915623.jpg","datePublished":"2021-01-07T11:51:44+00:00","dateModified":"2024-06-12T12:40:42+00:00","breadcrumb":{"@id":"https:\/\/www.guerini.it\/index.php\/prodotto\/rapporto-lombardia-2020\/#breadcrumb"},"inLanguage":"it-IT","potentialAction":[{"@type":"ReadAction","target":["https:\/\/www.guerini.it\/index.php\/prodotto\/rapporto-lombardia-2020\/"]}]},{"@type":"ImageObject","inLanguage":"it-IT","@id":"https:\/\/www.guerini.it\/index.php\/prodotto\/rapporto-lombardia-2020\/#primaryimage","url":"https:\/\/www.guerini.it\/wp-content\/uploads\/2021\/01\/Front-Cover-Rapporto-Lombardia-2020-VOL-1-scaled-e1614846915623.jpg","contentUrl":"https:\/\/www.guerini.it\/wp-content\/uploads\/2021\/01\/Front-Cover-Rapporto-Lombardia-2020-VOL-1-scaled-e1614846915623.jpg","width":248,"height":350,"caption":"Copertina del libro Rapporto Lombardia 2020 - VOL 1"},{"@type":"BreadcrumbList","@id":"https:\/\/www.guerini.it\/index.php\/prodotto\/rapporto-lombardia-2020\/#breadcrumb","itemListElement":[{"@type":"ListItem","position":1,"name":"Home","item":"https:\/\/www.guerini.it\/"},{"@type":"ListItem","position":2,"name":"Catalogo","item":"https:\/\/www.guerini.it\/index.php\/negozio\/"},{"@type":"ListItem","position":3,"name":"Rapporto Lombardia 2020"}]},{"@type":"WebSite","@id":"https:\/\/www.guerini.it\/#website","url":"https:\/\/www.guerini.it\/","name":"Guerini e Associati","description":"30 anni di libri, idee e libert\u00e0","publisher":{"@id":"https:\/\/www.guerini.it\/#organization"},"potentialAction":[{"@type":"SearchAction","target":{"@type":"EntryPoint","urlTemplate":"https:\/\/www.guerini.it\/?s={search_term_string}"},"query-input":{"@type":"PropertyValueSpecification","valueRequired":true,"valueName":"search_term_string"}}],"inLanguage":"it-IT"},{"@type":"Organization","@id":"https:\/\/www.guerini.it\/#organization","name":"Guerini e Associati","url":"https:\/\/www.guerini.it\/","logo":{"@type":"ImageObject","inLanguage":"it-IT","@id":"https:\/\/www.guerini.it\/#\/schema\/logo\/image\/","url":"https:\/\/www.guerini.it\/wp-content\/uploads\/2021\/03\/Logo-Guerini-OK_-e1615831292285.png","contentUrl":"https:\/\/www.guerini.it\/wp-content\/uploads\/2021\/03\/Logo-Guerini-OK_-e1615831292285.png","width":2805,"height":1870,"caption":"Guerini e Associati"},"image":{"@id":"https:\/\/www.guerini.it\/#\/schema\/logo\/image\/"}}]}},"_links":{"self":[{"href":"https:\/\/www.guerini.it\/index.php\/wp-json\/wp\/v2\/product\/16566","targetHints":{"allow":["GET"]}}],"collection":[{"href":"https:\/\/www.guerini.it\/index.php\/wp-json\/wp\/v2\/product"}],"about":[{"href":"https:\/\/www.guerini.it\/index.php\/wp-json\/wp\/v2\/types\/product"}],"wp:featuredmedia":[{"embeddable":true,"href":"https:\/\/www.guerini.it\/index.php\/wp-json\/wp\/v2\/media\/21110"}],"wp:attachment":[{"href":"https:\/\/www.guerini.it\/index.php\/wp-json\/wp\/v2\/media?parent=16566"}],"wp:term":[{"taxonomy":"product_brand","embeddable":true,"href":"https:\/\/www.guerini.it\/index.php\/wp-json\/wp\/v2\/product_brand?post=16566"},{"taxonomy":"product_cat","embeddable":true,"href":"https:\/\/www.guerini.it\/index.php\/wp-json\/wp\/v2\/product_cat?post=16566"},{"taxonomy":"product_tag","embeddable":true,"href":"https:\/\/www.guerini.it\/index.php\/wp-json\/wp\/v2\/product_tag?post=16566"}],"curies":[{"name":"wp","href":"https:\/\/api.w.org\/{rel}","templated":true}]}}

<p style="text-align: justify;">Il racconto delle politiche di sostenibilità in Lombardia, oggetto dal 2017 del presente Rapporto declinato nei suoi 16 Goal, è inevitabilmente condizionato quest’anno dall’emergenza sanitaria. Si è portati così a cogliere soprattutto gli aspetti intervenuti quali conseguenze della pandemia, quasi offuscando i dati oggettivi e il quadro di programmazione regionale che componevano la realtà prima del mese di febbraio.<br />
Resta però di fondamentale importanza studiare e valorizzare appieno gli elementi preesistenti, proposti dall’attenta e approfondita analisi statistica, che soli ci possono compiutamente indirizzare a valutare, sia in condizioni di normalità, sia in emergenza, i punti di forza e di criticità della nostra regione, anche nei riflessi derivanti dal quadro nazionale.<br />
Mentre il complementare lavoro «Studio per la ripartenza» ben indica strade ispirate da politiche di resilienza e di rilancio, il Rapporto 2020 aggiorna, tematica per tematica, percentuale per percentuale, l’analisi degli elementi di sostenibilità o non sostenibilità.<br />
Un percorso che illumina sia i segnali di disagio e di arretratezza, sia il quadro di qualità, programmi, investimenti e innovazioni che caratterizza la nostra regione.</p>

<p>Il racconto delle politiche di sostenibilità in Lombardia, oggetto dal 2017 del presente Rapporto declinato nei suoi 16 Goal, è inevitabilmente condizionato quest’anno dall’emergenza sanitaria. Si è portati così a cogliere soprattutto gli aspetti intervenuti quali conseguenze della pandemia, quasi offuscando i dati oggettivi e il quadro di programmazione regionale che componevano la realtà prima del mese di febbraio.<br />
Resta però di fondamentale importanza studiare e valorizzare appieno gli elementi preesistenti, proposti dall’attenta e approfondita analisi statistica, che soli ci possono compiutamente indirizzare a valutare, sia in condizioni di normalità, sia in emergenza, i punti di forza e di criticità della nostra regione, anche nei riflessi derivanti dal quadro nazionale.<br />
Mentre il complementare lavoro «Studio per la ripartenza» ben indica strade ispirate da politiche di resilienza e di rilancio, il Rapporto 2020 aggiorna, tematica per tematica, percentuale per percentuale, l’analisi degli elementi di sostenibilità o non sostenibilità.<br />
Un percorso che illumina sia i segnali di disagio e di arretratezza, sia il quadro di qualità, programmi, investimenti e innovazioni che caratterizza la nostra regione.</p>

<!-- This site is optimized with the Yoast SEO plugin v25.4 - https://yoast.com/wordpress/plugins/seo/ -->
<title>Rapporto Lombardia 2020 - Guerini e Associati</title>
<meta name="robots" content="index, follow, max-snippet:-1, max-image-preview:large, max-video-preview:-1" />
<link rel="canonical" href="https://www.guerini.it/index.php/prodotto/rapporto-lombardia-2020/" />
<meta property="og:locale" content="it_IT" />
<meta property="og:type" content="article" />
<meta property="og:title" content="Rapporto Lombardia 2020 - Guerini e Associati" />
<meta property="og:description" content="Il racconto delle politiche di sostenibilità in Lombardia, oggetto dal 2017 del presente Rapporto declinato nei suoi 16 Goal, è inevitabilmente condizionato quest’anno dall’emergenza sanitaria. Si è portati così a cogliere soprattutto gli aspetti intervenuti quali conseguenze della pandemia, quasi offuscando i dati oggettivi e il quadro di programmazione regionale che componevano la realtà prima del mese di febbraio. Resta però di fondamentale importanza studiare e valorizzare appieno gli elementi preesistenti, proposti dall’attenta e approfondita analisi statistica, che soli ci possono compiutamente indirizzare a valutare, sia in condizioni di normalità, sia in emergenza, i punti di forza e di criticità della nostra regione, anche nei riflessi derivanti dal quadro nazionale. Mentre il complementare lavoro «Studio per la ripartenza» ben indica strade ispirate da politiche di resilienza e di rilancio, il Rapporto 2020 aggiorna, tematica per tematica, percentuale per percentuale, l’analisi degli elementi di sostenibilità o non sostenibilità. Un percorso che illumina sia i segnali di disagio e di arretratezza, sia il quadro di qualità, programmi, investimenti e innovazioni che caratterizza la nostra regione." />
<meta property="og:url" content="https://www.guerini.it/index.php/prodotto/rapporto-lombardia-2020/" />
<meta property="og:site_name" content="Guerini e Associati" />
<meta property="article:modified_time" content="2024-06-12T12:40:42+00:00" />
<meta property="og:image" content="https://www.guerini.it/wp-content/uploads/2021/01/Front-Cover-Rapporto-Lombardia-2020-VOL-1-scaled-e1614846915623.jpg" />
	<meta property="og:image:width" content="248" />
	<meta property="og:image:height" content="350" />
	<meta property="og:image:type" content="image/jpeg" />
<meta name="twitter:card" content="summary_large_image" />
<meta name="twitter:label1" content="Tempo di lettura stimato" />
	<meta name="twitter:data1" content="2 minuti" />
<!-- / Yoast SEO plugin. -->

Il racconto delle politiche di sostenibilità in Lombardia, oggetto dal 2017 del presente Rapporto declinato nei suoi 16 Goal, è inevitabilmente condizionato quest’anno dall’emergenza sanitaria. Si è portati così a cogliere soprattutto gli aspetti intervenuti quali conseguenze della pandemia, quasi offuscando i dati oggettivi e il quadro di programmazione regionale che componevano la realtà prima del mese di febbraio. Resta però di fondamentale importanza studiare e valorizzare appieno gli elementi preesistenti, proposti dall’attenta e approfondita analisi statistica, che soli ci possono compiutamente indirizzare a valutare, sia in condizioni di normalità, sia in emergenza, i punti di forza e di criticità della nostra regione, anche nei riflessi derivanti dal quadro nazionale. Mentre il complementare lavoro «Studio per la ripartenza» ben indica strade ispirate da politiche di resilienza e di rilancio, il Rapporto 2020 aggiorna, tematica per tematica, percentuale per percentuale, l’analisi degli elementi di sostenibilità o non sostenibilità. Un percorso che illumina sia i segnali di disagio e di arretratezza, sia il quadro di qualità, programmi, investimenti e innovazioni che caratterizza la nostra regione.

30 anni di libri, idee e libertà
