{"id":16568,"date":"2021-01-14T13:12:50","date_gmt":"2021-01-14T12:12:50","guid":{"rendered":"https:\/\/test.guerini.it\/?product=il-lavoro-non-ha-eta"},"modified":"2024-06-12T14:38:10","modified_gmt":"2024-06-12T12:38:10","slug":"il-lavoro-non-ha-eta","status":"publish","type":"product","link":"https:\/\/www.guerini.it\/index.php\/prodotto\/il-lavoro-non-ha-eta\/","title":{"rendered":"Il lavoro non ha et\u00e0"},"content":{"rendered":"<p style=\"text-align: justify;\">Il lavoro non ha et\u00e0 e la motivazione non dipende dall\u2019et\u00e0 anagrafica ma da molteplici fattori biografici e culturali, combinati al legame tra il singolo e l\u2019organizzazione. Eva Giudicatti, consulente ed esperta di culture organizzative come leva competitiva, e Marco Grazioli, presidente di The European House-Ambrosetti, sintetizzano questi fattori in 8 stili di approccio al lavoro. Gli 8 stili, espressione di differenti assetti motivazionali, possono fornire al lettore occhiali con i quali mettere a fuoco comportamenti, scelte e aspettative dei lavoratori in un periodo attraversato da elevate incertezze. Sognatori statici o conquistatori allo specchio? Seminatori d\u2019abbondanza o maghi dell\u2019organizzazione? Se quando si parla di lavoro l\u2019et\u00e0 \u00e8 un\u2019opinione, diventa cruciale conoscere gli 8 stili, che con nomi evocativi vogliono esplorare le modalit\u00e0 con le quali vivere le organizzazioni, creare proficui rapporti lavorativi e, perch\u00e9 no, progettare una leadership efficace e quanto mai preziosa in tempi di crisi.<\/p>\n<hr \/>\n<p style=\"text-align: justify;\"><strong>Eva Giudicatti<\/strong>, dal 2012 Senior Consultant in The European House-Ambrosetti, \u00e8 responsabile dell\u2019area ricerche in ambito People strategies e studia la cultura organizzativa come leva competitiva, anche attraverso la realizzazione di programmi di sviluppo manageriale e del talento organizzativo. Laureata in Filosofia, ha approfondito i suoi studi in discipline sociali comparate a Parigi presso l\u2019\u00c9cole des Hautes \u00c9tudes en Sciences Sociales, si \u00e8 poi specializzata in Formazione Formatori, in Executive e Corporate Coaching. Tra le ultime ricerche da lei condotte si ricordano: <em>Age at Work<\/em> e<em> Bravi manager Bravi<\/em>.<\/p>\n<p style=\"text-align: justify;\"><strong>Marco Grazioli<\/strong>, Presidente di The European House-Ambrosetti e responsabile dell\u2019area \u00abVantaggi competitivi attraverso le persone\u00bb. Nel 2008 \u00e8 stato protagonista, con altri partner, del management buyout dell\u2019azienda. Di formazione sociologica, esperto di gestione dei processi di cambiamento e processi negoziali complessi, insegna Processi Decisionali e Negoziali nella Facolt\u00e0 di Scienze Politiche e Sociali dell\u2019Universit\u00e0 Cattolica del Sacro Cuore di Milano. Tra le sue pubblicazioni: <em>Come si decide in azienda<\/em> (1990), C<em>ambiamenti \u2013 Azione collettiva e intrecci organizzativi in un\u2019epoca di crisi <\/em>(2012) e con Carlo Adelio Galimberti <em>Creare governare e dirigere<\/em> (2015).<\/p>\n","protected":false},"excerpt":{"rendered":"<p>Il lavoro non ha et\u00e0 e la motivazione non dipende dall\u2019et\u00e0 anagrafica ma da molteplici fattori biografici e culturali, combinati al legame tra il singolo e l\u2019organizzazione. Eva Giudicatti, consulente ed esperta di culture organizzative come leva competitiva, e Marco Grazioli, presidente di The European House-Ambrosetti, sintetizzano questi fattori in 8 stili di approccio al lavoro. Gli 8 stili, espressione di differenti assetti motivazionali, possono fornire al lettore occhiali con i quali mettere a fuoco comportamenti, scelte e aspettative dei lavoratori in un periodo attraversato da elevate incertezze. Sognatori statici o conquistatori allo specchio? Seminatori d\u2019abbondanza o maghi dell\u2019organizzazione? Se quando si parla di lavoro l\u2019et\u00e0 \u00e8 un\u2019opinione, diventa cruciale conoscere gli 8 stili, che con nomi evocativi vogliono esplorare le modalit\u00e0 con le quali vivere le organizzazioni, creare proficui rapporti lavorativi e, perch\u00e9 no, progettare una leadership efficace e quanto mai preziosa in tempi di crisi.<\/p>\n<p>&nbsp;<\/p>\n","protected":false},"featured_media":20777,"template":"","meta":{"_editorskit_title_hidden":false,"_editorskit_reading_time":0,"_editorskit_is_block_options_detached":false,"_editorskit_block_options_position":"{}","_monsterinsights_skip_tracking":false,"_monsterinsights_sitenote_active":false,"_monsterinsights_sitenote_note":"","_monsterinsights_sitenote_category":0},"product_brand":[],"product_cat":[6805,6529],"product_tag":[],"class_list":{"0":"post-16568","1":"product","2":"type-product","3":"status-publish","4":"has-post-thumbnail","6":"product_cat-guerini-next","7":"product_cat-economia-e-management","8":"pa_fulfillment-default","9":"pa_guerini_amazon_link-b7-httpswwwamazonitil_lavoro_","10":"pa_guerini_feltrinelli_link-https-www-lafeltrinelli-it-lavoro-non-ha-eta-stili-libro-eva-giudicatti-e-9788868963408","11":"pa_guerini_ibs_link-https-www-ibs-it-lavoro-non-ha-eta-stili-libro-eva-giudicatti-e-9788868963408","12":"pa_guerini_libruniver_link-https-www-libreriauniversitaria-it-lavoro-non-ha-eta-stili-libro-9788868963408","13":"pa_guerini_link_amazon-cd-httpswwwamazonitdpb08t1471","14":"pa_guerini_link_apple_ibook-b0-httpsbooksapplecomitbookla","15":"pa_guerini_link_bookrepublic-https-www-bookrepublic-it-ebook-9788868963408-il-lavoro-non-ha-eta-stili-vocazionali-e-leadership-in-azione-goware-guerini-next","16":"pa_guerini_link_giunti_punto-1d-httpswwwgiuntialpuntoitpro","17":"pa_guerini_link_google_play-bb-httpsplaygooglecomstoreboo","18":"pa_guerini_link_kobo-23-httpswwwkobocomititebookil","19":"pa_guerini_mondadori_link-c4-httpswwwmondadoristoreitla","21":"first","22":"instock","23":"sale","24":"shipping-taxable","25":"purchasable","26":"product-type-simple"},"yoast_head":"<!-- This site is optimized with the Yoast SEO plugin v25.4 - https:\/\/yoast.com\/wordpress\/plugins\/seo\/ -->\n<title>Il lavoro non ha et\u00e0 - Guerini e Associati<\/title>\n<meta name=\"robots\" content=\"index, follow, max-snippet:-1, max-image-preview:large, max-video-preview:-1\" \/>\n<link rel=\"canonical\" href=\"https:\/\/www.guerini.it\/index.php\/prodotto\/il-lavoro-non-ha-eta\/\" \/>\n<meta property=\"og:locale\" content=\"it_IT\" \/>\n<meta property=\"og:type\" content=\"article\" \/>\n<meta property=\"og:title\" content=\"Il lavoro non ha et\u00e0 - Guerini e Associati\" \/>\n<meta property=\"og:description\" content=\"Il lavoro non ha et\u00e0 e la motivazione non dipende dall\u2019et\u00e0 anagrafica ma da molteplici fattori biografici e culturali, combinati al legame tra il singolo e l\u2019organizzazione. Eva Giudicatti, consulente ed esperta di culture organizzative come leva competitiva, e Marco Grazioli, presidente di The European House-Ambrosetti, sintetizzano questi fattori in 8 stili di approccio al lavoro. Gli 8 stili, espressione di differenti assetti motivazionali, possono fornire al lettore occhiali con i quali mettere a fuoco comportamenti, scelte e aspettative dei lavoratori in un periodo attraversato da elevate incertezze. Sognatori statici o conquistatori allo specchio? Seminatori d\u2019abbondanza o maghi dell\u2019organizzazione? Se quando si parla di lavoro l\u2019et\u00e0 \u00e8 un\u2019opinione, diventa cruciale conoscere gli 8 stili, che con nomi evocativi vogliono esplorare le modalit\u00e0 con le quali vivere le organizzazioni, creare proficui rapporti lavorativi e, perch\u00e9 no, progettare una leadership efficace e quanto mai preziosa in tempi di crisi.  &nbsp;\" \/>\n<meta property=\"og:url\" content=\"https:\/\/www.guerini.it\/index.php\/prodotto\/il-lavoro-non-ha-eta\/\" \/>\n<meta property=\"og:site_name\" content=\"Guerini e Associati\" \/>\n<meta property=\"article:modified_time\" content=\"2024-06-12T12:38:10+00:00\" \/>\n<meta property=\"og:image\" content=\"https:\/\/www.guerini.it\/wp-content\/uploads\/2021\/01\/Front-Cover-IL-LAVORO-NON-HA-ETA\u0300-e1614606177905.jpg\" \/>\n\t<meta property=\"og:image:width\" content=\"233\" \/>\n\t<meta property=\"og:image:height\" content=\"350\" \/>\n\t<meta property=\"og:image:type\" content=\"image\/jpeg\" \/>\n<meta name=\"twitter:card\" content=\"summary_large_image\" \/>\n<meta name=\"twitter:label1\" content=\"Tempo di lettura stimato\" \/>\n\t<meta name=\"twitter:data1\" content=\"2 minuti\" \/>\n<!-- \/ Yoast SEO plugin. -->","yoast_head_json":{"title":"Il lavoro non ha et\u00e0 - Guerini e Associati","robots":{"index":"index","follow":"follow","max-snippet":"max-snippet:-1","max-image-preview":"max-image-preview:large","max-video-preview":"max-video-preview:-1"},"canonical":"https:\/\/www.guerini.it\/index.php\/prodotto\/il-lavoro-non-ha-eta\/","og_locale":"it_IT","og_type":"article","og_title":"Il lavoro non ha et\u00e0 - Guerini e Associati","og_description":"Il lavoro non ha et\u00e0 e la motivazione non dipende dall\u2019et\u00e0 anagrafica ma da molteplici fattori biografici e culturali, combinati al legame tra il singolo e l\u2019organizzazione. Eva Giudicatti, consulente ed esperta di culture organizzative come leva competitiva, e Marco Grazioli, presidente di The European House-Ambrosetti, sintetizzano questi fattori in 8 stili di approccio al lavoro. Gli 8 stili, espressione di differenti assetti motivazionali, possono fornire al lettore occhiali con i quali mettere a fuoco comportamenti, scelte e aspettative dei lavoratori in un periodo attraversato da elevate incertezze. Sognatori statici o conquistatori allo specchio? Seminatori d\u2019abbondanza o maghi dell\u2019organizzazione? Se quando si parla di lavoro l\u2019et\u00e0 \u00e8 un\u2019opinione, diventa cruciale conoscere gli 8 stili, che con nomi evocativi vogliono esplorare le modalit\u00e0 con le quali vivere le organizzazioni, creare proficui rapporti lavorativi e, perch\u00e9 no, progettare una leadership efficace e quanto mai preziosa in tempi di crisi.  &nbsp;","og_url":"https:\/\/www.guerini.it\/index.php\/prodotto\/il-lavoro-non-ha-eta\/","og_site_name":"Guerini e Associati","article_modified_time":"2024-06-12T12:38:10+00:00","og_image":[{"width":233,"height":350,"url":"https:\/\/www.guerini.it\/wp-content\/uploads\/2021\/01\/Front-Cover-IL-LAVORO-NON-HA-ETA\u0300-e1614606177905.jpg","type":"image\/jpeg"}],"twitter_card":"summary_large_image","twitter_misc":{"Tempo di lettura stimato":"2 minuti"},"schema":{"@context":"https:\/\/schema.org","@graph":[{"@type":"WebPage","@id":"https:\/\/www.guerini.it\/index.php\/prodotto\/il-lavoro-non-ha-eta\/","url":"https:\/\/www.guerini.it\/index.php\/prodotto\/il-lavoro-non-ha-eta\/","name":"Il lavoro non ha et\u00e0 - Guerini e Associati","isPartOf":{"@id":"https:\/\/www.guerini.it\/#website"},"primaryImageOfPage":{"@id":"https:\/\/www.guerini.it\/index.php\/prodotto\/il-lavoro-non-ha-eta\/#primaryimage"},"image":{"@id":"https:\/\/www.guerini.it\/index.php\/prodotto\/il-lavoro-non-ha-eta\/#primaryimage"},"thumbnailUrl":"https:\/\/www.guerini.it\/wp-content\/uploads\/2021\/01\/Front-Cover-IL-LAVORO-NON-HA-ETA\u0300-e1614606177905.jpg","datePublished":"2021-01-14T12:12:50+00:00","dateModified":"2024-06-12T12:38:10+00:00","breadcrumb":{"@id":"https:\/\/www.guerini.it\/index.php\/prodotto\/il-lavoro-non-ha-eta\/#breadcrumb"},"inLanguage":"it-IT","potentialAction":[{"@type":"ReadAction","target":["https:\/\/www.guerini.it\/index.php\/prodotto\/il-lavoro-non-ha-eta\/"]}]},{"@type":"ImageObject","inLanguage":"it-IT","@id":"https:\/\/www.guerini.it\/index.php\/prodotto\/il-lavoro-non-ha-eta\/#primaryimage","url":"https:\/\/www.guerini.it\/wp-content\/uploads\/2021\/01\/Front-Cover-IL-LAVORO-NON-HA-ETA\u0300-e1614606177905.jpg","contentUrl":"https:\/\/www.guerini.it\/wp-content\/uploads\/2021\/01\/Front-Cover-IL-LAVORO-NON-HA-ETA\u0300-e1614606177905.jpg","width":233,"height":350,"caption":"Copertina del libro Il lavoro non ha et\u00e0"},{"@type":"BreadcrumbList","@id":"https:\/\/www.guerini.it\/index.php\/prodotto\/il-lavoro-non-ha-eta\/#breadcrumb","itemListElement":[{"@type":"ListItem","position":1,"name":"Home","item":"https:\/\/www.guerini.it\/"},{"@type":"ListItem","position":2,"name":"Catalogo","item":"https:\/\/www.guerini.it\/index.php\/negozio\/"},{"@type":"ListItem","position":3,"name":"Il lavoro non ha et\u00e0"}]},{"@type":"WebSite","@id":"https:\/\/www.guerini.it\/#website","url":"https:\/\/www.guerini.it\/","name":"Guerini e Associati","description":"30 anni di libri, idee e libert\u00e0","publisher":{"@id":"https:\/\/www.guerini.it\/#organization"},"potentialAction":[{"@type":"SearchAction","target":{"@type":"EntryPoint","urlTemplate":"https:\/\/www.guerini.it\/?s={search_term_string}"},"query-input":{"@type":"PropertyValueSpecification","valueRequired":true,"valueName":"search_term_string"}}],"inLanguage":"it-IT"},{"@type":"Organization","@id":"https:\/\/www.guerini.it\/#organization","name":"Guerini e Associati","url":"https:\/\/www.guerini.it\/","logo":{"@type":"ImageObject","inLanguage":"it-IT","@id":"https:\/\/www.guerini.it\/#\/schema\/logo\/image\/","url":"https:\/\/www.guerini.it\/wp-content\/uploads\/2021\/03\/Logo-Guerini-OK_-e1615831292285.png","contentUrl":"https:\/\/www.guerini.it\/wp-content\/uploads\/2021\/03\/Logo-Guerini-OK_-e1615831292285.png","width":2805,"height":1870,"caption":"Guerini e Associati"},"image":{"@id":"https:\/\/www.guerini.it\/#\/schema\/logo\/image\/"}}]}},"_links":{"self":[{"href":"https:\/\/www.guerini.it\/index.php\/wp-json\/wp\/v2\/product\/16568","targetHints":{"allow":["GET"]}}],"collection":[{"href":"https:\/\/www.guerini.it\/index.php\/wp-json\/wp\/v2\/product"}],"about":[{"href":"https:\/\/www.guerini.it\/index.php\/wp-json\/wp\/v2\/types\/product"}],"wp:featuredmedia":[{"embeddable":true,"href":"https:\/\/www.guerini.it\/index.php\/wp-json\/wp\/v2\/media\/20777"}],"wp:attachment":[{"href":"https:\/\/www.guerini.it\/index.php\/wp-json\/wp\/v2\/media?parent=16568"}],"wp:term":[{"taxonomy":"product_brand","embeddable":true,"href":"https:\/\/www.guerini.it\/index.php\/wp-json\/wp\/v2\/product_brand?post=16568"},{"taxonomy":"product_cat","embeddable":true,"href":"https:\/\/www.guerini.it\/index.php\/wp-json\/wp\/v2\/product_cat?post=16568"},{"taxonomy":"product_tag","embeddable":true,"href":"https:\/\/www.guerini.it\/index.php\/wp-json\/wp\/v2\/product_tag?post=16568"}],"curies":[{"name":"wp","href":"https:\/\/api.w.org\/{rel}","templated":true}]}}

Il lavoro non ha età

<p style="text-align: justify;">Il lavoro non ha età e la motivazione non dipende dall’età anagrafica ma da molteplici fattori biografici e culturali, combinati al legame tra il singolo e l’organizzazione. Eva Giudicatti, consulente ed esperta di culture organizzative come leva competitiva, e Marco Grazioli, presidente di The European House-Ambrosetti, sintetizzano questi fattori in 8 stili di approccio al lavoro. Gli 8 stili, espressione di differenti assetti motivazionali, possono fornire al lettore occhiali con i quali mettere a fuoco comportamenti, scelte e aspettative dei lavoratori in un periodo attraversato da elevate incertezze. Sognatori statici o conquistatori allo specchio? Seminatori d’abbondanza o maghi dell’organizzazione? Se quando si parla di lavoro l’età è un’opinione, diventa cruciale conoscere gli 8 stili, che con nomi evocativi vogliono esplorare le modalità con le quali vivere le organizzazioni, creare proficui rapporti lavorativi e, perché no, progettare una leadership efficace e quanto mai preziosa in tempi di crisi.</p>
<hr />
<p style="text-align: justify;"><strong>Eva Giudicatti</strong>, dal 2012 Senior Consultant in The European House-Ambrosetti, è responsabile dell’area ricerche in ambito People strategies e studia la cultura organizzativa come leva competitiva, anche attraverso la realizzazione di programmi di sviluppo manageriale e del talento organizzativo. Laureata in Filosofia, ha approfondito i suoi studi in discipline sociali comparate a Parigi presso l’École des Hautes Études en Sciences Sociales, si è poi specializzata in Formazione Formatori, in Executive e Corporate Coaching. Tra le ultime ricerche da lei condotte si ricordano: <em>Age at Work</em> e<em> Bravi manager Bravi</em>.</p>
<p style="text-align: justify;"><strong>Marco Grazioli</strong>, Presidente di The European House-Ambrosetti e responsabile dell’area «Vantaggi competitivi attraverso le persone». Nel 2008 è stato protagonista, con altri partner, del management buyout dell’azienda. Di formazione sociologica, esperto di gestione dei processi di cambiamento e processi negoziali complessi, insegna Processi Decisionali e Negoziali nella Facoltà di Scienze Politiche e Sociali dell’Università Cattolica del Sacro Cuore di Milano. Tra le sue pubblicazioni: <em>Come si decide in azienda</em> (1990), C<em>ambiamenti – Azione collettiva e intrecci organizzativi in un’epoca di crisi </em>(2012) e con Carlo Adelio Galimberti <em>Creare governare e dirigere</em> (2015).</p>

<p>Il lavoro non ha età e la motivazione non dipende dall’età anagrafica ma da molteplici fattori biografici e culturali, combinati al legame tra il singolo e l’organizzazione. Eva Giudicatti, consulente ed esperta di culture organizzative come leva competitiva, e Marco Grazioli, presidente di The European House-Ambrosetti, sintetizzano questi fattori in 8 stili di approccio al lavoro. Gli 8 stili, espressione di differenti assetti motivazionali, possono fornire al lettore occhiali con i quali mettere a fuoco comportamenti, scelte e aspettative dei lavoratori in un periodo attraversato da elevate incertezze. Sognatori statici o conquistatori allo specchio? Seminatori d’abbondanza o maghi dell’organizzazione? Se quando si parla di lavoro l’età è un’opinione, diventa cruciale conoscere gli 8 stili, che con nomi evocativi vogliono esplorare le modalità con le quali vivere le organizzazioni, creare proficui rapporti lavorativi e, perché no, progettare una leadership efficace e quanto mai preziosa in tempi di crisi.</p>
<p>&nbsp;</p>

<!-- This site is optimized with the Yoast SEO plugin v25.4 - https://yoast.com/wordpress/plugins/seo/ -->
<title>Il lavoro non ha età - Guerini e Associati</title>
<meta name="robots" content="index, follow, max-snippet:-1, max-image-preview:large, max-video-preview:-1" />
<link rel="canonical" href="https://www.guerini.it/index.php/prodotto/il-lavoro-non-ha-eta/" />
<meta property="og:locale" content="it_IT" />
<meta property="og:type" content="article" />
<meta property="og:title" content="Il lavoro non ha età - Guerini e Associati" />
<meta property="og:description" content="Il lavoro non ha età e la motivazione non dipende dall’età anagrafica ma da molteplici fattori biografici e culturali, combinati al legame tra il singolo e l’organizzazione. Eva Giudicatti, consulente ed esperta di culture organizzative come leva competitiva, e Marco Grazioli, presidente di The European House-Ambrosetti, sintetizzano questi fattori in 8 stili di approccio al lavoro. Gli 8 stili, espressione di differenti assetti motivazionali, possono fornire al lettore occhiali con i quali mettere a fuoco comportamenti, scelte e aspettative dei lavoratori in un periodo attraversato da elevate incertezze. Sognatori statici o conquistatori allo specchio? Seminatori d’abbondanza o maghi dell’organizzazione? Se quando si parla di lavoro l’età è un’opinione, diventa cruciale conoscere gli 8 stili, che con nomi evocativi vogliono esplorare le modalità con le quali vivere le organizzazioni, creare proficui rapporti lavorativi e, perché no, progettare una leadership efficace e quanto mai preziosa in tempi di crisi.  &nbsp;" />
<meta property="og:url" content="https://www.guerini.it/index.php/prodotto/il-lavoro-non-ha-eta/" />
<meta property="og:site_name" content="Guerini e Associati" />
<meta property="article:modified_time" content="2024-06-12T12:38:10+00:00" />
<meta property="og:image" content="https://www.guerini.it/wp-content/uploads/2021/01/Front-Cover-IL-LAVORO-NON-HA-ETÀ-e1614606177905.jpg" />
	<meta property="og:image:width" content="233" />
	<meta property="og:image:height" content="350" />
	<meta property="og:image:type" content="image/jpeg" />
<meta name="twitter:card" content="summary_large_image" />
<meta name="twitter:label1" content="Tempo di lettura stimato" />
	<meta name="twitter:data1" content="2 minuti" />
<!-- / Yoast SEO plugin. -->

Il lavoro non ha età - Guerini e Associati

Il lavoro non ha età e la motivazione non dipende dall’età anagrafica ma da molteplici fattori biografici e culturali, combinati al legame tra il singolo e l’organizzazione. Eva Giudicatti, consulente ed esperta di culture organizzative come leva competitiva, e Marco Grazioli, presidente di The European House-Ambrosetti, sintetizzano questi fattori in 8 stili di approccio al lavoro. Gli 8 stili, espressione di differenti assetti motivazionali, possono fornire al lettore occhiali con i quali mettere a fuoco comportamenti, scelte e aspettative dei lavoratori in un periodo attraversato da elevate incertezze. Sognatori statici o conquistatori allo specchio? Seminatori d’abbondanza o maghi dell’organizzazione? Se quando si parla di lavoro l’età è un’opinione, diventa cruciale conoscere gli 8 stili, che con nomi evocativi vogliono esplorare le modalità con le quali vivere le organizzazioni, creare proficui rapporti lavorativi e, perché no, progettare una leadership efficace e quanto mai preziosa in tempi di crisi.  &nbsp;

Copertina del libro Il lavoro non ha età

30 anni di libri, idee e libertà
