{"id":21331,"date":"2021-03-08T13:30:46","date_gmt":"2021-03-08T12:30:46","guid":{"rendered":"https:\/\/www.guerini.it\/?post_type=product&#038;p=21331"},"modified":"2024-06-09T20:24:55","modified_gmt":"2024-06-09T18:24:55","slug":"novizi-senza-fine","status":"publish","type":"product","link":"https:\/\/www.guerini.it\/index.php\/prodotto\/novizi-senza-fine\/","title":{"rendered":"Novizi senza fine"},"content":{"rendered":"<p style=\"text-align: justify;\">La societ\u00e0 4.0, caratterizzata dall&#8217;avanzata inarrestabile della digitalizzazione e dell&#8217;intelligenza artificiale, sollecita gli esseri umani al confronto continuo con un futuro imprevedibile che richiede progettualit\u00e0 e attivazione di nuove forme di apprendimento nel percorso di carriera personale e lavorativa.<br \/>\nCi\u00f2 nondimeno, con la sua capacit\u00e0 di apprendere, di creare relazioni e di sviluppare conoscenza, la persona \u00e8 destinata comunque a mantenere una posizione di primo piano.<br \/>\nPur con tutte le sue imperfezioni, e forse proprio grazie a queste, in quanto fonti della curiosit\u00e0 e del genio creativo, l&#8217;essere umano continuer\u00e0 a giocare un ruolo chiave avvalendosi al meglio delle macchine e dei sistemi di intelligenza artificiale.<br \/>\nLe persone al centro della rete articolata e dei sistemi complessi che caratterizzano la realt\u00e0 4.0, dovranno essere in grado di sviluppare con costanza, in un percorso di noviziato senza fine, competenze, capability e conoscenze, anche operando con il supporto delle macchine e in collaborazione con esse per affrontare al meglio l&#8217;imprevedibile e l&#8217;imprevisto e per attivare innovazione e innovativit\u00e0.<br \/>\nLe imprese e le organizzazioni pubbliche e private, i mondi della scuola e della ricerca sono chiamati a un impegno senza precedenti per promuovere l&#8217;autonomia e lo sviluppo delle risorse umane che oggi si confrontano con le sfide del lavoro 4.0.<\/p>\n<div class=\"woocommerce-tabs wc-tabs-wrapper\">\n<div id=\"tab-description\" class=\"woocommerce-Tabs-panel woocommerce-Tabs-panel--description panel entry-content wc-tab\" role=\"tabpanel\" aria-labelledby=\"tab-title-description\">\n<p>Il volume fa parte della collana\u00a0<a href=\"https:\/\/www.guerini.it\/index.php\/categoria-prodotto\/default-category\/economia-e-management\/guerini4-0\/\"><em>Guerini 4.0<\/em><\/a>.<\/p>\n<\/div>\n<\/div>\n<hr \/>\n<p style=\"text-align: justify;\"><strong>Franco<\/strong> <strong>Civelli,<\/strong> management consultant, opera da oltre trent&#8217;anni nei settori del Change management dello sviluppo organizzativo\u00a0 e manageriale,\u00a0 in organizzazioni pubbliche\u00a0 e in imprese profit nazionali, internazionali e non profit. Coach e docente universitario, international speaker, \u00e8 autore di numerose pubblicazioni sulle tematiche del manage\u00adment delle modalit\u00e0 di apprendimento, delle competenze trasversali. Ha pubblicato per Guerini e Associati <em><a href=\"https:\/\/www.guerini.it\/index.php\/prodotto\/il-comunicatore-pubblico\/\">Il comunicatore pubblico<\/a> <\/em>(con Vito Piccinni, 2002) e<a href=\"https:\/\/www.guerini.it\/index.php\/prodotto\/lavorare-con-le-competenze\/\"><em> Lavorare con<\/em> <em>le competenze<\/em><\/a> (con Daniele Manara, 2009).<\/p>\n<p style=\"text-align: justify;\"><strong>Daniele Manara, <\/strong>ha lavorato per oltre trent&#8217;anni nell&#8217;area del personale e ha ricoperto il ruolo di Direttore HR e Organizzazione presso prestigiose aziende italiane e impor\u00ad tanti societ\u00e0 multinazionali . Ha ottenuto la certificazione per la costruzione di modelli di competenze a seguito della collaborazione con il prof. Richard E. Boyatzis della Case Western University di Cleveland.\u00a0 Dal 2008 svolge\u00a0 attivit\u00e0\u00a0 di consulenza\u00a0 in ambito\u00a0 HR e Organizzazione presso societ\u00e0 ed enti pubblici. Per Guerini e Associati ha pubblicato <em><a href=\"https:\/\/www.guerini.it\/index.php\/prodotto\/lavorare-con-le-competenze\/\">Lavorare con le competenze<\/a> <\/em>(con Franco Civelli, 2009).<\/p>\n","protected":false},"excerpt":{"rendered":"<p>&nbsp;<\/p>\n<p>&nbsp;<\/p>\n<p>&nbsp;<\/p>\n<p>&nbsp;<\/p>\n","protected":false},"featured_media":23776,"template":"","meta":{"_editorskit_title_hidden":false,"_editorskit_reading_time":0,"_editorskit_is_block_options_detached":false,"_editorskit_block_options_position":"{}","_monsterinsights_skip_tracking":false,"_monsterinsights_sitenote_active":false,"_monsterinsights_sitenote_note":"","_monsterinsights_sitenote_category":0},"product_brand":[],"product_cat":[6699],"product_tag":[6743,6748,6747,6746,6744,6745,6751,6749,6750],"class_list":{"0":"post-21331","1":"product","2":"type-product","3":"status-publish","4":"has-post-thumbnail","6":"product_cat-guerini4-0","7":"product_tag-4-0","8":"product_tag-digitalizzazione","9":"product_tag-formazione-continua","10":"product_tag-futuro","11":"product_tag-industria-4-0","12":"product_tag-innovazione","13":"product_tag-quarta-rivoluzione-industriale","14":"product_tag-ricerca","15":"product_tag-tecnologia","16":"pa_guerini_amazon_link-https-www-amazon-it-novizi-senza-fine-competenza-capability-dp-8862508123","17":"pa_guerini_feltrinelli_link-https-tidd-ly-3snyv5k","18":"pa_guerini_ibs_link-https-tidd-ly-3fco9nt","19":"pa_guerini_libruniver_link-https-www-libreriauniversitaria-it-novizi-senza-fine-competenza-capability-libro-9788862508124","20":"pa_guerini_mondadori_link-https-www-mondadoristore-it-novizi-senza-fine-competenza-daniele-manara-franco-civelli-eai978886250812","22":"first","23":"instock","24":"sale","25":"shipping-taxable","26":"purchasable","27":"product-type-simple"},"yoast_head":"<!-- This site is optimized with the Yoast SEO plugin v25.4 - https:\/\/yoast.com\/wordpress\/plugins\/seo\/ -->\n<title>Novizi senza fine | Guerini Editore<\/title>\n<meta name=\"description\" content=\"Le persone al centro dei sistemi che caratterizzano la realt\u00e0 4.0 dovranno essere in grado di sviluppare con costanza competenze, capability e conoscenze.\" \/>\n<meta name=\"robots\" content=\"index, follow, max-snippet:-1, max-image-preview:large, max-video-preview:-1\" \/>\n<link rel=\"canonical\" href=\"https:\/\/www.guerini.it\/index.php\/prodotto\/novizi-senza-fine\/\" \/>\n<meta property=\"og:locale\" content=\"it_IT\" \/>\n<meta property=\"og:type\" content=\"article\" \/>\n<meta property=\"og:title\" content=\"Novizi senza fine | Guerini Editore\" \/>\n<meta property=\"og:description\" content=\"Le persone al centro dei sistemi che caratterizzano la realt\u00e0 4.0 dovranno essere in grado di sviluppare con costanza competenze, capability e conoscenze.\" \/>\n<meta property=\"og:url\" content=\"https:\/\/www.guerini.it\/index.php\/prodotto\/novizi-senza-fine\/\" \/>\n<meta property=\"og:site_name\" content=\"Guerini e Associati\" \/>\n<meta property=\"article:modified_time\" content=\"2024-06-09T18:24:55+00:00\" \/>\n<meta property=\"og:image\" content=\"https:\/\/www.guerini.it\/wp-content\/uploads\/2021\/03\/Novizi-senza-fine.webp\" \/>\n\t<meta property=\"og:image:width\" content=\"643\" \/>\n\t<meta property=\"og:image:height\" content=\"1000\" \/>\n\t<meta property=\"og:image:type\" content=\"image\/webp\" \/>\n<meta name=\"twitter:card\" content=\"summary_large_image\" \/>\n<meta name=\"twitter:label1\" content=\"Tempo di lettura stimato\" \/>\n\t<meta name=\"twitter:data1\" content=\"3 minuti\" \/>\n<!-- \/ Yoast SEO plugin. -->","yoast_head_json":{"title":"Novizi senza fine | Guerini Editore","description":"Le persone al centro dei sistemi che caratterizzano la realt\u00e0 4.0 dovranno essere in grado di sviluppare con costanza competenze, capability e conoscenze.","robots":{"index":"index","follow":"follow","max-snippet":"max-snippet:-1","max-image-preview":"max-image-preview:large","max-video-preview":"max-video-preview:-1"},"canonical":"https:\/\/www.guerini.it\/index.php\/prodotto\/novizi-senza-fine\/","og_locale":"it_IT","og_type":"article","og_title":"Novizi senza fine | Guerini Editore","og_description":"Le persone al centro dei sistemi che caratterizzano la realt\u00e0 4.0 dovranno essere in grado di sviluppare con costanza competenze, capability e conoscenze.","og_url":"https:\/\/www.guerini.it\/index.php\/prodotto\/novizi-senza-fine\/","og_site_name":"Guerini e Associati","article_modified_time":"2024-06-09T18:24:55+00:00","og_image":[{"width":643,"height":1000,"url":"https:\/\/www.guerini.it\/wp-content\/uploads\/2021\/03\/Novizi-senza-fine.webp","type":"image\/webp"}],"twitter_card":"summary_large_image","twitter_misc":{"Tempo di lettura stimato":"3 minuti"},"schema":{"@context":"https:\/\/schema.org","@graph":[{"@type":"WebPage","@id":"https:\/\/www.guerini.it\/index.php\/prodotto\/novizi-senza-fine\/","url":"https:\/\/www.guerini.it\/index.php\/prodotto\/novizi-senza-fine\/","name":"Novizi senza fine | Guerini Editore","isPartOf":{"@id":"https:\/\/www.guerini.it\/#website"},"primaryImageOfPage":{"@id":"https:\/\/www.guerini.it\/index.php\/prodotto\/novizi-senza-fine\/#primaryimage"},"image":{"@id":"https:\/\/www.guerini.it\/index.php\/prodotto\/novizi-senza-fine\/#primaryimage"},"thumbnailUrl":"https:\/\/www.guerini.it\/wp-content\/uploads\/2021\/03\/Novizi-senza-fine.webp","datePublished":"2021-03-08T12:30:46+00:00","dateModified":"2024-06-09T18:24:55+00:00","description":"Le persone al centro dei sistemi che caratterizzano la realt\u00e0 4.0 dovranno essere in grado di sviluppare con costanza competenze, capability e conoscenze.","breadcrumb":{"@id":"https:\/\/www.guerini.it\/index.php\/prodotto\/novizi-senza-fine\/#breadcrumb"},"inLanguage":"it-IT","potentialAction":[{"@type":"ReadAction","target":["https:\/\/www.guerini.it\/index.php\/prodotto\/novizi-senza-fine\/"]}]},{"@type":"ImageObject","inLanguage":"it-IT","@id":"https:\/\/www.guerini.it\/index.php\/prodotto\/novizi-senza-fine\/#primaryimage","url":"https:\/\/www.guerini.it\/wp-content\/uploads\/2021\/03\/Novizi-senza-fine.webp","contentUrl":"https:\/\/www.guerini.it\/wp-content\/uploads\/2021\/03\/Novizi-senza-fine.webp","width":643,"height":1000,"caption":"Copertina del volume Novizi senza fine, Guerini e Associati, 2021"},{"@type":"BreadcrumbList","@id":"https:\/\/www.guerini.it\/index.php\/prodotto\/novizi-senza-fine\/#breadcrumb","itemListElement":[{"@type":"ListItem","position":1,"name":"Home","item":"https:\/\/www.guerini.it\/"},{"@type":"ListItem","position":2,"name":"Catalogo","item":"https:\/\/www.guerini.it\/index.php\/negozio\/"},{"@type":"ListItem","position":3,"name":"Novizi senza fine"}]},{"@type":"WebSite","@id":"https:\/\/www.guerini.it\/#website","url":"https:\/\/www.guerini.it\/","name":"Guerini e Associati","description":"30 anni di libri, idee e libert\u00e0","publisher":{"@id":"https:\/\/www.guerini.it\/#organization"},"potentialAction":[{"@type":"SearchAction","target":{"@type":"EntryPoint","urlTemplate":"https:\/\/www.guerini.it\/?s={search_term_string}"},"query-input":{"@type":"PropertyValueSpecification","valueRequired":true,"valueName":"search_term_string"}}],"inLanguage":"it-IT"},{"@type":"Organization","@id":"https:\/\/www.guerini.it\/#organization","name":"Guerini e Associati","url":"https:\/\/www.guerini.it\/","logo":{"@type":"ImageObject","inLanguage":"it-IT","@id":"https:\/\/www.guerini.it\/#\/schema\/logo\/image\/","url":"https:\/\/www.guerini.it\/wp-content\/uploads\/2021\/03\/Logo-Guerini-OK_-e1615831292285.png","contentUrl":"https:\/\/www.guerini.it\/wp-content\/uploads\/2021\/03\/Logo-Guerini-OK_-e1615831292285.png","width":2805,"height":1870,"caption":"Guerini e Associati"},"image":{"@id":"https:\/\/www.guerini.it\/#\/schema\/logo\/image\/"}}]}},"_links":{"self":[{"href":"https:\/\/www.guerini.it\/index.php\/wp-json\/wp\/v2\/product\/21331","targetHints":{"allow":["GET"]}}],"collection":[{"href":"https:\/\/www.guerini.it\/index.php\/wp-json\/wp\/v2\/product"}],"about":[{"href":"https:\/\/www.guerini.it\/index.php\/wp-json\/wp\/v2\/types\/product"}],"wp:featuredmedia":[{"embeddable":true,"href":"https:\/\/www.guerini.it\/index.php\/wp-json\/wp\/v2\/media\/23776"}],"wp:attachment":[{"href":"https:\/\/www.guerini.it\/index.php\/wp-json\/wp\/v2\/media?parent=21331"}],"wp:term":[{"taxonomy":"product_brand","embeddable":true,"href":"https:\/\/www.guerini.it\/index.php\/wp-json\/wp\/v2\/product_brand?post=21331"},{"taxonomy":"product_cat","embeddable":true,"href":"https:\/\/www.guerini.it\/index.php\/wp-json\/wp\/v2\/product_cat?post=21331"},{"taxonomy":"product_tag","embeddable":true,"href":"https:\/\/www.guerini.it\/index.php\/wp-json\/wp\/v2\/product_tag?post=21331"}],"curies":[{"name":"wp","href":"https:\/\/api.w.org\/{rel}","templated":true}]}}

<p style="text-align: justify;">La società 4.0, caratterizzata dall&#8217;avanzata inarrestabile della digitalizzazione e dell&#8217;intelligenza artificiale, sollecita gli esseri umani al confronto continuo con un futuro imprevedibile che richiede progettualità e attivazione di nuove forme di apprendimento nel percorso di carriera personale e lavorativa.<br />
Ciò nondimeno, con la sua capacità di apprendere, di creare relazioni e di sviluppare conoscenza, la persona è destinata comunque a mantenere una posizione di primo piano.<br />
Pur con tutte le sue imperfezioni, e forse proprio grazie a queste, in quanto fonti della curiosità e del genio creativo, l&#8217;essere umano continuerà a giocare un ruolo chiave avvalendosi al meglio delle macchine e dei sistemi di intelligenza artificiale.<br />
Le persone al centro della rete articolata e dei sistemi complessi che caratterizzano la realtà 4.0, dovranno essere in grado di sviluppare con costanza, in un percorso di noviziato senza fine, competenze, capability e conoscenze, anche operando con il supporto delle macchine e in collaborazione con esse per affrontare al meglio l&#8217;imprevedibile e l&#8217;imprevisto e per attivare innovazione e innovatività.<br />
Le imprese e le organizzazioni pubbliche e private, i mondi della scuola e della ricerca sono chiamati a un impegno senza precedenti per promuovere l&#8217;autonomia e lo sviluppo delle risorse umane che oggi si confrontano con le sfide del lavoro 4.0.</p>
<div class="woocommerce-tabs wc-tabs-wrapper">
<div id="tab-description" class="woocommerce-Tabs-panel woocommerce-Tabs-panel--description panel entry-content wc-tab" role="tabpanel" aria-labelledby="tab-title-description">
<p>Il volume fa parte della collana <a href="https://www.guerini.it/index.php/categoria-prodotto/default-category/economia-e-management/guerini4-0/"><em>Guerini 4.0</em></a>.</p>
</div>
</div>
<hr />
<p style="text-align: justify;"><strong>Franco</strong> <strong>Civelli,</strong> management consultant, opera da oltre trent&#8217;anni nei settori del Change management dello sviluppo organizzativo  e manageriale,  in organizzazioni pubbliche  e in imprese profit nazionali, internazionali e non profit. Coach e docente universitario, international speaker, è autore di numerose pubblicazioni sulle tematiche del manage­ment delle modalità di apprendimento, delle competenze trasversali. Ha pubblicato per Guerini e Associati <em><a href="https://www.guerini.it/index.php/prodotto/il-comunicatore-pubblico/">Il comunicatore pubblico</a> </em>(con Vito Piccinni, 2002) e<a href="https://www.guerini.it/index.php/prodotto/lavorare-con-le-competenze/"><em> Lavorare con</em> <em>le competenze</em></a> (con Daniele Manara, 2009).</p>
<p style="text-align: justify;"><strong>Daniele Manara, </strong>ha lavorato per oltre trent&#8217;anni nell&#8217;area del personale e ha ricoperto il ruolo di Direttore HR e Organizzazione presso prestigiose aziende italiane e impor­ tanti società multinazionali . Ha ottenuto la certificazione per la costruzione di modelli di competenze a seguito della collaborazione con il prof. Richard E. Boyatzis della Case Western University di Cleveland.  Dal 2008 svolge  attività  di consulenza  in ambito  HR e Organizzazione presso società ed enti pubblici. Per Guerini e Associati ha pubblicato <em><a href="https://www.guerini.it/index.php/prodotto/lavorare-con-le-competenze/">Lavorare con le competenze</a> </em>(con Franco Civelli, 2009).</p>

<!-- This site is optimized with the Yoast SEO plugin v25.4 - https://yoast.com/wordpress/plugins/seo/ -->
<title>Novizi senza fine | Guerini Editore</title>
<meta name="description" content="Le persone al centro dei sistemi che caratterizzano la realtà 4.0 dovranno essere in grado di sviluppare con costanza competenze, capability e conoscenze." />
<meta name="robots" content="index, follow, max-snippet:-1, max-image-preview:large, max-video-preview:-1" />
<link rel="canonical" href="https://www.guerini.it/index.php/prodotto/novizi-senza-fine/" />
<meta property="og:locale" content="it_IT" />
<meta property="og:type" content="article" />
<meta property="og:title" content="Novizi senza fine | Guerini Editore" />
<meta property="og:description" content="Le persone al centro dei sistemi che caratterizzano la realtà 4.0 dovranno essere in grado di sviluppare con costanza competenze, capability e conoscenze." />
<meta property="og:url" content="https://www.guerini.it/index.php/prodotto/novizi-senza-fine/" />
<meta property="og:site_name" content="Guerini e Associati" />
<meta property="article:modified_time" content="2024-06-09T18:24:55+00:00" />
<meta property="og:image" content="https://www.guerini.it/wp-content/uploads/2021/03/Novizi-senza-fine.webp" />
	<meta property="og:image:width" content="643" />
	<meta property="og:image:height" content="1000" />
	<meta property="og:image:type" content="image/webp" />
<meta name="twitter:card" content="summary_large_image" />
<meta name="twitter:label1" content="Tempo di lettura stimato" />
	<meta name="twitter:data1" content="3 minuti" />
<!-- / Yoast SEO plugin. -->

Le persone al centro dei sistemi che caratterizzano la realtà 4.0 dovranno essere in grado di sviluppare con costanza competenze, capability e conoscenze.

30 anni di libri, idee e libertà
