{"id":21561,"date":"2021-03-15T14:36:01","date_gmt":"2021-03-15T13:36:01","guid":{"rendered":"https:\/\/www.guerini.it\/?post_type=product&#038;p=21561"},"modified":"2024-06-09T20:24:59","modified_gmt":"2024-06-09T18:24:59","slug":"neuroscienze-e-sviluppo-del-personale","status":"publish","type":"product","link":"https:\/\/www.guerini.it\/index.php\/prodotto\/neuroscienze-e-sviluppo-del-personale\/","title":{"rendered":"Neuroscienze e sviluppo (del) personale"},"content":{"rendered":"<p style=\"text-align: justify;\">I grandi cambiamenti degli ultimi anni impongono alle aziende e ai loro manager di modificare, spesso anche radicalmente, non solo le modalit\u00e0 di produzione e le politiche nei confronti dei clienti, ma anche e forse soprattutto le prassi di gestione e di sviluppo delle persone che lavorano al loro interno. In questo senso le neuroscienze, con gli straordinari risultati degli studi sul funzionamento del nostro cervello, offrono anche ai manager nuove risposte e nuovi strumenti per rispondere pi\u00f9 efficacemente a vecchie ma sempre attuali problematiche organizzative e relazionali, per le quali gli interventi della classica gestione delle risorse umane risultano spesso insufficienti.<br \/>\nIl lettore trover\u00e0 molti spunti concreti, offerti da neuroscienziati e professionisti del mondo HR, per iniziare ad applicare le neuroscienze al mondo del management e in particolare alle azioni di sviluppo delle persone, utilizzando anche i suggerimenti e le esperienze di chi ha gi\u00e0 provato a coniugare neuroscienze e management, con alcuni primi interessanti esiti. Un \u00abwork in progress\u00bb gi\u00e0 oggi capace di generare prassi organizzative virtuose.<\/p>\n<p style=\"text-align: justify;\"><strong>Maria Emanuela Salati<\/strong> \u00e8 dirigente in ATM Azienda Trasporti Milanesi, dove \u00e8 responsabile delle aree di formazione, selezione e welfare. In ambito HR ha lavorato per Vodafone, Telecom Italia Learning Services, Il Sole 24 ore, IED Comunicazione. \u00c8 membro del Consiglio direttivo nazionale di <a href=\"https:\/\/www.aidp.it\/\">AIDP<\/a> (Associazione Italiana Direzione Personale), vicepresidente di AIDP Lombardia e direttore della rivista di AIDP Direzione del Personale. Per le nostre edizioni ha curato, insieme ad Attilio Leoni, il volume <a href=\"https:\/\/www.guerini.it\/index.php\/prodotto\/neuroscienze-e-management\/\"><em>Neuroscienze e management<\/em><\/a> (2015).<\/p>\n<p style=\"text-align: justify;\"><strong>Attilio Leoni<\/strong> opera attualmente come manager in ambito commerciale presso ATM, dopo aver maturato una lunga esperienza come responsabile della formazione e pi\u00f9 di recente nelle Operations. In precedenza \u00e8 stato responsabile della selezione e dello sviluppo, si \u00e8 occupato di gestione del personale e di comunicazione interna. Oltre a essere co-curatore di <em>Neuroscienze e management<\/em>, ha scritto numerosi articoli di management su periodici e siti online. In collaborazione con l\u2019Istituto Francese di Archeologia Orientale del Cairo ha inoltre svolto attivit\u00e0 di archeologo e papirologo.<\/p>\n<p>&nbsp;<\/p>\n<p>&nbsp;<\/p>\n","protected":false},"excerpt":{"rendered":"<p>&nbsp;<\/p>\n<p>&nbsp;<\/p>\n<p>&nbsp;<\/p>\n","protected":false},"featured_media":21562,"template":"","meta":{"_editorskit_title_hidden":false,"_editorskit_reading_time":0,"_editorskit_is_block_options_detached":false,"_editorskit_block_options_position":"{}","_monsterinsights_skip_tracking":false,"_monsterinsights_sitenote_active":false,"_monsterinsights_sitenote_note":"","_monsterinsights_sitenote_category":0},"product_brand":[],"product_cat":[6805,6529],"product_tag":[6801,6803,6800,6802,6804],"class_list":{"0":"post-21561","1":"product","2":"type-product","3":"status-publish","4":"has-post-thumbnail","6":"product_cat-guerini-next","7":"product_cat-economia-e-management","8":"product_tag-hr","9":"product_tag-management","10":"product_tag-neuroscienze","11":"product_tag-risorse-umane","12":"product_tag-sviluppo-delle-persone","13":"pa_guerini_amazon_link-https-www-amazon-it-neuroscienze-sviluppo-personale-emanuela-salati-dp-8868963825","14":"pa_guerini_feltrinelli_link-https-tidd-ly-2qopgpi","15":"pa_guerini_ibs_link-https-tidd-ly-3ddn06g","16":"pa_guerini_link_amazon-https-www-amazon-it-neuroscienze-sviluppo-personale-emanuela-salati-ebook-dp-b091m9sygs","17":"pa_guerini_link_apple_ibook-https-books-apple-com-it-book-neuroscienze-e-sviluppo-del-personale-id1561205756","18":"pa_guerini_link_bookrepublic-https-www-bookrepublic-it-ebook-9788868963835-neuroscienze-e-sviluppo-del-personale-goware-guerini-next","19":"pa_guerini_link_giunti_punto-https-www-giuntialpunto-it-product-b091m9sygs-libri-neuroscienze-e-sviluppo-del-personale-maria-emanuela-salati","20":"pa_guerini_link_google_play-https-play-google-com-store-books-details-maria_emanuela_salati_neuroscienze_e_sviluppo_delidbuemeaaaqbaj","21":"pa_guerini_link_ibs-https-tidd-ly-3mmwrnq","22":"pa_guerini_link_kobo-https-www-kobo-com-it-it-ebook-neuroscienze-e-sviluppo-del-personale","23":"pa_guerini_link_lafeltrinelli-https-tidd-ly-3tdbkey","25":"first","26":"instock","27":"sale","28":"shipping-taxable","29":"purchasable","30":"product-type-simple"},"yoast_head":"<!-- This site is optimized with the Yoast SEO plugin v25.4 - https:\/\/yoast.com\/wordpress\/plugins\/seo\/ -->\n<title>Neuroscienze e sviluppo (del) personale - Guerini e Associati<\/title>\n<meta name=\"robots\" content=\"index, follow, max-snippet:-1, max-image-preview:large, max-video-preview:-1\" \/>\n<link rel=\"canonical\" href=\"https:\/\/www.guerini.it\/index.php\/prodotto\/neuroscienze-e-sviluppo-del-personale\/\" \/>\n<meta property=\"og:locale\" content=\"it_IT\" \/>\n<meta property=\"og:type\" content=\"article\" \/>\n<meta property=\"og:title\" content=\"Neuroscienze e sviluppo (del) personale - Guerini e Associati\" \/>\n<meta property=\"og:description\" content=\"&nbsp;  &nbsp;  &nbsp;\" \/>\n<meta property=\"og:url\" content=\"https:\/\/www.guerini.it\/index.php\/prodotto\/neuroscienze-e-sviluppo-del-personale\/\" \/>\n<meta property=\"og:site_name\" content=\"Guerini e Associati\" \/>\n<meta property=\"article:modified_time\" content=\"2024-06-09T18:24:59+00:00\" \/>\n<meta property=\"og:image\" content=\"https:\/\/www.guerini.it\/wp-content\/uploads\/2021\/03\/Cover-NEUROSCIENZE-E-SVILUPPO-DEL-PERSONALE-e1615815243230.png\" \/>\n\t<meta property=\"og:image:width\" content=\"226\" \/>\n\t<meta property=\"og:image:height\" content=\"350\" \/>\n\t<meta property=\"og:image:type\" content=\"image\/png\" \/>\n<meta name=\"twitter:card\" content=\"summary_large_image\" \/>\n<meta name=\"twitter:label1\" content=\"Tempo di lettura stimato\" \/>\n\t<meta name=\"twitter:data1\" content=\"2 minuti\" \/>\n<!-- \/ Yoast SEO plugin. -->","yoast_head_json":{"title":"Neuroscienze e sviluppo (del) personale - Guerini e Associati","robots":{"index":"index","follow":"follow","max-snippet":"max-snippet:-1","max-image-preview":"max-image-preview:large","max-video-preview":"max-video-preview:-1"},"canonical":"https:\/\/www.guerini.it\/index.php\/prodotto\/neuroscienze-e-sviluppo-del-personale\/","og_locale":"it_IT","og_type":"article","og_title":"Neuroscienze e sviluppo (del) personale - Guerini e Associati","og_description":"&nbsp;  &nbsp;  &nbsp;","og_url":"https:\/\/www.guerini.it\/index.php\/prodotto\/neuroscienze-e-sviluppo-del-personale\/","og_site_name":"Guerini e Associati","article_modified_time":"2024-06-09T18:24:59+00:00","og_image":[{"width":226,"height":350,"url":"https:\/\/www.guerini.it\/wp-content\/uploads\/2021\/03\/Cover-NEUROSCIENZE-E-SVILUPPO-DEL-PERSONALE-e1615815243230.png","type":"image\/png"}],"twitter_card":"summary_large_image","twitter_misc":{"Tempo di lettura stimato":"2 minuti"},"schema":{"@context":"https:\/\/schema.org","@graph":[{"@type":"WebPage","@id":"https:\/\/www.guerini.it\/index.php\/prodotto\/neuroscienze-e-sviluppo-del-personale\/","url":"https:\/\/www.guerini.it\/index.php\/prodotto\/neuroscienze-e-sviluppo-del-personale\/","name":"Neuroscienze e sviluppo (del) personale - Guerini e Associati","isPartOf":{"@id":"https:\/\/www.guerini.it\/#website"},"primaryImageOfPage":{"@id":"https:\/\/www.guerini.it\/index.php\/prodotto\/neuroscienze-e-sviluppo-del-personale\/#primaryimage"},"image":{"@id":"https:\/\/www.guerini.it\/index.php\/prodotto\/neuroscienze-e-sviluppo-del-personale\/#primaryimage"},"thumbnailUrl":"https:\/\/www.guerini.it\/wp-content\/uploads\/2021\/03\/Cover-NEUROSCIENZE-E-SVILUPPO-DEL-PERSONALE-e1615815243230.png","datePublished":"2021-03-15T13:36:01+00:00","dateModified":"2024-06-09T18:24:59+00:00","breadcrumb":{"@id":"https:\/\/www.guerini.it\/index.php\/prodotto\/neuroscienze-e-sviluppo-del-personale\/#breadcrumb"},"inLanguage":"it-IT","potentialAction":[{"@type":"ReadAction","target":["https:\/\/www.guerini.it\/index.php\/prodotto\/neuroscienze-e-sviluppo-del-personale\/"]}]},{"@type":"ImageObject","inLanguage":"it-IT","@id":"https:\/\/www.guerini.it\/index.php\/prodotto\/neuroscienze-e-sviluppo-del-personale\/#primaryimage","url":"https:\/\/www.guerini.it\/wp-content\/uploads\/2021\/03\/Cover-NEUROSCIENZE-E-SVILUPPO-DEL-PERSONALE-e1615815243230.png","contentUrl":"https:\/\/www.guerini.it\/wp-content\/uploads\/2021\/03\/Cover-NEUROSCIENZE-E-SVILUPPO-DEL-PERSONALE-e1615815243230.png","width":226,"height":350,"caption":"Copertina del libro Neuroscienze e sviluppo (del) personale"},{"@type":"BreadcrumbList","@id":"https:\/\/www.guerini.it\/index.php\/prodotto\/neuroscienze-e-sviluppo-del-personale\/#breadcrumb","itemListElement":[{"@type":"ListItem","position":1,"name":"Home","item":"https:\/\/www.guerini.it\/"},{"@type":"ListItem","position":2,"name":"Catalogo","item":"https:\/\/www.guerini.it\/index.php\/negozio\/"},{"@type":"ListItem","position":3,"name":"Neuroscienze e sviluppo (del) personale"}]},{"@type":"WebSite","@id":"https:\/\/www.guerini.it\/#website","url":"https:\/\/www.guerini.it\/","name":"Guerini e Associati","description":"30 anni di libri, idee e libert\u00e0","publisher":{"@id":"https:\/\/www.guerini.it\/#organization"},"potentialAction":[{"@type":"SearchAction","target":{"@type":"EntryPoint","urlTemplate":"https:\/\/www.guerini.it\/?s={search_term_string}"},"query-input":{"@type":"PropertyValueSpecification","valueRequired":true,"valueName":"search_term_string"}}],"inLanguage":"it-IT"},{"@type":"Organization","@id":"https:\/\/www.guerini.it\/#organization","name":"Guerini e Associati","url":"https:\/\/www.guerini.it\/","logo":{"@type":"ImageObject","inLanguage":"it-IT","@id":"https:\/\/www.guerini.it\/#\/schema\/logo\/image\/","url":"https:\/\/www.guerini.it\/wp-content\/uploads\/2021\/03\/Logo-Guerini-OK_-e1615831292285.png","contentUrl":"https:\/\/www.guerini.it\/wp-content\/uploads\/2021\/03\/Logo-Guerini-OK_-e1615831292285.png","width":2805,"height":1870,"caption":"Guerini e Associati"},"image":{"@id":"https:\/\/www.guerini.it\/#\/schema\/logo\/image\/"}}]}},"_links":{"self":[{"href":"https:\/\/www.guerini.it\/index.php\/wp-json\/wp\/v2\/product\/21561","targetHints":{"allow":["GET"]}}],"collection":[{"href":"https:\/\/www.guerini.it\/index.php\/wp-json\/wp\/v2\/product"}],"about":[{"href":"https:\/\/www.guerini.it\/index.php\/wp-json\/wp\/v2\/types\/product"}],"wp:featuredmedia":[{"embeddable":true,"href":"https:\/\/www.guerini.it\/index.php\/wp-json\/wp\/v2\/media\/21562"}],"wp:attachment":[{"href":"https:\/\/www.guerini.it\/index.php\/wp-json\/wp\/v2\/media?parent=21561"}],"wp:term":[{"taxonomy":"product_brand","embeddable":true,"href":"https:\/\/www.guerini.it\/index.php\/wp-json\/wp\/v2\/product_brand?post=21561"},{"taxonomy":"product_cat","embeddable":true,"href":"https:\/\/www.guerini.it\/index.php\/wp-json\/wp\/v2\/product_cat?post=21561"},{"taxonomy":"product_tag","embeddable":true,"href":"https:\/\/www.guerini.it\/index.php\/wp-json\/wp\/v2\/product_tag?post=21561"}],"curies":[{"name":"wp","href":"https:\/\/api.w.org\/{rel}","templated":true}]}}

<p style="text-align: justify;">I grandi cambiamenti degli ultimi anni impongono alle aziende e ai loro manager di modificare, spesso anche radicalmente, non solo le modalità di produzione e le politiche nei confronti dei clienti, ma anche e forse soprattutto le prassi di gestione e di sviluppo delle persone che lavorano al loro interno. In questo senso le neuroscienze, con gli straordinari risultati degli studi sul funzionamento del nostro cervello, offrono anche ai manager nuove risposte e nuovi strumenti per rispondere più efficacemente a vecchie ma sempre attuali problematiche organizzative e relazionali, per le quali gli interventi della classica gestione delle risorse umane risultano spesso insufficienti.<br />
Il lettore troverà molti spunti concreti, offerti da neuroscienziati e professionisti del mondo HR, per iniziare ad applicare le neuroscienze al mondo del management e in particolare alle azioni di sviluppo delle persone, utilizzando anche i suggerimenti e le esperienze di chi ha già provato a coniugare neuroscienze e management, con alcuni primi interessanti esiti. Un «work in progress» già oggi capace di generare prassi organizzative virtuose.</p>
<p style="text-align: justify;"><strong>Maria Emanuela Salati</strong> è dirigente in ATM Azienda Trasporti Milanesi, dove è responsabile delle aree di formazione, selezione e welfare. In ambito HR ha lavorato per Vodafone, Telecom Italia Learning Services, Il Sole 24 ore, IED Comunicazione. È membro del Consiglio direttivo nazionale di <a href="https://www.aidp.it/">AIDP</a> (Associazione Italiana Direzione Personale), vicepresidente di AIDP Lombardia e direttore della rivista di AIDP Direzione del Personale. Per le nostre edizioni ha curato, insieme ad Attilio Leoni, il volume <a href="https://www.guerini.it/index.php/prodotto/neuroscienze-e-management/"><em>Neuroscienze e management</em></a> (2015).</p>
<p style="text-align: justify;"><strong>Attilio Leoni</strong> opera attualmente come manager in ambito commerciale presso ATM, dopo aver maturato una lunga esperienza come responsabile della formazione e più di recente nelle Operations. In precedenza è stato responsabile della selezione e dello sviluppo, si è occupato di gestione del personale e di comunicazione interna. Oltre a essere co-curatore di <em>Neuroscienze e management</em>, ha scritto numerosi articoli di management su periodici e siti online. In collaborazione con l’Istituto Francese di Archeologia Orientale del Cairo ha inoltre svolto attività di archeologo e papirologo.</p>
<p>&nbsp;</p>
<p>&nbsp;</p>

30 anni di libri, idee e libertà
