{"id":21746,"date":"2021-03-19T15:45:03","date_gmt":"2021-03-19T14:45:03","guid":{"rendered":"https:\/\/www.guerini.it\/?post_type=product&#038;p=21746"},"modified":"2024-06-09T20:25:00","modified_gmt":"2024-06-09T18:25:00","slug":"perche-insieme","status":"publish","type":"product","link":"https:\/\/www.guerini.it\/index.php\/prodotto\/perche-insieme\/","title":{"rendered":"Perch\u00e9 insieme"},"content":{"rendered":"<p style=\"text-align: justify;\">Nell\u2019era di Internet e delle piattaforme digitali come strumento quotidiano di partecipazione alla vita sociale, la disintermediazione \u00e8 diventata una tentazione ricorrente anche in ambito istituzionale. Ma \u00e8 soprattutto in questo contesto che le associazioni di rappresentanza sono chiamate a svolgere la loro funzione di moderazione e vigilanza sui corpi governativi.<br \/>\nCon una lunga esperienza nella realt\u00e0 confindustriale, l\u2019autore non si limita a raccontare l\u2019associazionismo degli ultimi trent\u2019anni in Italia, ma spiega come lo spirito di gruppo e di aggregazione sia sempre stato un tratto distintivo della specie umana, sin dagli albori della sua storia evolutiva.<br \/>\nOggi ripensare il ruolo delle associazioni dell\u2019industria, dell\u2019artigianato, delle professioni e del lavoro \u00e8 indispensabile per difendere l\u2019interesse della collettivit\u00e0 dalle intemperanze della maggioranza e dare realt\u00e0 concreta al principio di pluralismo democratico. Solo cos\u00ec si potr\u00e0 capire perch\u00e9 insieme. Partendo da un punto di domanda per approdare a un punto esclamativo.<\/p>\n<p style=\"text-align: justify;\"><strong>Michele Tronconi<\/strong> (1962) si \u00e8 laureato in Scienze Politiche all\u2019Universit\u00e0 Cattolica di Milano. Imprenditore tessile per tradizione di famiglia, ha ricoperto vari incarichi associativi, a partire dalla presidenza del Gruppo Giovani dell\u2019Unione Industriali di Varese. \u00c8 stato a capo di Euratex, a Bruxelles, di Sistema Moda Italia e di Assofondipensione, nonch\u00e9 membro del Cda di Simest. Ha fatto parte della Giunta e del Consiglio Direttivo di Confindustria.<\/p>\n","protected":false},"excerpt":{"rendered":"<p>&nbsp;<\/p>\n<p>&nbsp;<\/p>\n","protected":false},"featured_media":21747,"template":"","meta":{"_editorskit_title_hidden":false,"_editorskit_reading_time":0,"_editorskit_is_block_options_detached":false,"_editorskit_block_options_position":"{}","_monsterinsights_skip_tracking":false,"_monsterinsights_sitenote_active":false,"_monsterinsights_sitenote_note":"","_monsterinsights_sitenote_category":0},"product_brand":[],"product_cat":[6617],"product_tag":[6848,6846,6849,6847],"class_list":{"0":"post-21746","1":"product","2":"type-product","3":"status-publish","4":"has-post-thumbnail","6":"product_cat-bc","7":"product_tag-associazioni-di-categoria","8":"product_tag-corpi-intermedi","9":"product_tag-disintermediazione","10":"product_tag-rappresentanza","11":"pa_guerini_amazon_link-https-amzn-to-3qzudpl","12":"pa_guerini_feltrinelli_link-https-www-awin1-com-cread-phpawinmid9647awinaffid722809platformdluedhttpswww-lafeltrinelli-itlibriperche-insieme-natura-umana-e9788862508131","13":"pa_guerini_ibs_link-https-tidd-ly-3vh79jh","14":"pa_guerini_libruniver_link-https-www-libreriauniversitaria-it-perche-insieme-natura-umana-corpi-libro-9788862508131","15":"pa_guerini_link_amazon-https-amzn-to-2pchi6w","16":"pa_guerini_link_apple_ibook-https-books-apple-com-it-book-perch-insieme-natura-umana-e-corpi-intermedi-id1559046362","17":"pa_guerini_link_bookrepublic-https-www-bookrepublic-it-ebook-9788881954261-perche-insieme-natura-umana-e-corpi-intermedi-goware-e-edizioni-angelo-guerini-e-associati","18":"pa_guerini_link_giunti_punto-https-www-giuntialpunto-it-product-b08zhl112n-libri-perch-insieme-natura-umana-e-corpi-intermedi-michele-tronconi","19":"pa_guerini_link_google_play-https-play-google-com-store-books-details-michele_tronconi_perch_insieme_natura_umana_e_coride4okeaaaqbaj","20":"pa_guerini_link_ibs-https-www-ibs-it-perche-insieme-natura-umana-corpi-ebook-michele-tronconi-e-9788881954261","21":"pa_guerini_link_kobo-https-www-kobo-com-it-it-ebook-perche-insieme-natura-umana-e-corpi-intermedi","22":"pa_guerini_link_lafeltrinelli-https-www-lafeltrinelli-it-perche-insieme-natura-umana-corpi-ebook-michele-tronconi-e-9788881954261","23":"pa_guerini_link_mondadori-https-www-mondadoristore-it-perche-insieme-natura-umana-michele-tronconi-eai978888195426","24":"pa_guerini_mondadori_link-https-www-mondadoristore-it-perche-insieme-natura-umana-michele-tronconi-eai978886250813","26":"first","27":"instock","28":"sale","29":"shipping-taxable","30":"purchasable","31":"product-type-simple"},"yoast_head":"<!-- This site is optimized with the Yoast SEO plugin v25.4 - https:\/\/yoast.com\/wordpress\/plugins\/seo\/ -->\n<title>Perch\u00e9 insieme - Guerini e Associati<\/title>\n<meta name=\"robots\" content=\"index, follow, max-snippet:-1, max-image-preview:large, max-video-preview:-1\" \/>\n<link rel=\"canonical\" href=\"https:\/\/www.guerini.it\/index.php\/prodotto\/perche-insieme\/\" \/>\n<meta property=\"og:locale\" content=\"it_IT\" \/>\n<meta property=\"og:type\" content=\"article\" \/>\n<meta property=\"og:title\" content=\"Perch\u00e9 insieme - Guerini e Associati\" \/>\n<meta property=\"og:description\" content=\"&nbsp;  &nbsp;\" \/>\n<meta property=\"og:url\" content=\"https:\/\/www.guerini.it\/index.php\/prodotto\/perche-insieme\/\" \/>\n<meta property=\"og:site_name\" content=\"Guerini e Associati\" \/>\n<meta property=\"article:modified_time\" content=\"2024-06-09T18:25:00+00:00\" \/>\n<meta property=\"og:image\" content=\"https:\/\/www.guerini.it\/wp-content\/uploads\/2021\/03\/9788862508131-scaled-e1616165049343.jpg\" \/>\n\t<meta property=\"og:image:width\" content=\"226\" \/>\n\t<meta property=\"og:image:height\" content=\"350\" \/>\n\t<meta property=\"og:image:type\" content=\"image\/jpeg\" \/>\n<meta name=\"twitter:card\" content=\"summary_large_image\" \/>\n<meta name=\"twitter:label1\" content=\"Tempo di lettura stimato\" \/>\n\t<meta name=\"twitter:data1\" content=\"2 minuti\" \/>\n<!-- \/ Yoast SEO plugin. -->","yoast_head_json":{"title":"Perch\u00e9 insieme - Guerini e Associati","robots":{"index":"index","follow":"follow","max-snippet":"max-snippet:-1","max-image-preview":"max-image-preview:large","max-video-preview":"max-video-preview:-1"},"canonical":"https:\/\/www.guerini.it\/index.php\/prodotto\/perche-insieme\/","og_locale":"it_IT","og_type":"article","og_title":"Perch\u00e9 insieme - Guerini e Associati","og_description":"&nbsp;  &nbsp;","og_url":"https:\/\/www.guerini.it\/index.php\/prodotto\/perche-insieme\/","og_site_name":"Guerini e Associati","article_modified_time":"2024-06-09T18:25:00+00:00","og_image":[{"width":226,"height":350,"url":"https:\/\/www.guerini.it\/wp-content\/uploads\/2021\/03\/9788862508131-scaled-e1616165049343.jpg","type":"image\/jpeg"}],"twitter_card":"summary_large_image","twitter_misc":{"Tempo di lettura stimato":"2 minuti"},"schema":{"@context":"https:\/\/schema.org","@graph":[{"@type":"WebPage","@id":"https:\/\/www.guerini.it\/index.php\/prodotto\/perche-insieme\/","url":"https:\/\/www.guerini.it\/index.php\/prodotto\/perche-insieme\/","name":"Perch\u00e9 insieme - Guerini e Associati","isPartOf":{"@id":"https:\/\/www.guerini.it\/#website"},"primaryImageOfPage":{"@id":"https:\/\/www.guerini.it\/index.php\/prodotto\/perche-insieme\/#primaryimage"},"image":{"@id":"https:\/\/www.guerini.it\/index.php\/prodotto\/perche-insieme\/#primaryimage"},"thumbnailUrl":"https:\/\/www.guerini.it\/wp-content\/uploads\/2021\/03\/9788862508131-scaled-e1616165049343.jpg","datePublished":"2021-03-19T14:45:03+00:00","dateModified":"2024-06-09T18:25:00+00:00","breadcrumb":{"@id":"https:\/\/www.guerini.it\/index.php\/prodotto\/perche-insieme\/#breadcrumb"},"inLanguage":"it-IT","potentialAction":[{"@type":"ReadAction","target":["https:\/\/www.guerini.it\/index.php\/prodotto\/perche-insieme\/"]}]},{"@type":"ImageObject","inLanguage":"it-IT","@id":"https:\/\/www.guerini.it\/index.php\/prodotto\/perche-insieme\/#primaryimage","url":"https:\/\/www.guerini.it\/wp-content\/uploads\/2021\/03\/9788862508131-scaled-e1616165049343.jpg","contentUrl":"https:\/\/www.guerini.it\/wp-content\/uploads\/2021\/03\/9788862508131-scaled-e1616165049343.jpg","width":226,"height":350,"caption":"Copertina del libro Perch\u00e9 insieme"},{"@type":"BreadcrumbList","@id":"https:\/\/www.guerini.it\/index.php\/prodotto\/perche-insieme\/#breadcrumb","itemListElement":[{"@type":"ListItem","position":1,"name":"Home","item":"https:\/\/www.guerini.it\/"},{"@type":"ListItem","position":2,"name":"Catalogo","item":"https:\/\/www.guerini.it\/index.php\/negozio\/"},{"@type":"ListItem","position":3,"name":"Perch\u00e9 insieme"}]},{"@type":"WebSite","@id":"https:\/\/www.guerini.it\/#website","url":"https:\/\/www.guerini.it\/","name":"Guerini e Associati","description":"30 anni di libri, idee e libert\u00e0","publisher":{"@id":"https:\/\/www.guerini.it\/#organization"},"potentialAction":[{"@type":"SearchAction","target":{"@type":"EntryPoint","urlTemplate":"https:\/\/www.guerini.it\/?s={search_term_string}"},"query-input":{"@type":"PropertyValueSpecification","valueRequired":true,"valueName":"search_term_string"}}],"inLanguage":"it-IT"},{"@type":"Organization","@id":"https:\/\/www.guerini.it\/#organization","name":"Guerini e Associati","url":"https:\/\/www.guerini.it\/","logo":{"@type":"ImageObject","inLanguage":"it-IT","@id":"https:\/\/www.guerini.it\/#\/schema\/logo\/image\/","url":"https:\/\/www.guerini.it\/wp-content\/uploads\/2021\/03\/Logo-Guerini-OK_-e1615831292285.png","contentUrl":"https:\/\/www.guerini.it\/wp-content\/uploads\/2021\/03\/Logo-Guerini-OK_-e1615831292285.png","width":2805,"height":1870,"caption":"Guerini e Associati"},"image":{"@id":"https:\/\/www.guerini.it\/#\/schema\/logo\/image\/"}}]}},"_links":{"self":[{"href":"https:\/\/www.guerini.it\/index.php\/wp-json\/wp\/v2\/product\/21746","targetHints":{"allow":["GET"]}}],"collection":[{"href":"https:\/\/www.guerini.it\/index.php\/wp-json\/wp\/v2\/product"}],"about":[{"href":"https:\/\/www.guerini.it\/index.php\/wp-json\/wp\/v2\/types\/product"}],"wp:featuredmedia":[{"embeddable":true,"href":"https:\/\/www.guerini.it\/index.php\/wp-json\/wp\/v2\/media\/21747"}],"wp:attachment":[{"href":"https:\/\/www.guerini.it\/index.php\/wp-json\/wp\/v2\/media?parent=21746"}],"wp:term":[{"taxonomy":"product_brand","embeddable":true,"href":"https:\/\/www.guerini.it\/index.php\/wp-json\/wp\/v2\/product_brand?post=21746"},{"taxonomy":"product_cat","embeddable":true,"href":"https:\/\/www.guerini.it\/index.php\/wp-json\/wp\/v2\/product_cat?post=21746"},{"taxonomy":"product_tag","embeddable":true,"href":"https:\/\/www.guerini.it\/index.php\/wp-json\/wp\/v2\/product_tag?post=21746"}],"curies":[{"name":"wp","href":"https:\/\/api.w.org\/{rel}","templated":true}]}}

Perché insieme

<p style="text-align: justify;">Nell’era di Internet e delle piattaforme digitali come strumento quotidiano di partecipazione alla vita sociale, la disintermediazione è diventata una tentazione ricorrente anche in ambito istituzionale. Ma è soprattutto in questo contesto che le associazioni di rappresentanza sono chiamate a svolgere la loro funzione di moderazione e vigilanza sui corpi governativi.<br />
Con una lunga esperienza nella realtà confindustriale, l’autore non si limita a raccontare l’associazionismo degli ultimi trent’anni in Italia, ma spiega come lo spirito di gruppo e di aggregazione sia sempre stato un tratto distintivo della specie umana, sin dagli albori della sua storia evolutiva.<br />
Oggi ripensare il ruolo delle associazioni dell’industria, dell’artigianato, delle professioni e del lavoro è indispensabile per difendere l’interesse della collettività dalle intemperanze della maggioranza e dare realtà concreta al principio di pluralismo democratico. Solo così si potrà capire perché insieme. Partendo da un punto di domanda per approdare a un punto esclamativo.</p>
<p style="text-align: justify;"><strong>Michele Tronconi</strong> (1962) si è laureato in Scienze Politiche all’Università Cattolica di Milano. Imprenditore tessile per tradizione di famiglia, ha ricoperto vari incarichi associativi, a partire dalla presidenza del Gruppo Giovani dell’Unione Industriali di Varese. È stato a capo di Euratex, a Bruxelles, di Sistema Moda Italia e di Assofondipensione, nonché membro del Cda di Simest. Ha fatto parte della Giunta e del Consiglio Direttivo di Confindustria.</p>

<!-- This site is optimized with the Yoast SEO plugin v25.4 - https://yoast.com/wordpress/plugins/seo/ -->
<title>Perché insieme - Guerini e Associati</title>
<meta name="robots" content="index, follow, max-snippet:-1, max-image-preview:large, max-video-preview:-1" />
<link rel="canonical" href="https://www.guerini.it/index.php/prodotto/perche-insieme/" />
<meta property="og:locale" content="it_IT" />
<meta property="og:type" content="article" />
<meta property="og:title" content="Perché insieme - Guerini e Associati" />
<meta property="og:description" content="&nbsp;  &nbsp;" />
<meta property="og:url" content="https://www.guerini.it/index.php/prodotto/perche-insieme/" />
<meta property="og:site_name" content="Guerini e Associati" />
<meta property="article:modified_time" content="2024-06-09T18:25:00+00:00" />
<meta property="og:image" content="https://www.guerini.it/wp-content/uploads/2021/03/9788862508131-scaled-e1616165049343.jpg" />
	<meta property="og:image:width" content="226" />
	<meta property="og:image:height" content="350" />
	<meta property="og:image:type" content="image/jpeg" />
<meta name="twitter:card" content="summary_large_image" />
<meta name="twitter:label1" content="Tempo di lettura stimato" />
	<meta name="twitter:data1" content="2 minuti" />
<!-- / Yoast SEO plugin. -->

Perché insieme - Guerini e Associati

Copertina del libro Perché insieme

30 anni di libri, idee e libertà
