{"id":21783,"date":"2021-03-22T16:49:24","date_gmt":"2021-03-22T15:49:24","guid":{"rendered":"https:\/\/www.guerini.it\/?post_type=product&#038;p=21783"},"modified":"2024-06-09T20:25:01","modified_gmt":"2024-06-09T18:25:01","slug":"assemblare-le-differenze","status":"publish","type":"product","link":"https:\/\/www.guerini.it\/index.php\/prodotto\/assemblare-le-differenze\/","title":{"rendered":"Assemblare le differenze"},"content":{"rendered":"<p>L\u2019industria alberghiera aggrega da sempre figure socialmente differenziate di consumatori, lavoratori e capitali. A Venezia, come in pochi altri posti al mondo, questi assemblaggi mutevoli saltano agli occhi di chi osserva la vita quotidiana scorrere in Laguna. Il volume analizza le esperienze di lavoro che si cristallizzano e si trasformano negli oltre 900 alberghi dell\u2019area metropolitana veneziana, attraversati da un intenso processo di internazionalizzazione della propriet\u00e0 e della gestione, della manodopera ivi occupata e della clientela. Grazie a un\u2019analisi di largo respiro delle trasformazioni strutturali del settore alberghiero e a una meticolosa ricerca sul campo, vengono ricostruite al microscopio le varie figure lavorative e le loro relazioni quotidiane.<br \/>\nGli alberghi si costituiscono come un luogo ad alta intensit\u00e0 di interazioni tra turisti e lavoratori, dove categorie di genere, nazionalit\u00e0, colore della pelle e status sociale sono costantemente in tensione. La ricerca consegna cos\u00ec un profilo di interni ed esterni composti da inedite esperienze di soggettivazione e da molteplici sforzi di mobilitazione di lavoratrici e lavoratori, per faticose convergenze che permettano di incrinare le disparit\u00e0 di riconoscimento sociale e potere contrattuale.<\/p>\n<p>FRANCESCO EUGENIO IANNUZZI \u00e8 dottore di ricerca in Scienze Sociali. I suoi interessi di ricerca sono relativi ai processi lavorativi nel settore turistico e alle trasformazioni tecnico-organizzative nel contesto di Industria 4.0. Ha svolto attivit\u00e0 di ricerca presso l\u2019Universit\u00e0 di Venezia ed \u00e8 stato visiting PhD student presso l\u2019Universit\u00e0 di Leeds e di Barcellona. Attualmente \u00e8 assegnista di ricerca presso l\u2019Universit\u00e0 di<br \/>\nPadova dove si occupa di una ricerca sulla cantieristica navale. Ha pubblicato in riviste italiane e straniere.<\/p>\n<p>&nbsp;<\/p>\n","protected":false},"excerpt":{"rendered":"<p>&nbsp;<\/p>\n<p>&nbsp;<\/p>\n","protected":false},"featured_media":21784,"template":"","meta":{"_editorskit_title_hidden":false,"_editorskit_reading_time":0,"_editorskit_is_block_options_detached":false,"_editorskit_block_options_position":"{}","_monsterinsights_skip_tracking":false,"_monsterinsights_sitenote_active":false,"_monsterinsights_sitenote_note":"","_monsterinsights_sitenote_category":0},"product_brand":[],"product_cat":[6554,6537],"product_tag":[],"class_list":{"0":"post-21783","1":"product","2":"type-product","3":"status-publish","4":"has-post-thumbnail","6":"product_cat-intersezioni-e-asincronie","7":"product_cat-scienze-politiche-sociali","9":"first","10":"instock","11":"sale","12":"shipping-taxable","13":"purchasable","14":"product-type-simple"},"yoast_head":"<!-- This site is optimized with the Yoast SEO plugin v25.4 - https:\/\/yoast.com\/wordpress\/plugins\/seo\/ -->\n<title>Assemblare le differenze - Guerini e Associati<\/title>\n<meta name=\"robots\" content=\"index, follow, max-snippet:-1, max-image-preview:large, max-video-preview:-1\" \/>\n<link rel=\"canonical\" href=\"https:\/\/www.guerini.it\/index.php\/prodotto\/assemblare-le-differenze\/\" \/>\n<meta property=\"og:locale\" content=\"it_IT\" \/>\n<meta property=\"og:type\" content=\"article\" \/>\n<meta property=\"og:title\" content=\"Assemblare le differenze - Guerini e Associati\" \/>\n<meta property=\"og:description\" content=\"&nbsp;  &nbsp;\" \/>\n<meta property=\"og:url\" content=\"https:\/\/www.guerini.it\/index.php\/prodotto\/assemblare-le-differenze\/\" \/>\n<meta property=\"og:site_name\" content=\"Guerini e Associati\" \/>\n<meta property=\"article:modified_time\" content=\"2024-06-09T18:25:01+00:00\" \/>\n<meta property=\"og:image\" content=\"https:\/\/www.guerini.it\/wp-content\/uploads\/2021\/03\/Cop.-Assemblare\u2026-Iannuzzi-scaled-e1616428145347.jpg\" \/>\n\t<meta property=\"og:image:width\" content=\"226\" \/>\n\t<meta property=\"og:image:height\" content=\"350\" \/>\n\t<meta property=\"og:image:type\" content=\"image\/jpeg\" \/>\n<meta name=\"twitter:card\" content=\"summary_large_image\" \/>\n<meta name=\"twitter:label1\" content=\"Tempo di lettura stimato\" \/>\n\t<meta name=\"twitter:data1\" content=\"2 minuti\" \/>\n<!-- \/ Yoast SEO plugin. -->","yoast_head_json":{"title":"Assemblare le differenze - Guerini e Associati","robots":{"index":"index","follow":"follow","max-snippet":"max-snippet:-1","max-image-preview":"max-image-preview:large","max-video-preview":"max-video-preview:-1"},"canonical":"https:\/\/www.guerini.it\/index.php\/prodotto\/assemblare-le-differenze\/","og_locale":"it_IT","og_type":"article","og_title":"Assemblare le differenze - Guerini e Associati","og_description":"&nbsp;  &nbsp;","og_url":"https:\/\/www.guerini.it\/index.php\/prodotto\/assemblare-le-differenze\/","og_site_name":"Guerini e Associati","article_modified_time":"2024-06-09T18:25:01+00:00","og_image":[{"width":226,"height":350,"url":"https:\/\/www.guerini.it\/wp-content\/uploads\/2021\/03\/Cop.-Assemblare\u2026-Iannuzzi-scaled-e1616428145347.jpg","type":"image\/jpeg"}],"twitter_card":"summary_large_image","twitter_misc":{"Tempo di lettura stimato":"2 minuti"},"schema":{"@context":"https:\/\/schema.org","@graph":[{"@type":"WebPage","@id":"https:\/\/www.guerini.it\/index.php\/prodotto\/assemblare-le-differenze\/","url":"https:\/\/www.guerini.it\/index.php\/prodotto\/assemblare-le-differenze\/","name":"Assemblare le differenze - Guerini e Associati","isPartOf":{"@id":"https:\/\/www.guerini.it\/#website"},"primaryImageOfPage":{"@id":"https:\/\/www.guerini.it\/index.php\/prodotto\/assemblare-le-differenze\/#primaryimage"},"image":{"@id":"https:\/\/www.guerini.it\/index.php\/prodotto\/assemblare-le-differenze\/#primaryimage"},"thumbnailUrl":"https:\/\/www.guerini.it\/wp-content\/uploads\/2021\/03\/Cop.-Assemblare\u2026-Iannuzzi-scaled-e1616428145347.jpg","datePublished":"2021-03-22T15:49:24+00:00","dateModified":"2024-06-09T18:25:01+00:00","breadcrumb":{"@id":"https:\/\/www.guerini.it\/index.php\/prodotto\/assemblare-le-differenze\/#breadcrumb"},"inLanguage":"it-IT","potentialAction":[{"@type":"ReadAction","target":["https:\/\/www.guerini.it\/index.php\/prodotto\/assemblare-le-differenze\/"]}]},{"@type":"ImageObject","inLanguage":"it-IT","@id":"https:\/\/www.guerini.it\/index.php\/prodotto\/assemblare-le-differenze\/#primaryimage","url":"https:\/\/www.guerini.it\/wp-content\/uploads\/2021\/03\/Cop.-Assemblare\u2026-Iannuzzi-scaled-e1616428145347.jpg","contentUrl":"https:\/\/www.guerini.it\/wp-content\/uploads\/2021\/03\/Cop.-Assemblare\u2026-Iannuzzi-scaled-e1616428145347.jpg","width":226,"height":350,"caption":"Copertina del libro Assemblare le differenze"},{"@type":"BreadcrumbList","@id":"https:\/\/www.guerini.it\/index.php\/prodotto\/assemblare-le-differenze\/#breadcrumb","itemListElement":[{"@type":"ListItem","position":1,"name":"Home","item":"https:\/\/www.guerini.it\/"},{"@type":"ListItem","position":2,"name":"Catalogo","item":"https:\/\/www.guerini.it\/index.php\/negozio\/"},{"@type":"ListItem","position":3,"name":"Assemblare le differenze"}]},{"@type":"WebSite","@id":"https:\/\/www.guerini.it\/#website","url":"https:\/\/www.guerini.it\/","name":"Guerini e Associati","description":"30 anni di libri, idee e libert\u00e0","publisher":{"@id":"https:\/\/www.guerini.it\/#organization"},"potentialAction":[{"@type":"SearchAction","target":{"@type":"EntryPoint","urlTemplate":"https:\/\/www.guerini.it\/?s={search_term_string}"},"query-input":{"@type":"PropertyValueSpecification","valueRequired":true,"valueName":"search_term_string"}}],"inLanguage":"it-IT"},{"@type":"Organization","@id":"https:\/\/www.guerini.it\/#organization","name":"Guerini e Associati","url":"https:\/\/www.guerini.it\/","logo":{"@type":"ImageObject","inLanguage":"it-IT","@id":"https:\/\/www.guerini.it\/#\/schema\/logo\/image\/","url":"https:\/\/www.guerini.it\/wp-content\/uploads\/2021\/03\/Logo-Guerini-OK_-e1615831292285.png","contentUrl":"https:\/\/www.guerini.it\/wp-content\/uploads\/2021\/03\/Logo-Guerini-OK_-e1615831292285.png","width":2805,"height":1870,"caption":"Guerini e Associati"},"image":{"@id":"https:\/\/www.guerini.it\/#\/schema\/logo\/image\/"}}]}},"_links":{"self":[{"href":"https:\/\/www.guerini.it\/index.php\/wp-json\/wp\/v2\/product\/21783","targetHints":{"allow":["GET"]}}],"collection":[{"href":"https:\/\/www.guerini.it\/index.php\/wp-json\/wp\/v2\/product"}],"about":[{"href":"https:\/\/www.guerini.it\/index.php\/wp-json\/wp\/v2\/types\/product"}],"wp:featuredmedia":[{"embeddable":true,"href":"https:\/\/www.guerini.it\/index.php\/wp-json\/wp\/v2\/media\/21784"}],"wp:attachment":[{"href":"https:\/\/www.guerini.it\/index.php\/wp-json\/wp\/v2\/media?parent=21783"}],"wp:term":[{"taxonomy":"product_brand","embeddable":true,"href":"https:\/\/www.guerini.it\/index.php\/wp-json\/wp\/v2\/product_brand?post=21783"},{"taxonomy":"product_cat","embeddable":true,"href":"https:\/\/www.guerini.it\/index.php\/wp-json\/wp\/v2\/product_cat?post=21783"},{"taxonomy":"product_tag","embeddable":true,"href":"https:\/\/www.guerini.it\/index.php\/wp-json\/wp\/v2\/product_tag?post=21783"}],"curies":[{"name":"wp","href":"https:\/\/api.w.org\/{rel}","templated":true}]}}

<p>L’industria alberghiera aggrega da sempre figure socialmente differenziate di consumatori, lavoratori e capitali. A Venezia, come in pochi altri posti al mondo, questi assemblaggi mutevoli saltano agli occhi di chi osserva la vita quotidiana scorrere in Laguna. Il volume analizza le esperienze di lavoro che si cristallizzano e si trasformano negli oltre 900 alberghi dell’area metropolitana veneziana, attraversati da un intenso processo di internazionalizzazione della proprietà e della gestione, della manodopera ivi occupata e della clientela. Grazie a un’analisi di largo respiro delle trasformazioni strutturali del settore alberghiero e a una meticolosa ricerca sul campo, vengono ricostruite al microscopio le varie figure lavorative e le loro relazioni quotidiane.<br />
Gli alberghi si costituiscono come un luogo ad alta intensità di interazioni tra turisti e lavoratori, dove categorie di genere, nazionalità, colore della pelle e status sociale sono costantemente in tensione. La ricerca consegna così un profilo di interni ed esterni composti da inedite esperienze di soggettivazione e da molteplici sforzi di mobilitazione di lavoratrici e lavoratori, per faticose convergenze che permettano di incrinare le disparità di riconoscimento sociale e potere contrattuale.</p>
<p>FRANCESCO EUGENIO IANNUZZI è dottore di ricerca in Scienze Sociali. I suoi interessi di ricerca sono relativi ai processi lavorativi nel settore turistico e alle trasformazioni tecnico-organizzative nel contesto di Industria 4.0. Ha svolto attività di ricerca presso l’Università di Venezia ed è stato visiting PhD student presso l’Università di Leeds e di Barcellona. Attualmente è assegnista di ricerca presso l’Università di<br />
Padova dove si occupa di una ricerca sulla cantieristica navale. Ha pubblicato in riviste italiane e straniere.</p>
<p>&nbsp;</p>

30 anni di libri, idee e libertà
