{"id":21855,"date":"2021-04-15T09:52:17","date_gmt":"2021-04-15T07:52:17","guid":{"rendered":"https:\/\/www.guerini.it\/?post_type=product&#038;p=21855"},"modified":"2024-06-09T20:25:01","modified_gmt":"2024-06-09T18:25:01","slug":"guardare-oltre","status":"publish","type":"product","link":"https:\/\/www.guerini.it\/index.php\/prodotto\/guardare-oltre\/","title":{"rendered":"Guardare oltre"},"content":{"rendered":"<p style=\"text-align: justify;\">Oggi nel sistema sanitario nazionale niente \u00e8 messo pi\u00f9 a dura prova dei reparti di Medicina generale. E c\u2019\u00e8 ragione di credere che niente sar\u00e0 pi\u00f9 decisivo domani. Durante la terribile primavera della pandemia, tutte le settimane si sono riuniti 900 tirocinanti dei reparti lombardi di Medicina generale per ragionare insieme su quanto stava accadendo e tentare di prevedere cosa ancora sarebbe accaduto. \u00c8 cos\u00ec che hanno preso forma i 16 seminari di PoliS Lombardia &#8211; Accademia di formazione per il servizio sociosanitario lombardo, con la partecipazione di studiosi, professionisti sanitari, presidenti di ordini dei medici. Ogni seminario si concludeva con le riflessioni di Elio Borgonovi, esperto di management sanitario a livello europeo.<br \/>\nIn 16 capitoli questo libro riprende quelle riflessioni, frutto intellettuale di un momento drammatico, che intessono un dialogo con le nuove generazioni sul presente e sul futuro delle cure primarie. Un libro per chi non si accontenta di slogan semplicistici o cedimenti all\u2019emotivit\u00e0, ma cerca invece di capire, portando <em>oltre<\/em> il proprio sguardo.<\/p>\n<p style=\"text-align: justify;\"><strong>Elio Borgonovi<\/strong> \u00e8 professore ordinario di Economia e management delle amministrazioni pubbliche all\u2019Universit\u00e0 Bocconi di Milano. Ha fondato il CeRGAS &#8211; Centro di Ricerche sulla Gestione dell\u2019Assistenza Sanitaria e Sociale e dal 2002 ne \u00e8 il presidente. Dal 1992 \u00e8 membro del Consiglio Direttivo ASFOR (Associazione per la Formazione alla Direzione Aziendale) ed \u00e8 membro di diversi board per lo sviluppo del management. Tra le sue numerose pubblicazioni si ricordano <em>L\u2019economia aziendale negli istituti pubblici territoriali<\/em> (1975),<em> L\u2019impresa pubblica<\/em> (1979),<em> Il controllo di gestione nelle aziende sanitarie<\/em> (1990), <em>L\u2019ospedale: un approccio economico-aziendale<\/em> (1988),\u00a0 <em>L\u2019organizzazione dell\u2019ospedale<\/em> (1988).<\/p>\n<p style=\"text-align: justify;\"><strong>PoliS-Lombardia &#8211; Istituto regionale per il supporto alle politiche della Lombardia<\/strong> \u00e8 un ente pubblico strumentale di Regione Lombardia che nasce il 1\u00b0 gennaio 2018 con la mission di accompagnare l\u2019analisi, l\u2019implementazione (e valutazione) delle politiche per la Regione nel suo complesso. Il presente volume nasce dalle attivit\u00e0 realizzate dall\u2019Ente nel campo della formazione dei giovani tirocinanti in Medicina generale, durante la prima fase della pandemia che ha interessato l\u2019Italia nel 2020.<\/p>\n<p>Direttore generale: Fulvio Matone<br \/>\nDirettore scientifico (dal 2021): Raffaello Vignali<br \/>\nDirettore Accademia di formazione per il servizio sociosanitario lombardo: Alessandro Colombo<\/p>\n","protected":false},"excerpt":{"rendered":"<p>&nbsp;<\/p>\n<p>&nbsp;<\/p>\n<p>&nbsp;<\/p>\n<p>&nbsp;<\/p>\n","protected":false},"featured_media":21856,"template":"","meta":{"_editorskit_title_hidden":false,"_editorskit_reading_time":0,"_editorskit_is_block_options_detached":false,"_editorskit_block_options_position":"{}","_monsterinsights_skip_tracking":false,"_monsterinsights_sitenote_active":false,"_monsterinsights_sitenote_note":"","_monsterinsights_sitenote_category":0},"product_brand":[],"product_cat":[6938],"product_tag":[6943,6945,6939,6940,6942,6944,6941],"class_list":{"0":"post-21855","1":"product","2":"type-product","3":"status-publish","4":"has-post-thumbnail","6":"product_cat-serie-polis-lombardia","7":"product_tag-bioetica","8":"product_tag-emergenza","9":"product_tag-medicina-generale","10":"product_tag-organizzazione-sanitaria","11":"product_tag-sanita-pubblica","12":"product_tag-servizio-sociosanitario","13":"product_tag-sistema-socio-sanitario","14":"pa_guerini_amazon_link-https-www-amazon-it-guardare-oltre-dialoghi-giovani-medici-dp-8862508158","15":"pa_guerini_ibs_link-https-tidd-ly-3afhll0","16":"pa_guerini_libruniver_link-https-www-libreriauniversitaria-it-guardare-oltre-dialoghi-giovani-medici-libro-9788862508155","17":"pa_guerini_link_amazon-https-www-amazon-it-guardare-oltre-dialoghi-giovani-medici-ebook-dp-b093v1hxcb","18":"pa_guerini_link_apple_ibook-https-books-apple-com-it-book-guardare-oltre-dialoghi-per-giovani-medici-id1565336670","19":"pa_guerini_link_bookrepublic-https-www-bookrepublic-it-ebook-9788881954315-guardare-oltre-dialoghi-per-giovani-medici-goware-e-edizioni-angelo-guerini-e-associati","20":"pa_guerini_link_giunti_punto-https-www-giuntialpunto-it-product-b093v1hxcb-libri-guardare-oltre-dialoghi-giovani-medici-elio-borgonovi","21":"pa_guerini_link_google_play-https-play-google-com-store-books-details-elio_borgonovi_guardare_oltre_dialoghi_per_giovaniidn-mreaaaqbaj","22":"pa_guerini_link_ibs-https-tidd-ly-2phnuzq","23":"pa_guerini_link_kobo-https-www-kobo-com-it-it-ebook-guardare-oltre-dialoghi-per-giovani-medici","24":"pa_guerini_mondadori_link-https-www-mondadoristore-it-guardare-oltre-dialoghi-elio-borgonovi-eai978886250815","26":"first","27":"instock","28":"sale","29":"shipping-taxable","30":"purchasable","31":"product-type-simple"},"yoast_head":"<!-- This site is optimized with the Yoast SEO plugin v25.4 - https:\/\/yoast.com\/wordpress\/plugins\/seo\/ -->\n<title>Guardare oltre - Guerini e Associati<\/title>\n<meta name=\"robots\" content=\"index, follow, max-snippet:-1, max-image-preview:large, max-video-preview:-1\" \/>\n<link rel=\"canonical\" href=\"https:\/\/www.guerini.it\/index.php\/prodotto\/guardare-oltre\/\" \/>\n<meta property=\"og:locale\" content=\"it_IT\" \/>\n<meta property=\"og:type\" content=\"article\" \/>\n<meta property=\"og:title\" content=\"Guardare oltre - Guerini e Associati\" \/>\n<meta property=\"og:description\" content=\"&nbsp;  &nbsp;  &nbsp;  &nbsp;\" \/>\n<meta property=\"og:url\" content=\"https:\/\/www.guerini.it\/index.php\/prodotto\/guardare-oltre\/\" \/>\n<meta property=\"og:site_name\" content=\"Guerini e Associati\" \/>\n<meta property=\"article:modified_time\" content=\"2024-06-09T18:25:01+00:00\" \/>\n<meta property=\"og:image\" content=\"https:\/\/www.guerini.it\/wp-content\/uploads\/2021\/04\/Front-Cover-GUARDARE-OLTRE-Polis-e1618472471173.jpg\" \/>\n\t<meta property=\"og:image:width\" content=\"233\" \/>\n\t<meta property=\"og:image:height\" content=\"350\" \/>\n\t<meta property=\"og:image:type\" content=\"image\/jpeg\" \/>\n<meta name=\"twitter:card\" content=\"summary_large_image\" \/>\n<meta name=\"twitter:label1\" content=\"Tempo di lettura stimato\" \/>\n\t<meta name=\"twitter:data1\" content=\"3 minuti\" \/>\n<!-- \/ Yoast SEO plugin. -->","yoast_head_json":{"title":"Guardare oltre - Guerini e Associati","robots":{"index":"index","follow":"follow","max-snippet":"max-snippet:-1","max-image-preview":"max-image-preview:large","max-video-preview":"max-video-preview:-1"},"canonical":"https:\/\/www.guerini.it\/index.php\/prodotto\/guardare-oltre\/","og_locale":"it_IT","og_type":"article","og_title":"Guardare oltre - Guerini e Associati","og_description":"&nbsp;  &nbsp;  &nbsp;  &nbsp;","og_url":"https:\/\/www.guerini.it\/index.php\/prodotto\/guardare-oltre\/","og_site_name":"Guerini e Associati","article_modified_time":"2024-06-09T18:25:01+00:00","og_image":[{"width":233,"height":350,"url":"https:\/\/www.guerini.it\/wp-content\/uploads\/2021\/04\/Front-Cover-GUARDARE-OLTRE-Polis-e1618472471173.jpg","type":"image\/jpeg"}],"twitter_card":"summary_large_image","twitter_misc":{"Tempo di lettura stimato":"3 minuti"},"schema":{"@context":"https:\/\/schema.org","@graph":[{"@type":"WebPage","@id":"https:\/\/www.guerini.it\/index.php\/prodotto\/guardare-oltre\/","url":"https:\/\/www.guerini.it\/index.php\/prodotto\/guardare-oltre\/","name":"Guardare oltre - Guerini e Associati","isPartOf":{"@id":"https:\/\/www.guerini.it\/#website"},"primaryImageOfPage":{"@id":"https:\/\/www.guerini.it\/index.php\/prodotto\/guardare-oltre\/#primaryimage"},"image":{"@id":"https:\/\/www.guerini.it\/index.php\/prodotto\/guardare-oltre\/#primaryimage"},"thumbnailUrl":"https:\/\/www.guerini.it\/wp-content\/uploads\/2021\/04\/Front-Cover-GUARDARE-OLTRE-Polis-e1618472471173.jpg","datePublished":"2021-04-15T07:52:17+00:00","dateModified":"2024-06-09T18:25:01+00:00","breadcrumb":{"@id":"https:\/\/www.guerini.it\/index.php\/prodotto\/guardare-oltre\/#breadcrumb"},"inLanguage":"it-IT","potentialAction":[{"@type":"ReadAction","target":["https:\/\/www.guerini.it\/index.php\/prodotto\/guardare-oltre\/"]}]},{"@type":"ImageObject","inLanguage":"it-IT","@id":"https:\/\/www.guerini.it\/index.php\/prodotto\/guardare-oltre\/#primaryimage","url":"https:\/\/www.guerini.it\/wp-content\/uploads\/2021\/04\/Front-Cover-GUARDARE-OLTRE-Polis-e1618472471173.jpg","contentUrl":"https:\/\/www.guerini.it\/wp-content\/uploads\/2021\/04\/Front-Cover-GUARDARE-OLTRE-Polis-e1618472471173.jpg","width":233,"height":350,"caption":"Copertina del libro Guardare oltre"},{"@type":"BreadcrumbList","@id":"https:\/\/www.guerini.it\/index.php\/prodotto\/guardare-oltre\/#breadcrumb","itemListElement":[{"@type":"ListItem","position":1,"name":"Home","item":"https:\/\/www.guerini.it\/"},{"@type":"ListItem","position":2,"name":"Catalogo","item":"https:\/\/www.guerini.it\/index.php\/negozio\/"},{"@type":"ListItem","position":3,"name":"Guardare oltre"}]},{"@type":"WebSite","@id":"https:\/\/www.guerini.it\/#website","url":"https:\/\/www.guerini.it\/","name":"Guerini e Associati","description":"30 anni di libri, idee e libert\u00e0","publisher":{"@id":"https:\/\/www.guerini.it\/#organization"},"potentialAction":[{"@type":"SearchAction","target":{"@type":"EntryPoint","urlTemplate":"https:\/\/www.guerini.it\/?s={search_term_string}"},"query-input":{"@type":"PropertyValueSpecification","valueRequired":true,"valueName":"search_term_string"}}],"inLanguage":"it-IT"},{"@type":"Organization","@id":"https:\/\/www.guerini.it\/#organization","name":"Guerini e Associati","url":"https:\/\/www.guerini.it\/","logo":{"@type":"ImageObject","inLanguage":"it-IT","@id":"https:\/\/www.guerini.it\/#\/schema\/logo\/image\/","url":"https:\/\/www.guerini.it\/wp-content\/uploads\/2021\/03\/Logo-Guerini-OK_-e1615831292285.png","contentUrl":"https:\/\/www.guerini.it\/wp-content\/uploads\/2021\/03\/Logo-Guerini-OK_-e1615831292285.png","width":2805,"height":1870,"caption":"Guerini e Associati"},"image":{"@id":"https:\/\/www.guerini.it\/#\/schema\/logo\/image\/"}}]}},"_links":{"self":[{"href":"https:\/\/www.guerini.it\/index.php\/wp-json\/wp\/v2\/product\/21855","targetHints":{"allow":["GET"]}}],"collection":[{"href":"https:\/\/www.guerini.it\/index.php\/wp-json\/wp\/v2\/product"}],"about":[{"href":"https:\/\/www.guerini.it\/index.php\/wp-json\/wp\/v2\/types\/product"}],"wp:featuredmedia":[{"embeddable":true,"href":"https:\/\/www.guerini.it\/index.php\/wp-json\/wp\/v2\/media\/21856"}],"wp:attachment":[{"href":"https:\/\/www.guerini.it\/index.php\/wp-json\/wp\/v2\/media?parent=21855"}],"wp:term":[{"taxonomy":"product_brand","embeddable":true,"href":"https:\/\/www.guerini.it\/index.php\/wp-json\/wp\/v2\/product_brand?post=21855"},{"taxonomy":"product_cat","embeddable":true,"href":"https:\/\/www.guerini.it\/index.php\/wp-json\/wp\/v2\/product_cat?post=21855"},{"taxonomy":"product_tag","embeddable":true,"href":"https:\/\/www.guerini.it\/index.php\/wp-json\/wp\/v2\/product_tag?post=21855"}],"curies":[{"name":"wp","href":"https:\/\/api.w.org\/{rel}","templated":true}]}}

<p style="text-align: justify;">Oggi nel sistema sanitario nazionale niente è messo più a dura prova dei reparti di Medicina generale. E c’è ragione di credere che niente sarà più decisivo domani. Durante la terribile primavera della pandemia, tutte le settimane si sono riuniti 900 tirocinanti dei reparti lombardi di Medicina generale per ragionare insieme su quanto stava accadendo e tentare di prevedere cosa ancora sarebbe accaduto. È così che hanno preso forma i 16 seminari di PoliS Lombardia &#8211; Accademia di formazione per il servizio sociosanitario lombardo, con la partecipazione di studiosi, professionisti sanitari, presidenti di ordini dei medici. Ogni seminario si concludeva con le riflessioni di Elio Borgonovi, esperto di management sanitario a livello europeo.<br />
In 16 capitoli questo libro riprende quelle riflessioni, frutto intellettuale di un momento drammatico, che intessono un dialogo con le nuove generazioni sul presente e sul futuro delle cure primarie. Un libro per chi non si accontenta di slogan semplicistici o cedimenti all’emotività, ma cerca invece di capire, portando <em>oltre</em> il proprio sguardo.</p>
<p style="text-align: justify;"><strong>Elio Borgonovi</strong> è professore ordinario di Economia e management delle amministrazioni pubbliche all’Università Bocconi di Milano. Ha fondato il CeRGAS &#8211; Centro di Ricerche sulla Gestione dell’Assistenza Sanitaria e Sociale e dal 2002 ne è il presidente. Dal 1992 è membro del Consiglio Direttivo ASFOR (Associazione per la Formazione alla Direzione Aziendale) ed è membro di diversi board per lo sviluppo del management. Tra le sue numerose pubblicazioni si ricordano <em>L’economia aziendale negli istituti pubblici territoriali</em> (1975),<em> L’impresa pubblica</em> (1979),<em> Il controllo di gestione nelle aziende sanitarie</em> (1990), <em>L’ospedale: un approccio economico-aziendale</em> (1988),  <em>L’organizzazione dell’ospedale</em> (1988).</p>
<p style="text-align: justify;"><strong>PoliS-Lombardia &#8211; Istituto regionale per il supporto alle politiche della Lombardia</strong> è un ente pubblico strumentale di Regione Lombardia che nasce il 1° gennaio 2018 con la mission di accompagnare l’analisi, l’implementazione (e valutazione) delle politiche per la Regione nel suo complesso. Il presente volume nasce dalle attività realizzate dall’Ente nel campo della formazione dei giovani tirocinanti in Medicina generale, durante la prima fase della pandemia che ha interessato l’Italia nel 2020.</p>
<p>Direttore generale: Fulvio Matone<br />
Direttore scientifico (dal 2021): Raffaello Vignali<br />
Direttore Accademia di formazione per il servizio sociosanitario lombardo: Alessandro Colombo</p>

30 anni di libri, idee e libertà
