{"id":21865,"date":"2021-04-19T16:07:05","date_gmt":"2021-04-19T14:07:05","guid":{"rendered":"https:\/\/www.guerini.it\/?post_type=product&#038;p=21865"},"modified":"2024-06-09T20:25:02","modified_gmt":"2024-06-09T18:25:02","slug":"il-ring","status":"publish","type":"product","link":"https:\/\/www.guerini.it\/index.php\/prodotto\/il-ring\/","title":{"rendered":"Il Ring"},"content":{"rendered":"<blockquote><p>Tutto ci\u00f2 che contava in politica si svolgeva a Montecitorio e Palazzo Madama. Erano il teatro delle battaglie tra i partiti. Riunioni interminabili, liti, epici ostruzionismi, accordi insperati resi possibili dallo sfinimento fisico dei parlamentari.<\/p><\/blockquote>\n<p style=\"text-align: justify;\">Questa non \u00e8 una storia degli italiani ma quella del loro Palazzo dal 1970 al 2020. Gli organi costituzionali, le rivalit\u00e0 che li dividono, gli uomini che li hanno incarnati, i drammi e le comicit\u00e0. Anche le persone pi\u00f9 informate, e con qualche anno in pi\u00f9, potranno confrontare cosa avevano colto con cosa gli \u00e8 sfuggito.<br \/>\nTra liti istituzionali e prove di forza ingaggiate fra magistratura e politica, il mezzo secolo considerato traccia il quadro di una guerriglia mai sopita. Dal compromesso storico, subito spento con la morte di Aldo Moro, alla nascita della Seconda Repubblica, dal giustizialismo di Mani Pulite all\u2019irruzione sulla scena del Movimento 5 Stelle per arrivare al ruolo di supplenza che da un decennio svolge il capo dello Stato (e intanto fa capolino la Corte costituzionale), questo libro guida il lettore nel cammino accidentato della democrazia italiana.<br \/>\nCon sguardo disincantato e lo stile divertito che lo contraddistingue, Perna ricostruisce i profili dei protagonisti e spiega come il disordinato avvicendarsi dei poteri li ha logorati \u2013 tutti, senza eccezione \u2013 attutendo la voce dell\u2019elettore al punto che i luminari del Palazzo possono fingere di non sentirla.<\/p>\n<p style=\"text-align: justify;\"><strong>GIANCARLO PERNA<\/strong> \u00e8 giornalista e scrittore. Ha pubblicato <em>Scalfari. Una vita per il potere<\/em> (1990), <em>Chiaroscuri<\/em> (1995), <em>Cento vite col punto interrogativo<\/em> (2016), <em>Storia d\u2019Italia in un\u2019ora<\/em> (2017). Ha lavorato all\u2019Ansa, che considera la massima scuola di giornalismo, <em>il Giornale<\/em>, <em>L\u2019Europeo<\/em>, <em>Panorama<\/em>, <em>Libero<\/em>, <em>La Verit\u00e0<\/em>.<\/p>\n<p>&nbsp;<\/p>\n<p>&nbsp;<\/p>\n","protected":false},"excerpt":{"rendered":"<p>&nbsp;<\/p>\n<p>&nbsp;<\/p>\n<p>&nbsp;<\/p>\n<p>&nbsp;<\/p>\n<p>&nbsp;<\/p>\n","protected":false},"featured_media":21866,"template":"","meta":{"_editorskit_title_hidden":false,"_editorskit_reading_time":0,"_editorskit_is_block_options_detached":false,"_editorskit_block_options_position":"{}","_monsterinsights_skip_tracking":false,"_monsterinsights_sitenote_active":false,"_monsterinsights_sitenote_note":"","_monsterinsights_sitenote_category":0},"product_brand":[],"product_cat":[6585,6527],"product_tag":[],"class_list":{"0":"post-21865","1":"product","2":"type-product","3":"status-publish","4":"has-post-thumbnail","6":"product_cat-sma","7":"product_cat-attualita","8":"pa_guerini_amazon_link-https-www-amazon-it-ring-cinquantanni-risse-tra-poteri-dp-8862508239","9":"pa_guerini_ibs_link-https-tidd-ly-3yvuphd","10":"pa_guerini_link_amazon-https-www-amazon-it-ring-cinquantanni-risse-tra-poteri-ebook-dp-b094cmqtsq","11":"pa_guerini_link_ibs-https-tidd-ly-2rvavsz","13":"first","14":"instock","15":"sale","16":"shipping-taxable","17":"purchasable","18":"product-type-simple"},"yoast_head":"<!-- This site is optimized with the Yoast SEO plugin v25.4 - https:\/\/yoast.com\/wordpress\/plugins\/seo\/ -->\n<title>Il Ring - Guerini e Associati<\/title>\n<meta name=\"robots\" content=\"index, follow, max-snippet:-1, max-image-preview:large, max-video-preview:-1\" \/>\n<link rel=\"canonical\" href=\"https:\/\/www.guerini.it\/index.php\/prodotto\/il-ring\/\" \/>\n<meta property=\"og:locale\" content=\"it_IT\" \/>\n<meta property=\"og:type\" content=\"article\" \/>\n<meta property=\"og:title\" content=\"Il Ring - Guerini e Associati\" \/>\n<meta property=\"og:description\" content=\"&nbsp;  &nbsp;  &nbsp;  &nbsp;  &nbsp;\" \/>\n<meta property=\"og:url\" content=\"https:\/\/www.guerini.it\/index.php\/prodotto\/il-ring\/\" \/>\n<meta property=\"og:site_name\" content=\"Guerini e Associati\" \/>\n<meta property=\"article:modified_time\" content=\"2024-06-09T18:25:02+00:00\" \/>\n<meta property=\"og:image\" content=\"https:\/\/www.guerini.it\/wp-content\/uploads\/2021\/04\/Front-Cover-IL-RING-Perna--e1618840948788.jpg\" \/>\n\t<meta property=\"og:image:width\" content=\"233\" \/>\n\t<meta property=\"og:image:height\" content=\"350\" \/>\n\t<meta property=\"og:image:type\" content=\"image\/jpeg\" \/>\n<meta name=\"twitter:card\" content=\"summary_large_image\" \/>\n<meta name=\"twitter:label1\" content=\"Tempo di lettura stimato\" \/>\n\t<meta name=\"twitter:data1\" content=\"2 minuti\" \/>\n<!-- \/ Yoast SEO plugin. -->","yoast_head_json":{"title":"Il Ring - Guerini e Associati","robots":{"index":"index","follow":"follow","max-snippet":"max-snippet:-1","max-image-preview":"max-image-preview:large","max-video-preview":"max-video-preview:-1"},"canonical":"https:\/\/www.guerini.it\/index.php\/prodotto\/il-ring\/","og_locale":"it_IT","og_type":"article","og_title":"Il Ring - Guerini e Associati","og_description":"&nbsp;  &nbsp;  &nbsp;  &nbsp;  &nbsp;","og_url":"https:\/\/www.guerini.it\/index.php\/prodotto\/il-ring\/","og_site_name":"Guerini e Associati","article_modified_time":"2024-06-09T18:25:02+00:00","og_image":[{"width":233,"height":350,"url":"https:\/\/www.guerini.it\/wp-content\/uploads\/2021\/04\/Front-Cover-IL-RING-Perna--e1618840948788.jpg","type":"image\/jpeg"}],"twitter_card":"summary_large_image","twitter_misc":{"Tempo di lettura stimato":"2 minuti"},"schema":{"@context":"https:\/\/schema.org","@graph":[{"@type":"WebPage","@id":"https:\/\/www.guerini.it\/index.php\/prodotto\/il-ring\/","url":"https:\/\/www.guerini.it\/index.php\/prodotto\/il-ring\/","name":"Il Ring - Guerini e Associati","isPartOf":{"@id":"https:\/\/www.guerini.it\/#website"},"primaryImageOfPage":{"@id":"https:\/\/www.guerini.it\/index.php\/prodotto\/il-ring\/#primaryimage"},"image":{"@id":"https:\/\/www.guerini.it\/index.php\/prodotto\/il-ring\/#primaryimage"},"thumbnailUrl":"https:\/\/www.guerini.it\/wp-content\/uploads\/2021\/04\/Front-Cover-IL-RING-Perna--e1618840948788.jpg","datePublished":"2021-04-19T14:07:05+00:00","dateModified":"2024-06-09T18:25:02+00:00","breadcrumb":{"@id":"https:\/\/www.guerini.it\/index.php\/prodotto\/il-ring\/#breadcrumb"},"inLanguage":"it-IT","potentialAction":[{"@type":"ReadAction","target":["https:\/\/www.guerini.it\/index.php\/prodotto\/il-ring\/"]}]},{"@type":"ImageObject","inLanguage":"it-IT","@id":"https:\/\/www.guerini.it\/index.php\/prodotto\/il-ring\/#primaryimage","url":"https:\/\/www.guerini.it\/wp-content\/uploads\/2021\/04\/Front-Cover-IL-RING-Perna--e1618840948788.jpg","contentUrl":"https:\/\/www.guerini.it\/wp-content\/uploads\/2021\/04\/Front-Cover-IL-RING-Perna--e1618840948788.jpg","width":233,"height":350,"caption":"Copertina del libro Il Ring"},{"@type":"BreadcrumbList","@id":"https:\/\/www.guerini.it\/index.php\/prodotto\/il-ring\/#breadcrumb","itemListElement":[{"@type":"ListItem","position":1,"name":"Home","item":"https:\/\/www.guerini.it\/"},{"@type":"ListItem","position":2,"name":"Catalogo","item":"https:\/\/www.guerini.it\/index.php\/negozio\/"},{"@type":"ListItem","position":3,"name":"Il Ring"}]},{"@type":"WebSite","@id":"https:\/\/www.guerini.it\/#website","url":"https:\/\/www.guerini.it\/","name":"Guerini e Associati","description":"30 anni di libri, idee e libert\u00e0","publisher":{"@id":"https:\/\/www.guerini.it\/#organization"},"potentialAction":[{"@type":"SearchAction","target":{"@type":"EntryPoint","urlTemplate":"https:\/\/www.guerini.it\/?s={search_term_string}"},"query-input":{"@type":"PropertyValueSpecification","valueRequired":true,"valueName":"search_term_string"}}],"inLanguage":"it-IT"},{"@type":"Organization","@id":"https:\/\/www.guerini.it\/#organization","name":"Guerini e Associati","url":"https:\/\/www.guerini.it\/","logo":{"@type":"ImageObject","inLanguage":"it-IT","@id":"https:\/\/www.guerini.it\/#\/schema\/logo\/image\/","url":"https:\/\/www.guerini.it\/wp-content\/uploads\/2021\/03\/Logo-Guerini-OK_-e1615831292285.png","contentUrl":"https:\/\/www.guerini.it\/wp-content\/uploads\/2021\/03\/Logo-Guerini-OK_-e1615831292285.png","width":2805,"height":1870,"caption":"Guerini e Associati"},"image":{"@id":"https:\/\/www.guerini.it\/#\/schema\/logo\/image\/"}}]}},"_links":{"self":[{"href":"https:\/\/www.guerini.it\/index.php\/wp-json\/wp\/v2\/product\/21865","targetHints":{"allow":["GET"]}}],"collection":[{"href":"https:\/\/www.guerini.it\/index.php\/wp-json\/wp\/v2\/product"}],"about":[{"href":"https:\/\/www.guerini.it\/index.php\/wp-json\/wp\/v2\/types\/product"}],"wp:featuredmedia":[{"embeddable":true,"href":"https:\/\/www.guerini.it\/index.php\/wp-json\/wp\/v2\/media\/21866"}],"wp:attachment":[{"href":"https:\/\/www.guerini.it\/index.php\/wp-json\/wp\/v2\/media?parent=21865"}],"wp:term":[{"taxonomy":"product_brand","embeddable":true,"href":"https:\/\/www.guerini.it\/index.php\/wp-json\/wp\/v2\/product_brand?post=21865"},{"taxonomy":"product_cat","embeddable":true,"href":"https:\/\/www.guerini.it\/index.php\/wp-json\/wp\/v2\/product_cat?post=21865"},{"taxonomy":"product_tag","embeddable":true,"href":"https:\/\/www.guerini.it\/index.php\/wp-json\/wp\/v2\/product_tag?post=21865"}],"curies":[{"name":"wp","href":"https:\/\/api.w.org\/{rel}","templated":true}]}}

<blockquote><p>Tutto ciò che contava in politica si svolgeva a Montecitorio e Palazzo Madama. Erano il teatro delle battaglie tra i partiti. Riunioni interminabili, liti, epici ostruzionismi, accordi insperati resi possibili dallo sfinimento fisico dei parlamentari.</p></blockquote>
<p style="text-align: justify;">Questa non è una storia degli italiani ma quella del loro Palazzo dal 1970 al 2020. Gli organi costituzionali, le rivalità che li dividono, gli uomini che li hanno incarnati, i drammi e le comicità. Anche le persone più informate, e con qualche anno in più, potranno confrontare cosa avevano colto con cosa gli è sfuggito.<br />
Tra liti istituzionali e prove di forza ingaggiate fra magistratura e politica, il mezzo secolo considerato traccia il quadro di una guerriglia mai sopita. Dal compromesso storico, subito spento con la morte di Aldo Moro, alla nascita della Seconda Repubblica, dal giustizialismo di Mani Pulite all’irruzione sulla scena del Movimento 5 Stelle per arrivare al ruolo di supplenza che da un decennio svolge il capo dello Stato (e intanto fa capolino la Corte costituzionale), questo libro guida il lettore nel cammino accidentato della democrazia italiana.<br />
Con sguardo disincantato e lo stile divertito che lo contraddistingue, Perna ricostruisce i profili dei protagonisti e spiega come il disordinato avvicendarsi dei poteri li ha logorati – tutti, senza eccezione – attutendo la voce dell’elettore al punto che i luminari del Palazzo possono fingere di non sentirla.</p>
<p style="text-align: justify;"><strong>GIANCARLO PERNA</strong> è giornalista e scrittore. Ha pubblicato <em>Scalfari. Una vita per il potere</em> (1990), <em>Chiaroscuri</em> (1995), <em>Cento vite col punto interrogativo</em> (2016), <em>Storia d’Italia in un’ora</em> (2017). Ha lavorato all’Ansa, che considera la massima scuola di giornalismo, <em>il Giornale</em>, <em>L’Europeo</em>, <em>Panorama</em>, <em>Libero</em>, <em>La Verità</em>.</p>
<p>&nbsp;</p>
<p>&nbsp;</p>

30 anni di libri, idee e libertà
