{"id":21882,"date":"2021-05-04T11:06:27","date_gmt":"2021-05-04T09:06:27","guid":{"rendered":"https:\/\/www.guerini.it\/?post_type=product&#038;p=21882"},"modified":"2024-06-09T20:25:03","modified_gmt":"2024-06-09T18:25:03","slug":"media-digitali-e-relazioni-internazionali","status":"publish","type":"product","link":"https:\/\/www.guerini.it\/index.php\/prodotto\/media-digitali-e-relazioni-internazionali\/","title":{"rendered":"Media digitali e relazioni internazionali"},"content":{"rendered":"<p style=\"text-align: justify;\">Le tecnologie dell\u2019informazione e della comunicazione ricoprono un ruolo sempre pi\u00f9 rilevante per le relazioni internazionali nello spazio digitale contemporaneo.<br \/>\nIl dibattito sul ruolo delle tecnologie nelle questioni di politica internazionale si fa pi\u00f9 complesso con l\u2019ingresso delle piattaforme online, implicando il coinvolgimento dei cittadini\/utenti nello sviluppo di nuove forme di diplomazia pubblica. La digitalizzazione, inoltre, ha un deciso impatto sulla diffusione delle narrazioni politiche che contribuiscono alla definizione dello scenario internazionale.<br \/>\nQuali sono le conseguenze della rappresentazione delle vicende politiche internazionali mediate dalle piattaforme? Come funzionano le narrazioni strategiche rispetto all\u2019esercizio del soft power? Quali conseguenze a lungo termine avr\u00e0 la <em>weaponization<\/em> dei social media?<br \/>\nIl volume affronta simili questioni riflettendo sui contributi pi\u00f9 recenti emersi dal dibattito scientifico e dalle ricerche sulla comunicazione politica internazionale.<\/p>\n<hr \/>\n<p style=\"text-align: justify;\"><strong>GIUSEPPE ANZERA<\/strong> \u00e8 professore associato di Sociologia dei Fenomeni Politici presso Sapienza Universit\u00e0 di Roma, dove insegna Sociologia delle Relazioni Internazionali. Si occupa di geopolitica e di comunicazione politica internazionale. Tra gli altri lavori, per le nostre edizioni, \u00e8 autore dei volumi <em>Flussi di armamenti e politica internazionale<\/em> (2010) e I<em> partigiani di Ali. Religione, identit\u00e0 e politica nel mondo sciita<\/em> (con Roberto Gritti, 2007).<\/p>\n<p style=\"text-align: justify;\"><strong>ALESSANDRA MASSA<\/strong> \u00e8 dottore di ricerca in Comunicazione, Ricerca, Innovazione presso Sapienza Universit\u00e0 di Roma. Si interessa di comunicazione politica internazionale e giornalismo. \u00c8 autrice e co-autrice di testi e articoli sul tema della comunicazione internazionale, disinformazione e narrazioni digitali.<\/p>\n","protected":false},"excerpt":{"rendered":"<p>&nbsp;<\/p>\n<p>&nbsp;<\/p>\n<p>&nbsp;<\/p>\n","protected":false},"featured_media":21883,"template":"","meta":{"_editorskit_title_hidden":false,"_editorskit_reading_time":0,"_editorskit_is_block_options_detached":false,"_editorskit_block_options_position":"{}","_monsterinsights_skip_tracking":false,"_monsterinsights_sitenote_active":false,"_monsterinsights_sitenote_note":"","_monsterinsights_sitenote_category":0},"product_brand":[],"product_cat":[6582,6528],"product_tag":[],"class_list":{"0":"post-21882","1":"product","2":"type-product","3":"status-publish","4":"has-post-thumbnail","6":"product_cat-cn","7":"product_cat-comunicazione","8":"pa_guerini_amazon_link-https-www-amazon-it-relazioni-internazionali-tecnologie-conflitti-piattaforme-dp-8881074508","9":"pa_guerini_feltrinelli_link-https-tidd-ly-3tos3kb","10":"pa_guerini_ibs_link-https-tidd-ly-3k9vyti","11":"pa_guerini_libruniver_link-https-www-libreriauniversitaria-it-media-digitali-relazioni-internazionali-tecnologie-libro-9788881074501","12":"pa_guerini_mondadori_link-https-www-mondadoristore-it-media-digitali-relazioni-alessandra-massa-giuseppe-anzera-eai978888107450","14":"first","15":"instock","16":"sale","17":"shipping-taxable","18":"purchasable","19":"product-type-simple"},"yoast_head":"<!-- This site is optimized with the Yoast SEO plugin v25.4 - https:\/\/yoast.com\/wordpress\/plugins\/seo\/ -->\n<title>Media digitali e relazioni internazionali - Guerini e Associati<\/title>\n<meta name=\"robots\" content=\"index, follow, max-snippet:-1, max-image-preview:large, max-video-preview:-1\" \/>\n<link rel=\"canonical\" href=\"https:\/\/www.guerini.it\/index.php\/prodotto\/media-digitali-e-relazioni-internazionali\/\" \/>\n<meta property=\"og:locale\" content=\"it_IT\" \/>\n<meta property=\"og:type\" content=\"article\" \/>\n<meta property=\"og:title\" content=\"Media digitali e relazioni internazionali - Guerini e Associati\" \/>\n<meta property=\"og:description\" content=\"&nbsp;  &nbsp;  &nbsp;\" \/>\n<meta property=\"og:url\" content=\"https:\/\/www.guerini.it\/index.php\/prodotto\/media-digitali-e-relazioni-internazionali\/\" \/>\n<meta property=\"og:site_name\" content=\"Guerini e Associati\" \/>\n<meta property=\"article:modified_time\" content=\"2024-06-09T18:25:03+00:00\" \/>\n<meta property=\"og:image\" content=\"https:\/\/www.guerini.it\/wp-content\/uploads\/2021\/05\/Front-Cover-MEDIA-DIGITALI-e1620119167797.jpg\" \/>\n\t<meta property=\"og:image:width\" content=\"233\" \/>\n\t<meta property=\"og:image:height\" content=\"350\" \/>\n\t<meta property=\"og:image:type\" content=\"image\/jpeg\" \/>\n<meta name=\"twitter:card\" content=\"summary_large_image\" \/>\n<meta name=\"twitter:label1\" content=\"Tempo di lettura stimato\" \/>\n\t<meta name=\"twitter:data1\" content=\"2 minuti\" \/>\n<!-- \/ Yoast SEO plugin. -->","yoast_head_json":{"title":"Media digitali e relazioni internazionali - Guerini e Associati","robots":{"index":"index","follow":"follow","max-snippet":"max-snippet:-1","max-image-preview":"max-image-preview:large","max-video-preview":"max-video-preview:-1"},"canonical":"https:\/\/www.guerini.it\/index.php\/prodotto\/media-digitali-e-relazioni-internazionali\/","og_locale":"it_IT","og_type":"article","og_title":"Media digitali e relazioni internazionali - Guerini e Associati","og_description":"&nbsp;  &nbsp;  &nbsp;","og_url":"https:\/\/www.guerini.it\/index.php\/prodotto\/media-digitali-e-relazioni-internazionali\/","og_site_name":"Guerini e Associati","article_modified_time":"2024-06-09T18:25:03+00:00","og_image":[{"width":233,"height":350,"url":"https:\/\/www.guerini.it\/wp-content\/uploads\/2021\/05\/Front-Cover-MEDIA-DIGITALI-e1620119167797.jpg","type":"image\/jpeg"}],"twitter_card":"summary_large_image","twitter_misc":{"Tempo di lettura stimato":"2 minuti"},"schema":{"@context":"https:\/\/schema.org","@graph":[{"@type":"WebPage","@id":"https:\/\/www.guerini.it\/index.php\/prodotto\/media-digitali-e-relazioni-internazionali\/","url":"https:\/\/www.guerini.it\/index.php\/prodotto\/media-digitali-e-relazioni-internazionali\/","name":"Media digitali e relazioni internazionali - Guerini e Associati","isPartOf":{"@id":"https:\/\/www.guerini.it\/#website"},"primaryImageOfPage":{"@id":"https:\/\/www.guerini.it\/index.php\/prodotto\/media-digitali-e-relazioni-internazionali\/#primaryimage"},"image":{"@id":"https:\/\/www.guerini.it\/index.php\/prodotto\/media-digitali-e-relazioni-internazionali\/#primaryimage"},"thumbnailUrl":"https:\/\/www.guerini.it\/wp-content\/uploads\/2021\/05\/Front-Cover-MEDIA-DIGITALI-e1620119167797.jpg","datePublished":"2021-05-04T09:06:27+00:00","dateModified":"2024-06-09T18:25:03+00:00","breadcrumb":{"@id":"https:\/\/www.guerini.it\/index.php\/prodotto\/media-digitali-e-relazioni-internazionali\/#breadcrumb"},"inLanguage":"it-IT","potentialAction":[{"@type":"ReadAction","target":["https:\/\/www.guerini.it\/index.php\/prodotto\/media-digitali-e-relazioni-internazionali\/"]}]},{"@type":"ImageObject","inLanguage":"it-IT","@id":"https:\/\/www.guerini.it\/index.php\/prodotto\/media-digitali-e-relazioni-internazionali\/#primaryimage","url":"https:\/\/www.guerini.it\/wp-content\/uploads\/2021\/05\/Front-Cover-MEDIA-DIGITALI-e1620119167797.jpg","contentUrl":"https:\/\/www.guerini.it\/wp-content\/uploads\/2021\/05\/Front-Cover-MEDIA-DIGITALI-e1620119167797.jpg","width":233,"height":350,"caption":"Copertina del libro Media digitali e relazioni internazionali"},{"@type":"BreadcrumbList","@id":"https:\/\/www.guerini.it\/index.php\/prodotto\/media-digitali-e-relazioni-internazionali\/#breadcrumb","itemListElement":[{"@type":"ListItem","position":1,"name":"Home","item":"https:\/\/www.guerini.it\/"},{"@type":"ListItem","position":2,"name":"Catalogo","item":"https:\/\/www.guerini.it\/index.php\/negozio\/"},{"@type":"ListItem","position":3,"name":"Media digitali e relazioni internazionali"}]},{"@type":"WebSite","@id":"https:\/\/www.guerini.it\/#website","url":"https:\/\/www.guerini.it\/","name":"Guerini e Associati","description":"30 anni di libri, idee e libert\u00e0","publisher":{"@id":"https:\/\/www.guerini.it\/#organization"},"potentialAction":[{"@type":"SearchAction","target":{"@type":"EntryPoint","urlTemplate":"https:\/\/www.guerini.it\/?s={search_term_string}"},"query-input":{"@type":"PropertyValueSpecification","valueRequired":true,"valueName":"search_term_string"}}],"inLanguage":"it-IT"},{"@type":"Organization","@id":"https:\/\/www.guerini.it\/#organization","name":"Guerini e Associati","url":"https:\/\/www.guerini.it\/","logo":{"@type":"ImageObject","inLanguage":"it-IT","@id":"https:\/\/www.guerini.it\/#\/schema\/logo\/image\/","url":"https:\/\/www.guerini.it\/wp-content\/uploads\/2021\/03\/Logo-Guerini-OK_-e1615831292285.png","contentUrl":"https:\/\/www.guerini.it\/wp-content\/uploads\/2021\/03\/Logo-Guerini-OK_-e1615831292285.png","width":2805,"height":1870,"caption":"Guerini e Associati"},"image":{"@id":"https:\/\/www.guerini.it\/#\/schema\/logo\/image\/"}}]}},"_links":{"self":[{"href":"https:\/\/www.guerini.it\/index.php\/wp-json\/wp\/v2\/product\/21882","targetHints":{"allow":["GET"]}}],"collection":[{"href":"https:\/\/www.guerini.it\/index.php\/wp-json\/wp\/v2\/product"}],"about":[{"href":"https:\/\/www.guerini.it\/index.php\/wp-json\/wp\/v2\/types\/product"}],"wp:featuredmedia":[{"embeddable":true,"href":"https:\/\/www.guerini.it\/index.php\/wp-json\/wp\/v2\/media\/21883"}],"wp:attachment":[{"href":"https:\/\/www.guerini.it\/index.php\/wp-json\/wp\/v2\/media?parent=21882"}],"wp:term":[{"taxonomy":"product_brand","embeddable":true,"href":"https:\/\/www.guerini.it\/index.php\/wp-json\/wp\/v2\/product_brand?post=21882"},{"taxonomy":"product_cat","embeddable":true,"href":"https:\/\/www.guerini.it\/index.php\/wp-json\/wp\/v2\/product_cat?post=21882"},{"taxonomy":"product_tag","embeddable":true,"href":"https:\/\/www.guerini.it\/index.php\/wp-json\/wp\/v2\/product_tag?post=21882"}],"curies":[{"name":"wp","href":"https:\/\/api.w.org\/{rel}","templated":true}]}}

<p style="text-align: justify;">Le tecnologie dell’informazione e della comunicazione ricoprono un ruolo sempre più rilevante per le relazioni internazionali nello spazio digitale contemporaneo.<br />
Il dibattito sul ruolo delle tecnologie nelle questioni di politica internazionale si fa più complesso con l’ingresso delle piattaforme online, implicando il coinvolgimento dei cittadini/utenti nello sviluppo di nuove forme di diplomazia pubblica. La digitalizzazione, inoltre, ha un deciso impatto sulla diffusione delle narrazioni politiche che contribuiscono alla definizione dello scenario internazionale.<br />
Quali sono le conseguenze della rappresentazione delle vicende politiche internazionali mediate dalle piattaforme? Come funzionano le narrazioni strategiche rispetto all’esercizio del soft power? Quali conseguenze a lungo termine avrà la <em>weaponization</em> dei social media?<br />
Il volume affronta simili questioni riflettendo sui contributi più recenti emersi dal dibattito scientifico e dalle ricerche sulla comunicazione politica internazionale.</p>
<hr />
<p style="text-align: justify;"><strong>GIUSEPPE ANZERA</strong> è professore associato di Sociologia dei Fenomeni Politici presso Sapienza Università di Roma, dove insegna Sociologia delle Relazioni Internazionali. Si occupa di geopolitica e di comunicazione politica internazionale. Tra gli altri lavori, per le nostre edizioni, è autore dei volumi <em>Flussi di armamenti e politica internazionale</em> (2010) e I<em> partigiani di Ali. Religione, identità e politica nel mondo sciita</em> (con Roberto Gritti, 2007).</p>
<p style="text-align: justify;"><strong>ALESSANDRA MASSA</strong> è dottore di ricerca in Comunicazione, Ricerca, Innovazione presso Sapienza Università di Roma. Si interessa di comunicazione politica internazionale e giornalismo. È autrice e co-autrice di testi e articoli sul tema della comunicazione internazionale, disinformazione e narrazioni digitali.</p>

30 anni di libri, idee e libertà
