{"id":21895,"date":"2021-05-06T17:09:30","date_gmt":"2021-05-06T15:09:30","guid":{"rendered":"https:\/\/www.guerini.it\/?post_type=product&#038;p=21895"},"modified":"2024-06-09T20:25:03","modified_gmt":"2024-06-09T18:25:03","slug":"competenze-e-formazione-4-0","status":"publish","type":"product","link":"https:\/\/www.guerini.it\/index.php\/prodotto\/competenze-e-formazione-4-0\/","title":{"rendered":"Competenze e formazione 4.0"},"content":{"rendered":"<p style=\"text-align: justify;\">\u00c8 ormai una realt\u00e0 inconfutabile che la Quarta rivoluzione industriale stia rinnovando da tempo la vita delle persone e delle imprese. La rapidissima avanzata di sistemi digitali sempre pi\u00f9 intelligenti e pervasivi ci spinge per\u00f2 a chiederci: come si evolveranno le professioni, le competenze e la formazione aziendale di fronte a questa trasformazione?<br \/>\nLe tecnologie assorbiranno soprattutto le mansioni routinarie e ripetitive, lasciando ai lavoratori le attivit\u00e0 pi\u00f9 complesse. Ci stiamo evolvendo verso un modello organizzativo diverso, incentrato su logiche di lavoro impostate per progetti e orientate al risultato. Servir\u00e0 dunque affinare nuove skill a livello sia individuale, sia manageriale. Trasformazione digitale significa infatti \u2013 e soprattutto \u2013 trasformazione delle persone e dei loro ruoli aziendali.<br \/>\nIn questo scenario la formazione diventer\u00e0 un fattore sempre pi\u00f9 determinante, tuttavia non potremo pi\u00f9 accontentarci di quella tradizionale. Dovremo mettere a punto nuovi metodi che si svilupperanno attraverso sistemi non formali, flessibili e personalizzati. Una sfida non da poco, alla quale dobbiamo iniziare a prepararci gi\u00e0 oggi.<\/p>\n<p style=\"text-align: justify;\"><strong>Angelo Pasquarella<\/strong> \u00e8 Presidente di <a href=\"https:\/\/www.projectland.it\/\">Projectland<\/a>. Da molti anni opera nella formazione e nello sviluppo di progetti innovativi per il settore assicurativo. Per le nostre edizioni ha pubblicato <a href=\"https:\/\/www.guerini.it\/index.php\/prodotto\/il-quinto-stato\/\"><em>Il quinto stato<\/em><\/a> (2011), <a href=\"https:\/\/www.guerini.it\/index.php\/prodotto\/9788862504898-giovani-al-lavoro\/\"><em>Giovani al lavoro<\/em><\/a> (con G. Cazzola e A. Servidori, 2013), <a href=\"https:\/\/www.guerini.it\/index.php\/prodotto\/la-formazione-concreta\/\"><em>La formazione concreta<\/em><\/a> (con S. Carbone, 2016) e <a href=\"https:\/\/www.guerini.it\/index.php\/prodotto\/punto-hr-2020\/\"><em>Punto HR 2020!<\/em><\/a> (con S. Carbone, 2019).<br \/>\n<strong>Laura Garozzo<\/strong> fa parte dell\u2019Area Ricerca e Sviluppo di <a href=\"https:\/\/www.projectland.it\/\">Projectland<\/a>. Ha seguito numerosi progetti di ricerca in ambito formativo e svolge attivit\u00e0 d\u2019ideazione e coordinamento di piani formativi.<\/p>\n<p>&nbsp;<\/p>\n","protected":false},"excerpt":{"rendered":"<p>&nbsp;<\/p>\n<p>&nbsp;<\/p>\n<p>&nbsp;<\/p>\n<p>&nbsp;<\/p>\n","protected":false},"featured_media":21896,"template":"","meta":{"_editorskit_title_hidden":false,"_editorskit_reading_time":0,"_editorskit_is_block_options_detached":false,"_editorskit_block_options_position":"{}","_monsterinsights_skip_tracking":false,"_monsterinsights_sitenote_active":false,"_monsterinsights_sitenote_note":"","_monsterinsights_sitenote_category":0},"product_brand":[],"product_cat":[6805],"product_tag":[6743,7021,7020,6745,6967,6802],"class_list":{"0":"post-21895","1":"product","2":"type-product","3":"status-publish","4":"has-post-thumbnail","6":"product_cat-guerini-next","7":"product_tag-4-0","8":"product_tag-competenze","9":"product_tag-formazione","10":"product_tag-innovazione","11":"product_tag-leadership","12":"product_tag-risorse-umane","13":"pa_guerini_amazon_link-https-www-amazon-it-formazione-professionale-competenze-rivoluzione-industriale-dp-8868963647","14":"pa_guerini_ibs_link-https-tidd-ly-3eocjop","15":"pa_guerini_libruniver_link-https-www-libreriauniversitaria-it-competenze-formazione-4-pasquarella-angelo-libro-9788868963644","16":"pa_guerini_link_amazon-https-www-amazon-it-competenze-formazione-4-0-angelo-pasquarella-ebook-dp-b094xf96s","17":"pa_guerini_link_apple_ibook-https-books-apple-com-it-book-competenze-e-formazione-4-0-id1567368658","18":"pa_guerini_link_bookrepublic-https-www-bookrepublic-it-ebook-9788868963651-competenze-e-formazione-40-goware-guerini-next","19":"pa_guerini_link_giunti_punto-https-www-giuntialpunto-it-product-b094xf96s5-libri-competenze-e-formazione-40-angelo-pasquarella","20":"pa_guerini_link_google_play-https-play-google-com-store-books-details-angelo_pasquarella_competenze_e_formazione_4_0idqg4ueaaaqbaj","21":"pa_guerini_link_kobo-https-www-kobo-com-it-it-ebook-competenze-e-formazione-4-0","22":"pa_guerini_link_mondadori-https-www-mondadoristore-it-competenze-e-formazione-40-angelo-pasquarella-laura-garozzo-eai978886896365","23":"pa_guerini_mondadori_link-https-www-mondadoristore-it-competenze-e-formazione-40-angelo-pasquarella-laura-garozzo-eai978886896364","25":"first","26":"instock","27":"sale","28":"shipping-taxable","29":"purchasable","30":"product-type-simple"},"yoast_head":"<!-- This site is optimized with the Yoast SEO plugin v25.4 - https:\/\/yoast.com\/wordpress\/plugins\/seo\/ -->\n<title>Competenze e formazione 4.0 - Guerini e Associati<\/title>\n<meta name=\"robots\" content=\"index, follow, max-snippet:-1, max-image-preview:large, max-video-preview:-1\" \/>\n<link rel=\"canonical\" href=\"https:\/\/www.guerini.it\/index.php\/prodotto\/competenze-e-formazione-4-0\/\" \/>\n<meta property=\"og:locale\" content=\"it_IT\" \/>\n<meta property=\"og:type\" content=\"article\" \/>\n<meta property=\"og:title\" content=\"Competenze e formazione 4.0 - Guerini e Associati\" \/>\n<meta property=\"og:description\" content=\"&nbsp;  &nbsp;  &nbsp;  &nbsp;\" \/>\n<meta property=\"og:url\" content=\"https:\/\/www.guerini.it\/index.php\/prodotto\/competenze-e-formazione-4-0\/\" \/>\n<meta property=\"og:site_name\" content=\"Guerini e Associati\" \/>\n<meta property=\"article:modified_time\" content=\"2024-06-09T18:25:03+00:00\" \/>\n<meta property=\"og:image\" content=\"https:\/\/www.guerini.it\/wp-content\/uploads\/2021\/05\/Cop.-Competenze-e-formazione-3b-4.0_b-scaled-e1620313469440.jpg\" \/>\n\t<meta property=\"og:image:width\" content=\"227\" \/>\n\t<meta property=\"og:image:height\" content=\"350\" \/>\n\t<meta property=\"og:image:type\" content=\"image\/jpeg\" \/>\n<meta name=\"twitter:card\" content=\"summary_large_image\" \/>\n<meta name=\"twitter:label1\" content=\"Tempo di lettura stimato\" \/>\n\t<meta name=\"twitter:data1\" content=\"2 minuti\" \/>\n<!-- \/ Yoast SEO plugin. -->","yoast_head_json":{"title":"Competenze e formazione 4.0 - Guerini e Associati","robots":{"index":"index","follow":"follow","max-snippet":"max-snippet:-1","max-image-preview":"max-image-preview:large","max-video-preview":"max-video-preview:-1"},"canonical":"https:\/\/www.guerini.it\/index.php\/prodotto\/competenze-e-formazione-4-0\/","og_locale":"it_IT","og_type":"article","og_title":"Competenze e formazione 4.0 - Guerini e Associati","og_description":"&nbsp;  &nbsp;  &nbsp;  &nbsp;","og_url":"https:\/\/www.guerini.it\/index.php\/prodotto\/competenze-e-formazione-4-0\/","og_site_name":"Guerini e Associati","article_modified_time":"2024-06-09T18:25:03+00:00","og_image":[{"width":227,"height":350,"url":"https:\/\/www.guerini.it\/wp-content\/uploads\/2021\/05\/Cop.-Competenze-e-formazione-3b-4.0_b-scaled-e1620313469440.jpg","type":"image\/jpeg"}],"twitter_card":"summary_large_image","twitter_misc":{"Tempo di lettura stimato":"2 minuti"},"schema":{"@context":"https:\/\/schema.org","@graph":[{"@type":"WebPage","@id":"https:\/\/www.guerini.it\/index.php\/prodotto\/competenze-e-formazione-4-0\/","url":"https:\/\/www.guerini.it\/index.php\/prodotto\/competenze-e-formazione-4-0\/","name":"Competenze e formazione 4.0 - Guerini e Associati","isPartOf":{"@id":"https:\/\/www.guerini.it\/#website"},"primaryImageOfPage":{"@id":"https:\/\/www.guerini.it\/index.php\/prodotto\/competenze-e-formazione-4-0\/#primaryimage"},"image":{"@id":"https:\/\/www.guerini.it\/index.php\/prodotto\/competenze-e-formazione-4-0\/#primaryimage"},"thumbnailUrl":"https:\/\/www.guerini.it\/wp-content\/uploads\/2021\/05\/Cop.-Competenze-e-formazione-3b-4.0_b-scaled-e1620313469440.jpg","datePublished":"2021-05-06T15:09:30+00:00","dateModified":"2024-06-09T18:25:03+00:00","breadcrumb":{"@id":"https:\/\/www.guerini.it\/index.php\/prodotto\/competenze-e-formazione-4-0\/#breadcrumb"},"inLanguage":"it-IT","potentialAction":[{"@type":"ReadAction","target":["https:\/\/www.guerini.it\/index.php\/prodotto\/competenze-e-formazione-4-0\/"]}]},{"@type":"ImageObject","inLanguage":"it-IT","@id":"https:\/\/www.guerini.it\/index.php\/prodotto\/competenze-e-formazione-4-0\/#primaryimage","url":"https:\/\/www.guerini.it\/wp-content\/uploads\/2021\/05\/Cop.-Competenze-e-formazione-3b-4.0_b-scaled-e1620313469440.jpg","contentUrl":"https:\/\/www.guerini.it\/wp-content\/uploads\/2021\/05\/Cop.-Competenze-e-formazione-3b-4.0_b-scaled-e1620313469440.jpg","width":227,"height":350,"caption":"Copertina del libro Competenze e formazione 4.0"},{"@type":"BreadcrumbList","@id":"https:\/\/www.guerini.it\/index.php\/prodotto\/competenze-e-formazione-4-0\/#breadcrumb","itemListElement":[{"@type":"ListItem","position":1,"name":"Home","item":"https:\/\/www.guerini.it\/"},{"@type":"ListItem","position":2,"name":"Catalogo","item":"https:\/\/www.guerini.it\/index.php\/negozio\/"},{"@type":"ListItem","position":3,"name":"Competenze e formazione 4.0"}]},{"@type":"WebSite","@id":"https:\/\/www.guerini.it\/#website","url":"https:\/\/www.guerini.it\/","name":"Guerini e Associati","description":"30 anni di libri, idee e libert\u00e0","publisher":{"@id":"https:\/\/www.guerini.it\/#organization"},"potentialAction":[{"@type":"SearchAction","target":{"@type":"EntryPoint","urlTemplate":"https:\/\/www.guerini.it\/?s={search_term_string}"},"query-input":{"@type":"PropertyValueSpecification","valueRequired":true,"valueName":"search_term_string"}}],"inLanguage":"it-IT"},{"@type":"Organization","@id":"https:\/\/www.guerini.it\/#organization","name":"Guerini e Associati","url":"https:\/\/www.guerini.it\/","logo":{"@type":"ImageObject","inLanguage":"it-IT","@id":"https:\/\/www.guerini.it\/#\/schema\/logo\/image\/","url":"https:\/\/www.guerini.it\/wp-content\/uploads\/2021\/03\/Logo-Guerini-OK_-e1615831292285.png","contentUrl":"https:\/\/www.guerini.it\/wp-content\/uploads\/2021\/03\/Logo-Guerini-OK_-e1615831292285.png","width":2805,"height":1870,"caption":"Guerini e Associati"},"image":{"@id":"https:\/\/www.guerini.it\/#\/schema\/logo\/image\/"}}]}},"_links":{"self":[{"href":"https:\/\/www.guerini.it\/index.php\/wp-json\/wp\/v2\/product\/21895","targetHints":{"allow":["GET"]}}],"collection":[{"href":"https:\/\/www.guerini.it\/index.php\/wp-json\/wp\/v2\/product"}],"about":[{"href":"https:\/\/www.guerini.it\/index.php\/wp-json\/wp\/v2\/types\/product"}],"wp:featuredmedia":[{"embeddable":true,"href":"https:\/\/www.guerini.it\/index.php\/wp-json\/wp\/v2\/media\/21896"}],"wp:attachment":[{"href":"https:\/\/www.guerini.it\/index.php\/wp-json\/wp\/v2\/media?parent=21895"}],"wp:term":[{"taxonomy":"product_brand","embeddable":true,"href":"https:\/\/www.guerini.it\/index.php\/wp-json\/wp\/v2\/product_brand?post=21895"},{"taxonomy":"product_cat","embeddable":true,"href":"https:\/\/www.guerini.it\/index.php\/wp-json\/wp\/v2\/product_cat?post=21895"},{"taxonomy":"product_tag","embeddable":true,"href":"https:\/\/www.guerini.it\/index.php\/wp-json\/wp\/v2\/product_tag?post=21895"}],"curies":[{"name":"wp","href":"https:\/\/api.w.org\/{rel}","templated":true}]}}

<p style="text-align: justify;">È ormai una realtà inconfutabile che la Quarta rivoluzione industriale stia rinnovando da tempo la vita delle persone e delle imprese. La rapidissima avanzata di sistemi digitali sempre più intelligenti e pervasivi ci spinge però a chiederci: come si evolveranno le professioni, le competenze e la formazione aziendale di fronte a questa trasformazione?<br />
Le tecnologie assorbiranno soprattutto le mansioni routinarie e ripetitive, lasciando ai lavoratori le attività più complesse. Ci stiamo evolvendo verso un modello organizzativo diverso, incentrato su logiche di lavoro impostate per progetti e orientate al risultato. Servirà dunque affinare nuove skill a livello sia individuale, sia manageriale. Trasformazione digitale significa infatti – e soprattutto – trasformazione delle persone e dei loro ruoli aziendali.<br />
In questo scenario la formazione diventerà un fattore sempre più determinante, tuttavia non potremo più accontentarci di quella tradizionale. Dovremo mettere a punto nuovi metodi che si svilupperanno attraverso sistemi non formali, flessibili e personalizzati. Una sfida non da poco, alla quale dobbiamo iniziare a prepararci già oggi.</p>
<p style="text-align: justify;"><strong>Angelo Pasquarella</strong> è Presidente di <a href="https://www.projectland.it/">Projectland</a>. Da molti anni opera nella formazione e nello sviluppo di progetti innovativi per il settore assicurativo. Per le nostre edizioni ha pubblicato <a href="https://www.guerini.it/index.php/prodotto/il-quinto-stato/"><em>Il quinto stato</em></a> (2011), <a href="https://www.guerini.it/index.php/prodotto/9788862504898-giovani-al-lavoro/"><em>Giovani al lavoro</em></a> (con G. Cazzola e A. Servidori, 2013), <a href="https://www.guerini.it/index.php/prodotto/la-formazione-concreta/"><em>La formazione concreta</em></a> (con S. Carbone, 2016) e <a href="https://www.guerini.it/index.php/prodotto/punto-hr-2020/"><em>Punto HR 2020!</em></a> (con S. Carbone, 2019).<br />
<strong>Laura Garozzo</strong> fa parte dell’Area Ricerca e Sviluppo di <a href="https://www.projectland.it/">Projectland</a>. Ha seguito numerosi progetti di ricerca in ambito formativo e svolge attività d’ideazione e coordinamento di piani formativi.</p>
<p>&nbsp;</p>

30 anni di libri, idee e libertà
