{"id":21897,"date":"2021-05-07T10:21:45","date_gmt":"2021-05-07T08:21:45","guid":{"rendered":"https:\/\/www.guerini.it\/?post_type=product&#038;p=21897"},"modified":"2024-06-09T20:25:03","modified_gmt":"2024-06-09T18:25:03","slug":"il-destino-di-unidea-e-il-futuro-della-sinistra","status":"publish","type":"product","link":"https:\/\/www.guerini.it\/index.php\/prodotto\/il-destino-di-unidea-e-il-futuro-della-sinistra\/","title":{"rendered":"Il destino di un&#8217;idea e il futuro della sinistra"},"content":{"rendered":"<p style=\"text-align: center;\">\u00abUn contributo che dai credenti pu\u00f2 venire alla sinistra \u00e8 quello della radicalit\u00e0. L\u2019urgenza delle sfide che sono di fronte a noi esige proposte forti, non scolorite\u00bb.<\/p>\n<p style=\"text-align: justify;\">Nel panorama politico del Novecento il Partito comunista italiano ha rappresentato una delle espressioni pi\u00f9 originali del\u00a0 movimento comunista internazionale e della famiglia socialista europea. Alla radice di questa originalit\u00e0 c\u2019\u00e8 anche l\u2019attenzione alla religione, presente gi\u00e0 nell\u2019opera di Gramsci. Gramsci, Togliatti e Berlinguer non erano credenti: incontrarono il cattolicesimo, che da noi ha carattere anche di popolo, approfondendo l\u2019analisi della societ\u00e0 italiana e le vie per il suo cambiamento.<br \/>\nDa questo \u00e8 derivata la condivisione di un impegno su questioni come il disarmo e la pace, ma anche un dialogo che ha approfondito l\u2019interpretazione del marxismo, una sua rilettura in rapporto alle fedi religiose e soprattutto la scelta di un pluralismo di culture, a fondamento della laicit\u00e0 del partito.<br \/>\n\u00abLe radici si selezionano, non si recidono, altrimenti, come una pianta, la sinistra rinsecchisce e muore\u00bb scrive Chiti. E proprio perci\u00f2 nasce questo libro: per condividere la storia del Pci, ma soprattutto per ritrovare nella radicalit\u00e0 \u2013 che non \u00e8 radicalismo, n\u00e9 estremismo \u2013 quella tensione etica che \u00e8 fondamento di ogni progetto di rinnovamento sociale e democratico.<\/p>\n<p style=\"text-align: justify;\"><strong>VANNINO CHITI<\/strong>, studioso del movimento cattolico, vanta una lunga esperienza politica e amministrativa. Gi\u00e0 senatore del Partito Democratico, \u00e8 stato sottosegretario alla Presidenza del Consiglio nel governo Amato, ministro per i rapporti con il Parlamento e le riforme istituzionali del governo Prodi, vicepresidente del Senato della Repubblica e Presidente della Regione Toscana. Attualmente \u00e8 membro della commissione accademica della Scuola di formazione per il dialogo interreligioso e interculturale di Firenze e collabora con la rivista Testimonianze. Autore di libri e saggi politici, per le nostre edizioni ha pubblicato <a href=\"https:\/\/www.guerini.it\/index.php\/prodotto\/buon-governo-un-mito\/\"><em>Buon governo. Un mito? Le Regioni rosse tra leggenda e realt\u00e0<\/em><\/a> (con Raffaella Della Bianca, 2015), <a href=\"https:\/\/www.guerini.it\/index.php\/prodotto\/la-democrazia-nel-futuro\/\"><em>La democrazia nel futuro<\/em><\/a> (2018) e <a href=\"https:\/\/www.guerini.it\/index.php\/prodotto\/le-religioni-le-sfide-del-futuro\/\"><em>Le religioni e le sfide del futuro<\/em><\/a> (2019), con il quale, nel 2020, ha vinto il <a href=\"https:\/\/www.associazioneamerigo.it\/attivita\/premio-letterario-delle-quattro-liberta\/\">premio Amerigo \u00abLe quattro libert\u00e0\u00bb per la libert\u00e0 di religione<\/a>.<\/p>\n<p>&nbsp;<\/p>\n<p>&nbsp;<\/p>\n","protected":false},"excerpt":{"rendered":"<p>&nbsp;<\/p>\n<p>&nbsp;<\/p>\n<p>&nbsp;<\/p>\n<p>&nbsp;<\/p>\n","protected":false},"featured_media":21898,"template":"","meta":{"_editorskit_title_hidden":false,"_editorskit_reading_time":0,"_editorskit_is_block_options_detached":false,"_editorskit_block_options_position":"{}","_monsterinsights_skip_tracking":false,"_monsterinsights_sitenote_active":false,"_monsterinsights_sitenote_note":"","_monsterinsights_sitenote_category":0},"product_brand":[],"product_cat":[6585],"product_tag":[7028,7026,7027,7024,7029,7025],"class_list":{"0":"post-21897","1":"product","2":"type-product","3":"status-publish","4":"has-post-thumbnail","6":"product_cat-sma","7":"product_tag-cattolicesimo","8":"product_tag-gramsci","9":"product_tag-partito-comunista-italiano","10":"product_tag-pci","11":"product_tag-rinnovamento-sociale","12":"product_tag-sinistra","14":"first","15":"instock","16":"sale","17":"shipping-taxable","18":"purchasable","19":"product-type-simple"},"yoast_head":"<!-- This site is optimized with the Yoast SEO plugin v25.4 - https:\/\/yoast.com\/wordpress\/plugins\/seo\/ -->\n<title>Il destino di un&#039;idea e il futuro della sinistra - Guerini e Associati<\/title>\n<meta name=\"robots\" content=\"index, follow, max-snippet:-1, max-image-preview:large, max-video-preview:-1\" \/>\n<link rel=\"canonical\" href=\"https:\/\/www.guerini.it\/index.php\/prodotto\/il-destino-di-unidea-e-il-futuro-della-sinistra\/\" \/>\n<meta property=\"og:locale\" content=\"it_IT\" \/>\n<meta property=\"og:type\" content=\"article\" \/>\n<meta property=\"og:title\" content=\"Il destino di un&#039;idea e il futuro della sinistra - Guerini e Associati\" \/>\n<meta property=\"og:description\" content=\"&nbsp;  &nbsp;  &nbsp;  &nbsp;\" \/>\n<meta property=\"og:url\" content=\"https:\/\/www.guerini.it\/index.php\/prodotto\/il-destino-di-unidea-e-il-futuro-della-sinistra\/\" \/>\n<meta property=\"og:site_name\" content=\"Guerini e Associati\" \/>\n<meta property=\"article:modified_time\" content=\"2024-06-09T18:25:03+00:00\" \/>\n<meta property=\"og:image\" content=\"https:\/\/www.guerini.it\/wp-content\/uploads\/2021\/05\/Front-Cover-DESTINO-DI-UNIDEA-Chiti-e1620374373819.jpg\" \/>\n\t<meta property=\"og:image:width\" content=\"233\" \/>\n\t<meta property=\"og:image:height\" content=\"350\" \/>\n\t<meta property=\"og:image:type\" content=\"image\/jpeg\" \/>\n<meta name=\"twitter:card\" content=\"summary_large_image\" \/>\n<meta name=\"twitter:label1\" content=\"Tempo di lettura stimato\" \/>\n\t<meta name=\"twitter:data1\" content=\"3 minuti\" \/>\n<!-- \/ Yoast SEO plugin. -->","yoast_head_json":{"title":"Il destino di un'idea e il futuro della sinistra - Guerini e Associati","robots":{"index":"index","follow":"follow","max-snippet":"max-snippet:-1","max-image-preview":"max-image-preview:large","max-video-preview":"max-video-preview:-1"},"canonical":"https:\/\/www.guerini.it\/index.php\/prodotto\/il-destino-di-unidea-e-il-futuro-della-sinistra\/","og_locale":"it_IT","og_type":"article","og_title":"Il destino di un'idea e il futuro della sinistra - Guerini e Associati","og_description":"&nbsp;  &nbsp;  &nbsp;  &nbsp;","og_url":"https:\/\/www.guerini.it\/index.php\/prodotto\/il-destino-di-unidea-e-il-futuro-della-sinistra\/","og_site_name":"Guerini e Associati","article_modified_time":"2024-06-09T18:25:03+00:00","og_image":[{"width":233,"height":350,"url":"https:\/\/www.guerini.it\/wp-content\/uploads\/2021\/05\/Front-Cover-DESTINO-DI-UNIDEA-Chiti-e1620374373819.jpg","type":"image\/jpeg"}],"twitter_card":"summary_large_image","twitter_misc":{"Tempo di lettura stimato":"3 minuti"},"schema":{"@context":"https:\/\/schema.org","@graph":[{"@type":"WebPage","@id":"https:\/\/www.guerini.it\/index.php\/prodotto\/il-destino-di-unidea-e-il-futuro-della-sinistra\/","url":"https:\/\/www.guerini.it\/index.php\/prodotto\/il-destino-di-unidea-e-il-futuro-della-sinistra\/","name":"Il destino di un'idea e il futuro della sinistra - Guerini e Associati","isPartOf":{"@id":"https:\/\/www.guerini.it\/#website"},"primaryImageOfPage":{"@id":"https:\/\/www.guerini.it\/index.php\/prodotto\/il-destino-di-unidea-e-il-futuro-della-sinistra\/#primaryimage"},"image":{"@id":"https:\/\/www.guerini.it\/index.php\/prodotto\/il-destino-di-unidea-e-il-futuro-della-sinistra\/#primaryimage"},"thumbnailUrl":"https:\/\/www.guerini.it\/wp-content\/uploads\/2021\/05\/Front-Cover-DESTINO-DI-UNIDEA-Chiti-e1620374373819.jpg","datePublished":"2021-05-07T08:21:45+00:00","dateModified":"2024-06-09T18:25:03+00:00","breadcrumb":{"@id":"https:\/\/www.guerini.it\/index.php\/prodotto\/il-destino-di-unidea-e-il-futuro-della-sinistra\/#breadcrumb"},"inLanguage":"it-IT","potentialAction":[{"@type":"ReadAction","target":["https:\/\/www.guerini.it\/index.php\/prodotto\/il-destino-di-unidea-e-il-futuro-della-sinistra\/"]}]},{"@type":"ImageObject","inLanguage":"it-IT","@id":"https:\/\/www.guerini.it\/index.php\/prodotto\/il-destino-di-unidea-e-il-futuro-della-sinistra\/#primaryimage","url":"https:\/\/www.guerini.it\/wp-content\/uploads\/2021\/05\/Front-Cover-DESTINO-DI-UNIDEA-Chiti-e1620374373819.jpg","contentUrl":"https:\/\/www.guerini.it\/wp-content\/uploads\/2021\/05\/Front-Cover-DESTINO-DI-UNIDEA-Chiti-e1620374373819.jpg","width":233,"height":350,"caption":"Il destino di un'idea e il futuro della sinistra"},{"@type":"BreadcrumbList","@id":"https:\/\/www.guerini.it\/index.php\/prodotto\/il-destino-di-unidea-e-il-futuro-della-sinistra\/#breadcrumb","itemListElement":[{"@type":"ListItem","position":1,"name":"Home","item":"https:\/\/www.guerini.it\/"},{"@type":"ListItem","position":2,"name":"Catalogo","item":"https:\/\/www.guerini.it\/index.php\/negozio\/"},{"@type":"ListItem","position":3,"name":"Il destino di un&#8217;idea e il futuro della sinistra"}]},{"@type":"WebSite","@id":"https:\/\/www.guerini.it\/#website","url":"https:\/\/www.guerini.it\/","name":"Guerini e Associati","description":"30 anni di libri, idee e libert\u00e0","publisher":{"@id":"https:\/\/www.guerini.it\/#organization"},"potentialAction":[{"@type":"SearchAction","target":{"@type":"EntryPoint","urlTemplate":"https:\/\/www.guerini.it\/?s={search_term_string}"},"query-input":{"@type":"PropertyValueSpecification","valueRequired":true,"valueName":"search_term_string"}}],"inLanguage":"it-IT"},{"@type":"Organization","@id":"https:\/\/www.guerini.it\/#organization","name":"Guerini e Associati","url":"https:\/\/www.guerini.it\/","logo":{"@type":"ImageObject","inLanguage":"it-IT","@id":"https:\/\/www.guerini.it\/#\/schema\/logo\/image\/","url":"https:\/\/www.guerini.it\/wp-content\/uploads\/2021\/03\/Logo-Guerini-OK_-e1615831292285.png","contentUrl":"https:\/\/www.guerini.it\/wp-content\/uploads\/2021\/03\/Logo-Guerini-OK_-e1615831292285.png","width":2805,"height":1870,"caption":"Guerini e Associati"},"image":{"@id":"https:\/\/www.guerini.it\/#\/schema\/logo\/image\/"}}]}},"_links":{"self":[{"href":"https:\/\/www.guerini.it\/index.php\/wp-json\/wp\/v2\/product\/21897","targetHints":{"allow":["GET"]}}],"collection":[{"href":"https:\/\/www.guerini.it\/index.php\/wp-json\/wp\/v2\/product"}],"about":[{"href":"https:\/\/www.guerini.it\/index.php\/wp-json\/wp\/v2\/types\/product"}],"wp:featuredmedia":[{"embeddable":true,"href":"https:\/\/www.guerini.it\/index.php\/wp-json\/wp\/v2\/media\/21898"}],"wp:attachment":[{"href":"https:\/\/www.guerini.it\/index.php\/wp-json\/wp\/v2\/media?parent=21897"}],"wp:term":[{"taxonomy":"product_brand","embeddable":true,"href":"https:\/\/www.guerini.it\/index.php\/wp-json\/wp\/v2\/product_brand?post=21897"},{"taxonomy":"product_cat","embeddable":true,"href":"https:\/\/www.guerini.it\/index.php\/wp-json\/wp\/v2\/product_cat?post=21897"},{"taxonomy":"product_tag","embeddable":true,"href":"https:\/\/www.guerini.it\/index.php\/wp-json\/wp\/v2\/product_tag?post=21897"}],"curies":[{"name":"wp","href":"https:\/\/api.w.org\/{rel}","templated":true}]}}

<p style="text-align: center;">«Un contributo che dai credenti può venire alla sinistra è quello della radicalità. L’urgenza delle sfide che sono di fronte a noi esige proposte forti, non scolorite».</p>
<p style="text-align: justify;">Nel panorama politico del Novecento il Partito comunista italiano ha rappresentato una delle espressioni più originali del  movimento comunista internazionale e della famiglia socialista europea. Alla radice di questa originalità c’è anche l’attenzione alla religione, presente già nell’opera di Gramsci. Gramsci, Togliatti e Berlinguer non erano credenti: incontrarono il cattolicesimo, che da noi ha carattere anche di popolo, approfondendo l’analisi della società italiana e le vie per il suo cambiamento.<br />
Da questo è derivata la condivisione di un impegno su questioni come il disarmo e la pace, ma anche un dialogo che ha approfondito l’interpretazione del marxismo, una sua rilettura in rapporto alle fedi religiose e soprattutto la scelta di un pluralismo di culture, a fondamento della laicità del partito.<br />
«Le radici si selezionano, non si recidono, altrimenti, come una pianta, la sinistra rinsecchisce e muore» scrive Chiti. E proprio perciò nasce questo libro: per condividere la storia del Pci, ma soprattutto per ritrovare nella radicalità – che non è radicalismo, né estremismo – quella tensione etica che è fondamento di ogni progetto di rinnovamento sociale e democratico.</p>
<p style="text-align: justify;"><strong>VANNINO CHITI</strong>, studioso del movimento cattolico, vanta una lunga esperienza politica e amministrativa. Già senatore del Partito Democratico, è stato sottosegretario alla Presidenza del Consiglio nel governo Amato, ministro per i rapporti con il Parlamento e le riforme istituzionali del governo Prodi, vicepresidente del Senato della Repubblica e Presidente della Regione Toscana. Attualmente è membro della commissione accademica della Scuola di formazione per il dialogo interreligioso e interculturale di Firenze e collabora con la rivista Testimonianze. Autore di libri e saggi politici, per le nostre edizioni ha pubblicato <a href="https://www.guerini.it/index.php/prodotto/buon-governo-un-mito/"><em>Buon governo. Un mito? Le Regioni rosse tra leggenda e realtà</em></a> (con Raffaella Della Bianca, 2015), <a href="https://www.guerini.it/index.php/prodotto/la-democrazia-nel-futuro/"><em>La democrazia nel futuro</em></a> (2018) e <a href="https://www.guerini.it/index.php/prodotto/le-religioni-le-sfide-del-futuro/"><em>Le religioni e le sfide del futuro</em></a> (2019), con il quale, nel 2020, ha vinto il <a href="https://www.associazioneamerigo.it/attivita/premio-letterario-delle-quattro-liberta/">premio Amerigo «Le quattro libertà» per la libertà di religione</a>.</p>
<p>&nbsp;</p>
<p>&nbsp;</p>

30 anni di libri, idee e libertà
