{"id":21959,"date":"2021-05-29T14:38:40","date_gmt":"2021-05-29T12:38:40","guid":{"rendered":"https:\/\/www.guerini.it\/?post_type=product&#038;p=21959"},"modified":"2024-06-09T20:25:04","modified_gmt":"2024-06-09T18:25:04","slug":"la-cultura-del-rispetto","status":"publish","type":"product","link":"https:\/\/www.guerini.it\/index.php\/prodotto\/la-cultura-del-rispetto\/","title":{"rendered":"La cultura del rispetto"},"content":{"rendered":"<p style=\"text-align: justify;\">Capita spesso che gli obiettivi aziendali non vengano raggiunti perch\u00e9 i collaboratori faticano a relazionarsi fra loro, a riflettere insieme e a confrontarsi in quanto persone. Nei momenti di pressione, poi, possono anche nascere antipatie e insofferenze, e qualcuno viene escluso per ragioni che esulano dalle competenze: genere, anzianit\u00e0, disabilit\u00e0, cultura, orientamento sessuale.<br \/>\nApprendere il rispetto diventa quindi non un imperativo morale, ma un percorso di azione: capire le ragioni per cui nascono situazioni \u00abirrispettose\u00bb che ostacolano la convivenza e il lavoro comune corrisponde a una scelta strategica in grado non semplicemente di risanare il clima organizzativo, bens\u00ec di convertirlo in un risultato anche economico.<br \/>\nCon un linguaggio semplice e ricco di esempi, oltre alla presentazione di un caso aziendale di successo, gli autori propongono un nuovo progetto di Diversity e Inclusion. Una filosofia del rispetto che, pur tenendo presenti gli aspetti specifici di ogni gruppo di \u00abesclusi\u00bb, \u00e8 imperniata su ci\u00f2 che accomuna gli individui \u2013 il desiderio di essere ascoltati, compresi e considerati in modo equo.<\/p>\n<p style=\"text-align: justify;\"><strong>MARIA CRISTINA BOMBELLI<\/strong> \u00e8 fondatrice della societ\u00e0 di consulenza Wise Growth specializzata nella gestione delle diversit\u00e0. Ha insegnato all\u2019Universit\u00e0 Bicocca di Milano e alla Bocconi School of Management per diversi anni. Autrice di numerosi saggi, per le nostre edizioni ha pubblicato, tra gli altri, <a href=\"https:\/\/www.guerini.it\/index.php\/prodotto\/over-45\/\"><em>Over 45. Quanto conta l\u2019et\u00e0 nel mondo del lavoro<\/em><\/a> (2006), <a href=\"https:\/\/www.guerini.it\/index.php\/prodotto\/cina-sotto-il-cielo-una-famiglia\/\"><em>Cina. Sotto il cielo una famiglia<\/em> <\/a>(2007), <a href=\"https:\/\/www.guerini.it\/index.php\/prodotto\/alice-in-business-land\/\"><em>Alice in business land<\/em><\/a> (2009) e <a href=\"https:\/\/www.guerini.it\/index.php\/prodotto\/9788862504812-manager-nell-impero-di-mezzo\/\"><em>Un manager nell\u2019impero di mezzo<\/em><\/a> (2013).<\/p>\n<p style=\"text-align: justify;\"><strong>EMANUELE SERRELLI<\/strong> insegna pedagogia all\u2019Universit\u00e0 Cattolica del Sacro Cuore, dove collabora anche con la UNESCO Chair on Education for Human Development and Solidarity among Peoples, con il CESVOPAS Centro Studi sul Volontariato e la Partecipazione Sociale, e con i corsi di laurea in Scienze dell&#8217;educazione e della formazione e in Media Education. Con alle spalle diverse esperienze di ricerca all\u2019estero, \u00e8 autore e curatore di numerose pubblicazioni nazionali e internazionali tra cui <em>Understanding Cultural Traits: A Multidisciplinary Perspective on Cultural Diversity<\/em> (con F. Panebianco, 2016).<\/p>\n<p>&nbsp;<\/p>\n","protected":false},"excerpt":{"rendered":"<p>&nbsp;<\/p>\n<p>&nbsp;<\/p>\n<p>&nbsp;<\/p>\n","protected":false},"featured_media":21962,"template":"","meta":{"_editorskit_title_hidden":false,"_editorskit_reading_time":0,"_editorskit_is_block_options_detached":false,"_editorskit_block_options_position":"{}","_monsterinsights_skip_tracking":false,"_monsterinsights_sitenote_active":false,"_monsterinsights_sitenote_note":"","_monsterinsights_sitenote_category":0},"product_brand":[],"product_cat":[6805,6529],"product_tag":[7068,7070,7071,7067,7069],"class_list":{"0":"post-21959","1":"product","2":"type-product","3":"status-publish","4":"has-post-thumbnail","6":"product_cat-guerini-next","7":"product_cat-economia-e-management","8":"product_tag-diversita","9":"product_tag-diversity-e-inclusion","10":"product_tag-gestione-delle-diversita","11":"product_tag-inclusione","12":"product_tag-rispetto","13":"pa_guerini_amazon_link-https-www-amazon-it-cultura-del-rispetto-oltre-linclusione-dp-8868963965","14":"pa_guerini_ibs_link-https-tidd-ly-3iwbhyh","15":"pa_guerini_libruniver_link-https-www-libreriauniversitaria-it-cultura-rispetto-oltre-inclusione-bombelli-libro-9788868963965","16":"pa_guerini_link_amazon-https-www-amazon-it-dp-b097nv7v6s","17":"pa_guerini_link_apple_ibook-https-books-apple-com-it-book-la-cultura-del-rispetto-oltre-linclusione-id1573231648","18":"pa_guerini_link_bookrepublic-https-www-bookrepublic-it-ebook-9788868964146-la-cultura-del-rispetto-oltre-linclusione-goware-guerini-next","19":"pa_guerini_link_google_play-https-play-google-com-store-books-details-maria_cristina_bombelli_la_cultura_del_rispetto_olidqsc0eaaaqbaj","20":"pa_guerini_link_ibs-https-tidd-ly-35tf0ig","21":"pa_guerini_link_kobo-https-www-kobo-com-it-it-ebook-la-cultura-del-rispetto-oltre-l-inclusione","22":"pa_guerini_link_lafeltrinelli-https-tidd-ly-3wwjuvt","23":"pa_guerini_link_mondadori-https-www-mondadoristore-it-cultura-rispetto-oltre-emanuele-serrelli-maria-cristina-bombelli-eai978886896414","24":"pa_guerini_mondadori_link-https-www-mondadoristore-it-cultura-rispetto-oltre-emanuele-serrelli-maria-cristina-bombelli-eai978886896396","26":"first","27":"instock","28":"sale","29":"shipping-taxable","30":"purchasable","31":"product-type-simple"},"yoast_head":"<!-- This site is optimized with the Yoast SEO plugin v25.4 - https:\/\/yoast.com\/wordpress\/plugins\/seo\/ -->\n<title>La cultura del rispetto - Guerini e Associati<\/title>\n<meta name=\"robots\" content=\"index, follow, max-snippet:-1, max-image-preview:large, max-video-preview:-1\" \/>\n<link rel=\"canonical\" href=\"https:\/\/www.guerini.it\/index.php\/prodotto\/la-cultura-del-rispetto\/\" \/>\n<meta property=\"og:locale\" content=\"it_IT\" \/>\n<meta property=\"og:type\" content=\"article\" \/>\n<meta property=\"og:title\" content=\"La cultura del rispetto - Guerini e Associati\" \/>\n<meta property=\"og:description\" content=\"&nbsp;  &nbsp;  &nbsp;\" \/>\n<meta property=\"og:url\" content=\"https:\/\/www.guerini.it\/index.php\/prodotto\/la-cultura-del-rispetto\/\" \/>\n<meta property=\"og:site_name\" content=\"Guerini e Associati\" \/>\n<meta property=\"article:modified_time\" content=\"2024-06-09T18:25:04+00:00\" \/>\n<meta property=\"og:image\" content=\"https:\/\/www.guerini.it\/wp-content\/uploads\/2021\/05\/bombelli-serelli_RISPETTO_cover_DEF_OK-copia-scaled-e1622291710141.jpg\" \/>\n\t<meta property=\"og:image:width\" content=\"225\" \/>\n\t<meta property=\"og:image:height\" content=\"350\" \/>\n\t<meta property=\"og:image:type\" content=\"image\/jpeg\" \/>\n<meta name=\"twitter:card\" content=\"summary_large_image\" \/>\n<meta name=\"twitter:label1\" content=\"Tempo di lettura stimato\" \/>\n\t<meta name=\"twitter:data1\" content=\"2 minuti\" \/>\n<!-- \/ Yoast SEO plugin. -->","yoast_head_json":{"title":"La cultura del rispetto - Guerini e Associati","robots":{"index":"index","follow":"follow","max-snippet":"max-snippet:-1","max-image-preview":"max-image-preview:large","max-video-preview":"max-video-preview:-1"},"canonical":"https:\/\/www.guerini.it\/index.php\/prodotto\/la-cultura-del-rispetto\/","og_locale":"it_IT","og_type":"article","og_title":"La cultura del rispetto - Guerini e Associati","og_description":"&nbsp;  &nbsp;  &nbsp;","og_url":"https:\/\/www.guerini.it\/index.php\/prodotto\/la-cultura-del-rispetto\/","og_site_name":"Guerini e Associati","article_modified_time":"2024-06-09T18:25:04+00:00","og_image":[{"width":225,"height":350,"url":"https:\/\/www.guerini.it\/wp-content\/uploads\/2021\/05\/bombelli-serelli_RISPETTO_cover_DEF_OK-copia-scaled-e1622291710141.jpg","type":"image\/jpeg"}],"twitter_card":"summary_large_image","twitter_misc":{"Tempo di lettura stimato":"2 minuti"},"schema":{"@context":"https:\/\/schema.org","@graph":[{"@type":"WebPage","@id":"https:\/\/www.guerini.it\/index.php\/prodotto\/la-cultura-del-rispetto\/","url":"https:\/\/www.guerini.it\/index.php\/prodotto\/la-cultura-del-rispetto\/","name":"La cultura del rispetto - Guerini e Associati","isPartOf":{"@id":"https:\/\/www.guerini.it\/#website"},"primaryImageOfPage":{"@id":"https:\/\/www.guerini.it\/index.php\/prodotto\/la-cultura-del-rispetto\/#primaryimage"},"image":{"@id":"https:\/\/www.guerini.it\/index.php\/prodotto\/la-cultura-del-rispetto\/#primaryimage"},"thumbnailUrl":"https:\/\/www.guerini.it\/wp-content\/uploads\/2021\/05\/bombelli-serelli_RISPETTO_cover_DEF_OK-copia-scaled-e1622291710141.jpg","datePublished":"2021-05-29T12:38:40+00:00","dateModified":"2024-06-09T18:25:04+00:00","breadcrumb":{"@id":"https:\/\/www.guerini.it\/index.php\/prodotto\/la-cultura-del-rispetto\/#breadcrumb"},"inLanguage":"it-IT","potentialAction":[{"@type":"ReadAction","target":["https:\/\/www.guerini.it\/index.php\/prodotto\/la-cultura-del-rispetto\/"]}]},{"@type":"ImageObject","inLanguage":"it-IT","@id":"https:\/\/www.guerini.it\/index.php\/prodotto\/la-cultura-del-rispetto\/#primaryimage","url":"https:\/\/www.guerini.it\/wp-content\/uploads\/2021\/05\/bombelli-serelli_RISPETTO_cover_DEF_OK-copia-scaled-e1622291710141.jpg","contentUrl":"https:\/\/www.guerini.it\/wp-content\/uploads\/2021\/05\/bombelli-serelli_RISPETTO_cover_DEF_OK-copia-scaled-e1622291710141.jpg","width":225,"height":350,"caption":"Copertine del libro La cultura del rispetto"},{"@type":"BreadcrumbList","@id":"https:\/\/www.guerini.it\/index.php\/prodotto\/la-cultura-del-rispetto\/#breadcrumb","itemListElement":[{"@type":"ListItem","position":1,"name":"Home","item":"https:\/\/www.guerini.it\/"},{"@type":"ListItem","position":2,"name":"Catalogo","item":"https:\/\/www.guerini.it\/index.php\/negozio\/"},{"@type":"ListItem","position":3,"name":"La cultura del rispetto"}]},{"@type":"WebSite","@id":"https:\/\/www.guerini.it\/#website","url":"https:\/\/www.guerini.it\/","name":"Guerini e Associati","description":"30 anni di libri, idee e libert\u00e0","publisher":{"@id":"https:\/\/www.guerini.it\/#organization"},"potentialAction":[{"@type":"SearchAction","target":{"@type":"EntryPoint","urlTemplate":"https:\/\/www.guerini.it\/?s={search_term_string}"},"query-input":{"@type":"PropertyValueSpecification","valueRequired":true,"valueName":"search_term_string"}}],"inLanguage":"it-IT"},{"@type":"Organization","@id":"https:\/\/www.guerini.it\/#organization","name":"Guerini e Associati","url":"https:\/\/www.guerini.it\/","logo":{"@type":"ImageObject","inLanguage":"it-IT","@id":"https:\/\/www.guerini.it\/#\/schema\/logo\/image\/","url":"https:\/\/www.guerini.it\/wp-content\/uploads\/2021\/03\/Logo-Guerini-OK_-e1615831292285.png","contentUrl":"https:\/\/www.guerini.it\/wp-content\/uploads\/2021\/03\/Logo-Guerini-OK_-e1615831292285.png","width":2805,"height":1870,"caption":"Guerini e Associati"},"image":{"@id":"https:\/\/www.guerini.it\/#\/schema\/logo\/image\/"}}]}},"_links":{"self":[{"href":"https:\/\/www.guerini.it\/index.php\/wp-json\/wp\/v2\/product\/21959","targetHints":{"allow":["GET"]}}],"collection":[{"href":"https:\/\/www.guerini.it\/index.php\/wp-json\/wp\/v2\/product"}],"about":[{"href":"https:\/\/www.guerini.it\/index.php\/wp-json\/wp\/v2\/types\/product"}],"wp:featuredmedia":[{"embeddable":true,"href":"https:\/\/www.guerini.it\/index.php\/wp-json\/wp\/v2\/media\/21962"}],"wp:attachment":[{"href":"https:\/\/www.guerini.it\/index.php\/wp-json\/wp\/v2\/media?parent=21959"}],"wp:term":[{"taxonomy":"product_brand","embeddable":true,"href":"https:\/\/www.guerini.it\/index.php\/wp-json\/wp\/v2\/product_brand?post=21959"},{"taxonomy":"product_cat","embeddable":true,"href":"https:\/\/www.guerini.it\/index.php\/wp-json\/wp\/v2\/product_cat?post=21959"},{"taxonomy":"product_tag","embeddable":true,"href":"https:\/\/www.guerini.it\/index.php\/wp-json\/wp\/v2\/product_tag?post=21959"}],"curies":[{"name":"wp","href":"https:\/\/api.w.org\/{rel}","templated":true}]}}

<p style="text-align: justify;">Capita spesso che gli obiettivi aziendali non vengano raggiunti perché i collaboratori faticano a relazionarsi fra loro, a riflettere insieme e a confrontarsi in quanto persone. Nei momenti di pressione, poi, possono anche nascere antipatie e insofferenze, e qualcuno viene escluso per ragioni che esulano dalle competenze: genere, anzianità, disabilità, cultura, orientamento sessuale.<br />
Apprendere il rispetto diventa quindi non un imperativo morale, ma un percorso di azione: capire le ragioni per cui nascono situazioni «irrispettose» che ostacolano la convivenza e il lavoro comune corrisponde a una scelta strategica in grado non semplicemente di risanare il clima organizzativo, bensì di convertirlo in un risultato anche economico.<br />
Con un linguaggio semplice e ricco di esempi, oltre alla presentazione di un caso aziendale di successo, gli autori propongono un nuovo progetto di Diversity e Inclusion. Una filosofia del rispetto che, pur tenendo presenti gli aspetti specifici di ogni gruppo di «esclusi», è imperniata su ciò che accomuna gli individui – il desiderio di essere ascoltati, compresi e considerati in modo equo.</p>
<p style="text-align: justify;"><strong>MARIA CRISTINA BOMBELLI</strong> è fondatrice della società di consulenza Wise Growth specializzata nella gestione delle diversità. Ha insegnato all’Università Bicocca di Milano e alla Bocconi School of Management per diversi anni. Autrice di numerosi saggi, per le nostre edizioni ha pubblicato, tra gli altri, <a href="https://www.guerini.it/index.php/prodotto/over-45/"><em>Over 45. Quanto conta l’età nel mondo del lavoro</em></a> (2006), <a href="https://www.guerini.it/index.php/prodotto/cina-sotto-il-cielo-una-famiglia/"><em>Cina. Sotto il cielo una famiglia</em> </a>(2007), <a href="https://www.guerini.it/index.php/prodotto/alice-in-business-land/"><em>Alice in business land</em></a> (2009) e <a href="https://www.guerini.it/index.php/prodotto/9788862504812-manager-nell-impero-di-mezzo/"><em>Un manager nell’impero di mezzo</em></a> (2013).</p>
<p style="text-align: justify;"><strong>EMANUELE SERRELLI</strong> insegna pedagogia all’Università Cattolica del Sacro Cuore, dove collabora anche con la UNESCO Chair on Education for Human Development and Solidarity among Peoples, con il CESVOPAS Centro Studi sul Volontariato e la Partecipazione Sociale, e con i corsi di laurea in Scienze dell&#8217;educazione e della formazione e in Media Education. Con alle spalle diverse esperienze di ricerca all’estero, è autore e curatore di numerose pubblicazioni nazionali e internazionali tra cui <em>Understanding Cultural Traits: A Multidisciplinary Perspective on Cultural Diversity</em> (con F. Panebianco, 2016).</p>
<p>&nbsp;</p>

30 anni di libri, idee e libertà
