{"id":22015,"date":"2021-06-23T16:42:29","date_gmt":"2021-06-23T14:42:29","guid":{"rendered":"https:\/\/www.guerini.it\/?post_type=product&#038;p=22015"},"modified":"2026-01-22T11:04:38","modified_gmt":"2026-01-22T10:04:38","slug":"la-gestione-delle-risorse-umane","status":"publish","type":"product","link":"https:\/\/www.guerini.it\/index.php\/prodotto\/la-gestione-delle-risorse-umane\/","title":{"rendered":"La gestione delle risorse umane"},"content":{"rendered":"<p style=\"text-align: justify;\">La crisi pandemica ha evidenziato che la \u00absalute\u00bb \u00e8 s\u00ec un bene pubblico ad altissimo valore intrinseco, che tuttavia pu\u00f2 influenzare il valore sociale in senso molto pi\u00f9 ampio. Di conseguenza, le strategie e le scelte operative che riguarderanno il Sistema Sanitario Nazionale rappresentano un volano per l\u2019evoluzione futura del nostro Paese.<\/p>\n<p style=\"text-align: justify;\">\u00c8 in questo contesto che la formazione diventa un momento essenziale per la pianificazione organizzativa, e in particolare la formazione manageriale di medici, infermieri e personale della salute: essa, infatti, non \u00e8 solo l\u2019ambito di trasmissione di competenze gestionali, ma rappresenta la dimensione privilegiata in cui il sistema sanitario si conosce e si costruisce.<\/p>\n<p style=\"text-align: justify;\">Nato in occasione dei corsi erogati da PoliS-Lombardia attraverso l\u2019Accademia di formazione per il servizio socio-sanitario lombardo, questo manuale coniuga le conoscenze teoriche dei docenti con l\u2019esperienza pratica dei partecipanti. Partendo dal quadro di riferimento legislativo e contrattuale che regola la gestione delle risorse umane, pone attenzione in particolare sulla progettazione di modelli organizzativi innovativi, sull\u2019ottimizzazione dei processi di comunicazione interna e di leadership, sui risultati ottenuti con la valutazione delle performance e i sistemi premianti. Un percorso completo e sistematico per sensibilizzare i manager sanitari sul tema cruciale della valorizzazione delle persone e, allo stesso tempo, un laboratorio, un riferimento per un confronto dinamico e in costante evoluzione tra medici, infermieri e tutti i professionisti della salute.<\/p>\n<p style=\"text-align: justify;\"><strong>Alessandro Colombo<\/strong> \u00e8 direttore dell\u2019Accademia di formazione per il servizio sociosanitario della Lombardia di PoliS-Lombardia. Ha una laurea in Filosofia all\u2019Universit\u00e0 Cattolica del Sacro Cuore, un PhD in Storia economica a Verona, un MPhil in European studies a Cambridge, un MSc in Policy research a Bristol e un Certificato di Formazione manageriale in sanit\u00e0 alla Scuola Superiore Sant\u2019Anna di Pisa. Avendo dedicato la sua esperienza formativa e professionale alla ricerca e al servizio alle istituzioni pubbliche, oggi insegna Politiche pubbliche all\u2019Universit\u00e0 Cattolica del Sacro Cuore di Milano. \u00c8 stato, inoltre, direttore scientifico di \u00c9upolis Lombardia, visiting scholar al Sydney Sussex College, University of Cambridge UK, reviewer di riviste internazionali membro dell\u2019Editorial Board del Journal of Comparative Policy Analysis e dell\u2019esecutivo dell\u2019Associazione mondiale di politiche pubbliche.<\/p>\n<p style=\"text-align: justify;\"><strong>Marta Marsilio<\/strong> \u00e8 professore associato di Economia Aziendale presso il Dipartimento di Economia, Management e Metodi Quantitativi (DEMM) e membro del Comitato di Indirizzo di HEAD (Centro di Ricerca e Alta Formazione in Health Administration) dell\u2019Universit\u00e0 degli Studi di Milano. \u00c8 responsabile del corso di Economia Aziendale e Accounting (laurea triennale in Economia e Management) e del corso di Management delle aziende sanitarie (laurea triennale in Management Pubblico e della Sanit\u00e0). Le sue principali attivit\u00e0 di ricerca riguardano: operations management nei servizi sanitari; valutazione delle performance dell\u2019innovazione nella supply chain in sanit\u00e0; partnership pubblico-private; valutazione degli impatti dell\u2019innovazione tecnologica nel settore pubblico e sanitario. \u00c8 editorial administrator della rivista Health Services Management Research, membro del comitato editoriale di Mecosan, Consigliere di Apaform, research fellow del Karolinska Institute.<\/p>\n<p><strong>Permalik: <\/strong><a href=\"http:\/\/digital.casalini.it\/9788862508162\">http:\/\/digital.casalini.it\/9788862508162<\/a><\/p>\n","protected":false},"excerpt":{"rendered":"<p>&nbsp;<\/p>\n<p>&nbsp;<\/p>\n","protected":false},"featured_media":22016,"template":"","meta":{"_editorskit_title_hidden":false,"_editorskit_reading_time":0,"_editorskit_is_block_options_detached":false,"_editorskit_block_options_position":"{}","_monsterinsights_skip_tracking":false,"_monsterinsights_sitenote_active":false,"_monsterinsights_sitenote_note":"","_monsterinsights_sitenote_category":0},"product_brand":[],"product_cat":[6938,6534],"product_tag":[7349,7350,6803,7351,6802,7337],"class_list":{"0":"post-22015","1":"product","2":"type-product","3":"status-publish","4":"has-post-thumbnail","6":"product_cat-serie-polis-lombardia","7":"product_cat-medicina-e-ambiente","8":"product_tag-elio-borgonovi","9":"product_tag-health-services","10":"product_tag-management","11":"product_tag-polis-lombardia","12":"product_tag-risorse-umane","13":"product_tag-sanita","14":"pa_guerini_amazon_link-https-www-amazon-it-gestione-risorse-umane-formazione-manageriale-dp-8862508166","15":"pa_guerini_feltrinelli_link-https-www-lafeltrinelli-it-libri-gestione-risorse-umane-formazione-manageriale-9788862508162","16":"pa_guerini_ibs_link-https-www-ibs-it-gestione-delle-risorse-umane-formazione-libro-vari-e-9788862508162","17":"pa_guerini_link_amazon-https-www-amazon-it-gestione-risorse-umane-formazione-manageriale-ebook-dp-b09932qvbs-reftmm_kin_swatch_0_encodingutf8qid1626021831sr8-1","18":"pa_guerini_link_apple_ibook-https-books-apple-com-it-book-la-gestione-delle-risorse-umane-formazione-manageriale-id1575910278","19":"pa_guerini_link_giunti_punto-https-www-giuntialpunto-it-product-b09932qvbs-libri-la-gestione-delle-risorse-umane-formazione-manageriale-sanit-alessandro","20":"pa_guerini_link_google_play-https-play-google-com-store-books-details-alessandro_colombo_la_gestione_delle_risorse_umaneids5g3eaaaqbaj","21":"pa_guerini_link_kobo-https-www-kobo-com-it-it-ebook-la-gestione-delle-risorse-umane-formazione-manageriale-in-sanita","22":"pa_guerini_link_lafeltrinelli-https-tidd-ly-3yszh3j","23":"pa_guerini_link_mondadori-https-www-mondadoristore-it-gestione-risorse-umane-alessandro-colombo-marta-marsilio-eai978888195442","25":"first","26":"instock","27":"sale","28":"shipping-taxable","29":"purchasable","30":"product-type-simple"},"yoast_head":"<!-- This site is optimized with the Yoast SEO plugin v25.4 - https:\/\/yoast.com\/wordpress\/plugins\/seo\/ -->\n<title>La gestione delle risorse umane - Guerini e Associati<\/title>\n<meta name=\"robots\" content=\"index, follow, max-snippet:-1, max-image-preview:large, max-video-preview:-1\" \/>\n<link rel=\"canonical\" href=\"https:\/\/www.guerini.it\/index.php\/prodotto\/la-gestione-delle-risorse-umane\/\" \/>\n<meta property=\"og:locale\" content=\"it_IT\" \/>\n<meta property=\"og:type\" content=\"article\" \/>\n<meta property=\"og:title\" content=\"La gestione delle risorse umane - Guerini e Associati\" \/>\n<meta property=\"og:description\" content=\"&nbsp;  &nbsp;\" \/>\n<meta property=\"og:url\" content=\"https:\/\/www.guerini.it\/index.php\/prodotto\/la-gestione-delle-risorse-umane\/\" \/>\n<meta property=\"og:site_name\" content=\"Guerini e Associati\" \/>\n<meta property=\"article:modified_time\" content=\"2026-01-22T10:04:38+00:00\" \/>\n<meta property=\"og:image\" content=\"https:\/\/www.guerini.it\/wp-content\/uploads\/2021\/06\/Front-Cover-RISORSE-UMANE-PoliS-scaled-e1624374048576.jpg\" \/>\n\t<meta property=\"og:image:width\" content=\"248\" \/>\n\t<meta property=\"og:image:height\" content=\"350\" \/>\n\t<meta property=\"og:image:type\" content=\"image\/jpeg\" \/>\n<meta name=\"twitter:card\" content=\"summary_large_image\" \/>\n<meta name=\"twitter:label1\" content=\"Tempo di lettura stimato\" \/>\n\t<meta name=\"twitter:data1\" content=\"3 minuti\" \/>\n<!-- \/ Yoast SEO plugin. -->","yoast_head_json":{"title":"La gestione delle risorse umane - Guerini e Associati","robots":{"index":"index","follow":"follow","max-snippet":"max-snippet:-1","max-image-preview":"max-image-preview:large","max-video-preview":"max-video-preview:-1"},"canonical":"https:\/\/www.guerini.it\/index.php\/prodotto\/la-gestione-delle-risorse-umane\/","og_locale":"it_IT","og_type":"article","og_title":"La gestione delle risorse umane - Guerini e Associati","og_description":"&nbsp;  &nbsp;","og_url":"https:\/\/www.guerini.it\/index.php\/prodotto\/la-gestione-delle-risorse-umane\/","og_site_name":"Guerini e Associati","article_modified_time":"2026-01-22T10:04:38+00:00","og_image":[{"width":248,"height":350,"url":"https:\/\/www.guerini.it\/wp-content\/uploads\/2021\/06\/Front-Cover-RISORSE-UMANE-PoliS-scaled-e1624374048576.jpg","type":"image\/jpeg"}],"twitter_card":"summary_large_image","twitter_misc":{"Tempo di lettura stimato":"3 minuti"},"schema":{"@context":"https:\/\/schema.org","@graph":[{"@type":"WebPage","@id":"https:\/\/www.guerini.it\/index.php\/prodotto\/la-gestione-delle-risorse-umane\/","url":"https:\/\/www.guerini.it\/index.php\/prodotto\/la-gestione-delle-risorse-umane\/","name":"La gestione delle risorse umane - Guerini e Associati","isPartOf":{"@id":"https:\/\/www.guerini.it\/#website"},"primaryImageOfPage":{"@id":"https:\/\/www.guerini.it\/index.php\/prodotto\/la-gestione-delle-risorse-umane\/#primaryimage"},"image":{"@id":"https:\/\/www.guerini.it\/index.php\/prodotto\/la-gestione-delle-risorse-umane\/#primaryimage"},"thumbnailUrl":"https:\/\/www.guerini.it\/wp-content\/uploads\/2021\/06\/Front-Cover-RISORSE-UMANE-PoliS-scaled-e1624374048576.jpg","datePublished":"2021-06-23T14:42:29+00:00","dateModified":"2026-01-22T10:04:38+00:00","breadcrumb":{"@id":"https:\/\/www.guerini.it\/index.php\/prodotto\/la-gestione-delle-risorse-umane\/#breadcrumb"},"inLanguage":"it-IT","potentialAction":[{"@type":"ReadAction","target":["https:\/\/www.guerini.it\/index.php\/prodotto\/la-gestione-delle-risorse-umane\/"]}]},{"@type":"ImageObject","inLanguage":"it-IT","@id":"https:\/\/www.guerini.it\/index.php\/prodotto\/la-gestione-delle-risorse-umane\/#primaryimage","url":"https:\/\/www.guerini.it\/wp-content\/uploads\/2021\/06\/Front-Cover-RISORSE-UMANE-PoliS-scaled-e1624374048576.jpg","contentUrl":"https:\/\/www.guerini.it\/wp-content\/uploads\/2021\/06\/Front-Cover-RISORSE-UMANE-PoliS-scaled-e1624374048576.jpg","width":248,"height":350,"caption":"Copertina del libro La gestione delle risorse umane"},{"@type":"BreadcrumbList","@id":"https:\/\/www.guerini.it\/index.php\/prodotto\/la-gestione-delle-risorse-umane\/#breadcrumb","itemListElement":[{"@type":"ListItem","position":1,"name":"Home","item":"https:\/\/www.guerini.it\/"},{"@type":"ListItem","position":2,"name":"Catalogo","item":"https:\/\/www.guerini.it\/index.php\/negozio\/"},{"@type":"ListItem","position":3,"name":"La gestione delle risorse umane"}]},{"@type":"WebSite","@id":"https:\/\/www.guerini.it\/#website","url":"https:\/\/www.guerini.it\/","name":"Guerini e Associati","description":"30 anni di libri, idee e libert\u00e0","publisher":{"@id":"https:\/\/www.guerini.it\/#organization"},"potentialAction":[{"@type":"SearchAction","target":{"@type":"EntryPoint","urlTemplate":"https:\/\/www.guerini.it\/?s={search_term_string}"},"query-input":{"@type":"PropertyValueSpecification","valueRequired":true,"valueName":"search_term_string"}}],"inLanguage":"it-IT"},{"@type":"Organization","@id":"https:\/\/www.guerini.it\/#organization","name":"Guerini e Associati","url":"https:\/\/www.guerini.it\/","logo":{"@type":"ImageObject","inLanguage":"it-IT","@id":"https:\/\/www.guerini.it\/#\/schema\/logo\/image\/","url":"https:\/\/www.guerini.it\/wp-content\/uploads\/2021\/03\/Logo-Guerini-OK_-e1615831292285.png","contentUrl":"https:\/\/www.guerini.it\/wp-content\/uploads\/2021\/03\/Logo-Guerini-OK_-e1615831292285.png","width":2805,"height":1870,"caption":"Guerini e Associati"},"image":{"@id":"https:\/\/www.guerini.it\/#\/schema\/logo\/image\/"}}]}},"_links":{"self":[{"href":"https:\/\/www.guerini.it\/index.php\/wp-json\/wp\/v2\/product\/22015","targetHints":{"allow":["GET"]}}],"collection":[{"href":"https:\/\/www.guerini.it\/index.php\/wp-json\/wp\/v2\/product"}],"about":[{"href":"https:\/\/www.guerini.it\/index.php\/wp-json\/wp\/v2\/types\/product"}],"wp:featuredmedia":[{"embeddable":true,"href":"https:\/\/www.guerini.it\/index.php\/wp-json\/wp\/v2\/media\/22016"}],"wp:attachment":[{"href":"https:\/\/www.guerini.it\/index.php\/wp-json\/wp\/v2\/media?parent=22015"}],"wp:term":[{"taxonomy":"product_brand","embeddable":true,"href":"https:\/\/www.guerini.it\/index.php\/wp-json\/wp\/v2\/product_brand?post=22015"},{"taxonomy":"product_cat","embeddable":true,"href":"https:\/\/www.guerini.it\/index.php\/wp-json\/wp\/v2\/product_cat?post=22015"},{"taxonomy":"product_tag","embeddable":true,"href":"https:\/\/www.guerini.it\/index.php\/wp-json\/wp\/v2\/product_tag?post=22015"}],"curies":[{"name":"wp","href":"https:\/\/api.w.org\/{rel}","templated":true}]}}

<p style="text-align: justify;">La crisi pandemica ha evidenziato che la «salute» è sì un bene pubblico ad altissimo valore intrinseco, che tuttavia può influenzare il valore sociale in senso molto più ampio. Di conseguenza, le strategie e le scelte operative che riguarderanno il Sistema Sanitario Nazionale rappresentano un volano per l’evoluzione futura del nostro Paese.</p>
<p style="text-align: justify;">È in questo contesto che la formazione diventa un momento essenziale per la pianificazione organizzativa, e in particolare la formazione manageriale di medici, infermieri e personale della salute: essa, infatti, non è solo l’ambito di trasmissione di competenze gestionali, ma rappresenta la dimensione privilegiata in cui il sistema sanitario si conosce e si costruisce.</p>
<p style="text-align: justify;">Nato in occasione dei corsi erogati da PoliS-Lombardia attraverso l’Accademia di formazione per il servizio socio-sanitario lombardo, questo manuale coniuga le conoscenze teoriche dei docenti con l’esperienza pratica dei partecipanti. Partendo dal quadro di riferimento legislativo e contrattuale che regola la gestione delle risorse umane, pone attenzione in particolare sulla progettazione di modelli organizzativi innovativi, sull’ottimizzazione dei processi di comunicazione interna e di leadership, sui risultati ottenuti con la valutazione delle performance e i sistemi premianti. Un percorso completo e sistematico per sensibilizzare i manager sanitari sul tema cruciale della valorizzazione delle persone e, allo stesso tempo, un laboratorio, un riferimento per un confronto dinamico e in costante evoluzione tra medici, infermieri e tutti i professionisti della salute.</p>
<p style="text-align: justify;"><strong>Alessandro Colombo</strong> è direttore dell’Accademia di formazione per il servizio sociosanitario della Lombardia di PoliS-Lombardia. Ha una laurea in Filosofia all’Università Cattolica del Sacro Cuore, un PhD in Storia economica a Verona, un MPhil in European studies a Cambridge, un MSc in Policy research a Bristol e un Certificato di Formazione manageriale in sanità alla Scuola Superiore Sant’Anna di Pisa. Avendo dedicato la sua esperienza formativa e professionale alla ricerca e al servizio alle istituzioni pubbliche, oggi insegna Politiche pubbliche all’Università Cattolica del Sacro Cuore di Milano. È stato, inoltre, direttore scientifico di Éupolis Lombardia, visiting scholar al Sydney Sussex College, University of Cambridge UK, reviewer di riviste internazionali membro dell’Editorial Board del Journal of Comparative Policy Analysis e dell’esecutivo dell’Associazione mondiale di politiche pubbliche.</p>
<p style="text-align: justify;"><strong>Marta Marsilio</strong> è professore associato di Economia Aziendale presso il Dipartimento di Economia, Management e Metodi Quantitativi (DEMM) e membro del Comitato di Indirizzo di HEAD (Centro di Ricerca e Alta Formazione in Health Administration) dell’Università degli Studi di Milano. È responsabile del corso di Economia Aziendale e Accounting (laurea triennale in Economia e Management) e del corso di Management delle aziende sanitarie (laurea triennale in Management Pubblico e della Sanità). Le sue principali attività di ricerca riguardano: operations management nei servizi sanitari; valutazione delle performance dell’innovazione nella supply chain in sanità; partnership pubblico-private; valutazione degli impatti dell’innovazione tecnologica nel settore pubblico e sanitario. È editorial administrator della rivista Health Services Management Research, membro del comitato editoriale di Mecosan, Consigliere di Apaform, research fellow del Karolinska Institute.</p>
<p><strong>Permalik: </strong><a href="http://digital.casalini.it/9788862508162">http://digital.casalini.it/9788862508162</a></p>

30 anni di libri, idee e libertà
