{"id":22019,"date":"2021-06-23T16:23:08","date_gmt":"2021-06-23T14:23:08","guid":{"rendered":"https:\/\/www.guerini.it\/?post_type=product&#038;p=22019"},"modified":"2024-06-09T20:25:10","modified_gmt":"2024-06-09T18:25:10","slug":"invisibili-al-lavoro","status":"publish","type":"product","link":"https:\/\/www.guerini.it\/index.php\/prodotto\/invisibili-al-lavoro\/","title":{"rendered":"Invisibili al lavoro"},"content":{"rendered":"<p style=\"text-align: justify;\">Sempre pi\u00f9 spesso nella societ\u00e0 attuale le esigenze delle aziende, che devono fare i conti con nuovi sistemi economici dai ritmi imprevedibili, si scontrano con i bisogni e i diritti dei lavoratori, siano essi dipendenti o autonomi. Questa tensione ha assunto una forma emblematica con lo sviluppo della gig economy, un modello basato sulle piattaforme digitali e sui gig, i piccoli ingaggi, nel quale il lavoro continuativo rischia di scomparire del tutto.<\/p>\n<p style=\"text-align: justify;\">\u00c8 cos\u00ec che si innesca una dinamica generatrice di precariato, isolamento e invisibilit\u00e0 per il lavoratore. Un fenomeno che ha gi\u00e0 coinvolto e generato accesi dibattiti intorno ai rider per esempio, ma che sta gi\u00e0 toccando altre numerose professionalit\u00e0, anche intellettuali. Prima di demonizzare l\u2019\u00abeconomia dei lavoretti\u00bb, per\u00f2, Giacomo Prati invita a fare un passo indietro, analizzare meglio la situazione e capire se \u00e8 possibile costruire un nuovo scenario sostenibile e trasparente per utenti e lavoratori. Esperto di formazione e di progetti per l\u2019innovazione, l\u2019autore ci d\u00e0 una fotografia completa e aggiornata sulla gig economy, le sue evoluzioni pi\u00f9 recenti e le strategie a disposizione per favorirne uno sviluppo equo che non lasci nessuno nell\u2019invisibilit\u00e0.<\/p>\n<p style=\"text-align: justify;\"><strong>Giacomo Prati,<\/strong> program manager di ANCI Emilia-Romagna e formatore. Coordina progetti nell\u2019ambito dello sviluppo delle competenze, dell\u2019inclusione e dell\u2019innovazione. Gi\u00e0 Presidente dell\u2019Associazione Italiana Formatori in Emilia-Romagna, \u00e8 stato coordinatore editoriale di Learning News, la prima rivista elettronica dedicata alla formazione in Italia.<\/p>\n<p><strong>Permalink:<\/strong> <a href=\"http:\/\/digital.casalini.it\/9788862508261\">http:\/\/digital.casalini.it\/9788862508261<\/a><\/p>\n<p>&nbsp;<\/p>\n<p>&nbsp;<\/p>\n<p>&nbsp;<\/p>\n","protected":false},"excerpt":{"rendered":"<p>&nbsp;<\/p>\n<p>&nbsp;<\/p>\n<p>&nbsp;<\/p>\n<p>&nbsp;<\/p>\n<p>&nbsp;<\/p>\n","protected":false},"featured_media":22020,"template":"","meta":{"_editorskit_title_hidden":false,"_editorskit_reading_time":0,"_editorskit_is_block_options_detached":false,"_editorskit_block_options_position":"{}","_monsterinsights_skip_tracking":false,"_monsterinsights_sitenote_active":false,"_monsterinsights_sitenote_note":"","_monsterinsights_sitenote_category":0},"product_brand":[],"product_cat":[6806],"product_tag":[6815,7340,7341],"class_list":{"0":"post-22019","1":"product","2":"type-product","3":"status-publish","4":"has-post-thumbnail","6":"product_cat-senza-categoria","7":"product_tag-economia","8":"product_tag-gig-economy","9":"product_tag-lavoro","10":"pa_guerini_amazon_link-https-www-amazon-it-invisibili-lavoro-operai-tempi-economy-dp-8862508263","11":"pa_guerini_feltrinelli_link-https-tidd-ly-3xf6hmc","12":"pa_guerini_ibs_link-https-tidd-ly-3xfovca","13":"pa_guerini_libruniver_link-https-www-libreriauniversitaria-it-invisibili-lavoro-operai-clic-tempi-libro-9788862508261","14":"pa_guerini_link_amazon-https-www-amazon-it-dp-b099ddmwpn-reftmm_kin_swatch_0_encodingutf8qid1626249196sr8-1","15":"pa_guerini_link_giunti_punto-https-www-giuntialpunto-it-product-b099ddmwpn-libri-invisibili-al-lavoro-gli-operai-del-clic-ai-tempi-della-gig-economy-giacomo","16":"pa_guerini_link_google_play-https-play-google-com-store-books-details-giacomo_prati_invisibili_al_lavoro_gli_operai_delidsv83eaaaqbaj","17":"pa_guerini_link_kobo-https-www-kobo-com-it-it-ebook-invisibili-al-lavoro-gli-operai-del-clic-ai-tempi-della-gig-economy","18":"pa_guerini_link_lafeltrinelli-https-tidd-ly-36z7qcz","20":"first","21":"instock","22":"sale","23":"shipping-taxable","24":"purchasable","25":"product-type-simple"},"yoast_head":"<!-- This site is optimized with the Yoast SEO plugin v25.4 - https:\/\/yoast.com\/wordpress\/plugins\/seo\/ -->\n<title>Invisibili al lavoro - Guerini e Associati<\/title>\n<meta name=\"robots\" content=\"index, follow, max-snippet:-1, max-image-preview:large, max-video-preview:-1\" \/>\n<link rel=\"canonical\" href=\"https:\/\/www.guerini.it\/index.php\/prodotto\/invisibili-al-lavoro\/\" \/>\n<meta property=\"og:locale\" content=\"it_IT\" \/>\n<meta property=\"og:type\" content=\"article\" \/>\n<meta property=\"og:title\" content=\"Invisibili al lavoro - Guerini e Associati\" \/>\n<meta property=\"og:description\" content=\"&nbsp;  &nbsp;  &nbsp;  &nbsp;  &nbsp;\" \/>\n<meta property=\"og:url\" content=\"https:\/\/www.guerini.it\/index.php\/prodotto\/invisibili-al-lavoro\/\" \/>\n<meta property=\"og:site_name\" content=\"Guerini e Associati\" \/>\n<meta property=\"article:modified_time\" content=\"2024-06-09T18:25:10+00:00\" \/>\n<meta property=\"og:image\" content=\"https:\/\/www.guerini.it\/wp-content\/uploads\/2021\/06\/Schermata-2021-06-22-alle-17.53.11-e1624377230577.png\" \/>\n\t<meta property=\"og:image:width\" content=\"231\" \/>\n\t<meta property=\"og:image:height\" content=\"350\" \/>\n\t<meta property=\"og:image:type\" content=\"image\/png\" \/>\n<meta name=\"twitter:card\" content=\"summary_large_image\" \/>\n<meta name=\"twitter:label1\" content=\"Tempo di lettura stimato\" \/>\n\t<meta name=\"twitter:data1\" content=\"2 minuti\" \/>\n<!-- \/ Yoast SEO plugin. -->","yoast_head_json":{"title":"Invisibili al lavoro - Guerini e Associati","robots":{"index":"index","follow":"follow","max-snippet":"max-snippet:-1","max-image-preview":"max-image-preview:large","max-video-preview":"max-video-preview:-1"},"canonical":"https:\/\/www.guerini.it\/index.php\/prodotto\/invisibili-al-lavoro\/","og_locale":"it_IT","og_type":"article","og_title":"Invisibili al lavoro - Guerini e Associati","og_description":"&nbsp;  &nbsp;  &nbsp;  &nbsp;  &nbsp;","og_url":"https:\/\/www.guerini.it\/index.php\/prodotto\/invisibili-al-lavoro\/","og_site_name":"Guerini e Associati","article_modified_time":"2024-06-09T18:25:10+00:00","og_image":[{"width":231,"height":350,"url":"https:\/\/www.guerini.it\/wp-content\/uploads\/2021\/06\/Schermata-2021-06-22-alle-17.53.11-e1624377230577.png","type":"image\/png"}],"twitter_card":"summary_large_image","twitter_misc":{"Tempo di lettura stimato":"2 minuti"},"schema":{"@context":"https:\/\/schema.org","@graph":[{"@type":"WebPage","@id":"https:\/\/www.guerini.it\/index.php\/prodotto\/invisibili-al-lavoro\/","url":"https:\/\/www.guerini.it\/index.php\/prodotto\/invisibili-al-lavoro\/","name":"Invisibili al lavoro - Guerini e Associati","isPartOf":{"@id":"https:\/\/www.guerini.it\/#website"},"primaryImageOfPage":{"@id":"https:\/\/www.guerini.it\/index.php\/prodotto\/invisibili-al-lavoro\/#primaryimage"},"image":{"@id":"https:\/\/www.guerini.it\/index.php\/prodotto\/invisibili-al-lavoro\/#primaryimage"},"thumbnailUrl":"https:\/\/www.guerini.it\/wp-content\/uploads\/2021\/06\/Schermata-2021-06-22-alle-17.53.11-e1624377230577.png","datePublished":"2021-06-23T14:23:08+00:00","dateModified":"2024-06-09T18:25:10+00:00","breadcrumb":{"@id":"https:\/\/www.guerini.it\/index.php\/prodotto\/invisibili-al-lavoro\/#breadcrumb"},"inLanguage":"it-IT","potentialAction":[{"@type":"ReadAction","target":["https:\/\/www.guerini.it\/index.php\/prodotto\/invisibili-al-lavoro\/"]}]},{"@type":"ImageObject","inLanguage":"it-IT","@id":"https:\/\/www.guerini.it\/index.php\/prodotto\/invisibili-al-lavoro\/#primaryimage","url":"https:\/\/www.guerini.it\/wp-content\/uploads\/2021\/06\/Schermata-2021-06-22-alle-17.53.11-e1624377230577.png","contentUrl":"https:\/\/www.guerini.it\/wp-content\/uploads\/2021\/06\/Schermata-2021-06-22-alle-17.53.11-e1624377230577.png","width":231,"height":350,"caption":"Copertina del libro Invisibili al lavoro"},{"@type":"BreadcrumbList","@id":"https:\/\/www.guerini.it\/index.php\/prodotto\/invisibili-al-lavoro\/#breadcrumb","itemListElement":[{"@type":"ListItem","position":1,"name":"Home","item":"https:\/\/www.guerini.it\/"},{"@type":"ListItem","position":2,"name":"Catalogo","item":"https:\/\/www.guerini.it\/index.php\/negozio\/"},{"@type":"ListItem","position":3,"name":"Invisibili al lavoro"}]},{"@type":"WebSite","@id":"https:\/\/www.guerini.it\/#website","url":"https:\/\/www.guerini.it\/","name":"Guerini e Associati","description":"30 anni di libri, idee e libert\u00e0","publisher":{"@id":"https:\/\/www.guerini.it\/#organization"},"potentialAction":[{"@type":"SearchAction","target":{"@type":"EntryPoint","urlTemplate":"https:\/\/www.guerini.it\/?s={search_term_string}"},"query-input":{"@type":"PropertyValueSpecification","valueRequired":true,"valueName":"search_term_string"}}],"inLanguage":"it-IT"},{"@type":"Organization","@id":"https:\/\/www.guerini.it\/#organization","name":"Guerini e Associati","url":"https:\/\/www.guerini.it\/","logo":{"@type":"ImageObject","inLanguage":"it-IT","@id":"https:\/\/www.guerini.it\/#\/schema\/logo\/image\/","url":"https:\/\/www.guerini.it\/wp-content\/uploads\/2021\/03\/Logo-Guerini-OK_-e1615831292285.png","contentUrl":"https:\/\/www.guerini.it\/wp-content\/uploads\/2021\/03\/Logo-Guerini-OK_-e1615831292285.png","width":2805,"height":1870,"caption":"Guerini e Associati"},"image":{"@id":"https:\/\/www.guerini.it\/#\/schema\/logo\/image\/"}}]}},"_links":{"self":[{"href":"https:\/\/www.guerini.it\/index.php\/wp-json\/wp\/v2\/product\/22019","targetHints":{"allow":["GET"]}}],"collection":[{"href":"https:\/\/www.guerini.it\/index.php\/wp-json\/wp\/v2\/product"}],"about":[{"href":"https:\/\/www.guerini.it\/index.php\/wp-json\/wp\/v2\/types\/product"}],"wp:featuredmedia":[{"embeddable":true,"href":"https:\/\/www.guerini.it\/index.php\/wp-json\/wp\/v2\/media\/22020"}],"wp:attachment":[{"href":"https:\/\/www.guerini.it\/index.php\/wp-json\/wp\/v2\/media?parent=22019"}],"wp:term":[{"taxonomy":"product_brand","embeddable":true,"href":"https:\/\/www.guerini.it\/index.php\/wp-json\/wp\/v2\/product_brand?post=22019"},{"taxonomy":"product_cat","embeddable":true,"href":"https:\/\/www.guerini.it\/index.php\/wp-json\/wp\/v2\/product_cat?post=22019"},{"taxonomy":"product_tag","embeddable":true,"href":"https:\/\/www.guerini.it\/index.php\/wp-json\/wp\/v2\/product_tag?post=22019"}],"curies":[{"name":"wp","href":"https:\/\/api.w.org\/{rel}","templated":true}]}}

<p style="text-align: justify;">Sempre più spesso nella società attuale le esigenze delle aziende, che devono fare i conti con nuovi sistemi economici dai ritmi imprevedibili, si scontrano con i bisogni e i diritti dei lavoratori, siano essi dipendenti o autonomi. Questa tensione ha assunto una forma emblematica con lo sviluppo della gig economy, un modello basato sulle piattaforme digitali e sui gig, i piccoli ingaggi, nel quale il lavoro continuativo rischia di scomparire del tutto.</p>
<p style="text-align: justify;">È così che si innesca una dinamica generatrice di precariato, isolamento e invisibilità per il lavoratore. Un fenomeno che ha già coinvolto e generato accesi dibattiti intorno ai rider per esempio, ma che sta già toccando altre numerose professionalità, anche intellettuali. Prima di demonizzare l’«economia dei lavoretti», però, Giacomo Prati invita a fare un passo indietro, analizzare meglio la situazione e capire se è possibile costruire un nuovo scenario sostenibile e trasparente per utenti e lavoratori. Esperto di formazione e di progetti per l’innovazione, l’autore ci dà una fotografia completa e aggiornata sulla gig economy, le sue evoluzioni più recenti e le strategie a disposizione per favorirne uno sviluppo equo che non lasci nessuno nell’invisibilità.</p>
<p style="text-align: justify;"><strong>Giacomo Prati,</strong> program manager di ANCI Emilia-Romagna e formatore. Coordina progetti nell’ambito dello sviluppo delle competenze, dell’inclusione e dell’innovazione. Già Presidente dell’Associazione Italiana Formatori in Emilia-Romagna, è stato coordinatore editoriale di Learning News, la prima rivista elettronica dedicata alla formazione in Italia.</p>
<p><strong>Permalink:</strong> <a href="http://digital.casalini.it/9788862508261">http://digital.casalini.it/9788862508261</a></p>
<p>&nbsp;</p>
<p>&nbsp;</p>
<p>&nbsp;</p>

30 anni di libri, idee e libertà
