{"id":22030,"date":"2021-07-06T09:31:05","date_gmt":"2021-07-06T07:31:05","guid":{"rendered":"https:\/\/www.guerini.it\/?post_type=product&#038;p=22030"},"modified":"2024-06-09T20:25:10","modified_gmt":"2024-06-09T18:25:10","slug":"un-mondo-sempre-piu-fragile","status":"publish","type":"product","link":"https:\/\/www.guerini.it\/index.php\/prodotto\/un-mondo-sempre-piu-fragile\/","title":{"rendered":"Un mondo sempre pi\u00f9 fragile"},"content":{"rendered":"<p style=\"text-align: justify;\">Venticinque anni, venticinque analisi approfondite della realt\u00e0 economi\u00adco-politica di un mondo in rapidissima trasformazione: il <em>Rapporto sull\u2019economia globale e l\u2019Italia<\/em> giunge a questo prestigioso traguardo mentre la pandemia \u00e8 ancora fortemente attiva e le certezze di pi\u00f9 generazioni si sgretolano. Gli ultimi dodici mesi ci mostrano una globalizzazione scardi\u00adnata, con un mondo all\u2019affannosa ricerca di nuovi equilibri nel quale ten\u00adtativi di pace si alternano a minacce di guerra, successi scientifici a fratture sociali, prospettive entusiasmanti a uno sconforto crescente. Un periodo di smarrimento e di instabilit\u00e0 in cui l\u2019Italia ha particolarmente bisogno di \u00abin\u00advestimenti buoni\u00bb per ripartire. Una lettura critica non solo per comprendere un mondo sempre pi\u00f9 fragile, ma anche per provare a guardare avanti.<\/p>\n<hr \/>\n<p style=\"text-align: justify;\"><strong>MARIO DEAGLIO<\/strong> \u00e8 professore emerito di Economia internazionale presso l\u2019Universit\u00e0 di Torino.<br \/>\n<strong>GIOVANNI B. ANDORNINO<\/strong>, ricercatore presso l\u2019Universit\u00e0 di Torino, insegna Relazioni internazionali dell\u2019Asia orientale; \u00e8 vicepresidente del Torino World Affairs lnstitute.<br \/>\n<strong>GIORGIO ARFARAS<\/strong>, direttore della Lettera Economica del Centro Einaudi dal 2009 al 2020, collabora a numerose testate di economia e finanza.<br \/>\n<strong>GIUSEPPINA DE SANTIS<\/strong>, gi\u00e0 assessore alla Ricerca e alle Attivit\u00e0 produttive della Regione Piemonte, \u00e8 stata direttore del Centro Einaudi dal 2001 al 2014.<br \/>\n<strong>IVAN LAGROSA<\/strong> \u00e8 PhD student in Economics presso il CEMFI di Madrid.<br \/>\n<strong>PAOLO MIGLIAVACCA<\/strong>, giornalista, collabora fra l\u2019altro con Il Sole 24 Ore, di cui \u00e8 stato caposervizio e curatore della pagina Esteri, edizione del luned\u00ec.<br \/>\n<strong>GIUSEPPE RUSSO<\/strong>, economista professionista, \u00e8 direttore del Centro Einaudi dal 2014.<br \/>\n<strong>GIORGIO VERNONI<\/strong>, \u00e8 ricercatore in Economia del lavoro all&#8217;Istituto di Ricer\u00adche Economico-Sociali del Piemonte. Collabora con il Centro Einaudi dal 2014.<\/p>\n<p style=\"text-align: justify;\"><em>Questo <\/em>Rapporto annuale sull\u2019economia globale e l\u2019Italia<em> \u2013 giunto alla venticinquesima edizione \u2013 \u00e8 frutto della collaborazione fra il Centro di Ricerca e Documentazione Luigi Einaudi e Intesa Sanpaolo.<\/em><\/p>\n<p>&nbsp;<\/p>\n","protected":false},"excerpt":{"rendered":"<p>&nbsp;<\/p>\n<p>&nbsp;<\/p>\n","protected":false},"featured_media":22031,"template":"","meta":{"_editorskit_title_hidden":false,"_editorskit_reading_time":0,"_editorskit_is_block_options_detached":false,"_editorskit_block_options_position":"{}","_monsterinsights_skip_tracking":false,"_monsterinsights_sitenote_active":false,"_monsterinsights_sitenote_note":"","_monsterinsights_sitenote_category":0},"product_brand":[],"product_cat":[6680],"product_tag":[6815,7396,7394,7395,7393,6816],"class_list":{"0":"post-22030","1":"product","2":"type-product","3":"status-publish","4":"has-post-thumbnail","6":"product_cat-ce","7":"product_tag-economia","8":"product_tag-globalizzazione","9":"product_tag-italia","10":"product_tag-mondo","11":"product_tag-rapporto-sulleconomia-globale","12":"product_tag-societa","13":"pa_guerini_amazon_link-https-www-amazon-it-fragile-rapporto-sulleconomia-globale-1996-2021-dp-8862508204","14":"pa_guerini_ibs_link-https-tidd-ly-3agr91j","15":"pa_guerini_link_amazon-https-www-amazon-it-dp-b0991fddqz","16":"pa_guerini_link_giunti_punto-https-www-giuntialpunto-it-product-b0991fddqz-libri-un-mondo-sempre-pi-fragile-xxv-rapporto-sull-economia-globale-e-l-italia","17":"pa_guerini_link_kobo-https-www-kobo-com-it-it-ebook-un-mondo-sempre-piu-fragile-xxv-rapporto-sull-economia-globale-e-l-italia","18":"pa_guerini_link_lafeltrinelli-https-tidd-ly-2trzyvg","20":"first","21":"instock","22":"sale","23":"shipping-taxable","24":"purchasable","25":"product-type-simple"},"yoast_head":"<!-- This site is optimized with the Yoast SEO plugin v25.4 - https:\/\/yoast.com\/wordpress\/plugins\/seo\/ -->\n<title>Un mondo sempre pi\u00f9 fragile - Guerini e Associati<\/title>\n<meta name=\"robots\" content=\"index, follow, max-snippet:-1, max-image-preview:large, max-video-preview:-1\" \/>\n<link rel=\"canonical\" href=\"https:\/\/www.guerini.it\/index.php\/prodotto\/un-mondo-sempre-piu-fragile\/\" \/>\n<meta property=\"og:locale\" content=\"it_IT\" \/>\n<meta property=\"og:type\" content=\"article\" \/>\n<meta property=\"og:title\" content=\"Un mondo sempre pi\u00f9 fragile - Guerini e Associati\" \/>\n<meta property=\"og:description\" content=\"&nbsp;  &nbsp;\" \/>\n<meta property=\"og:url\" content=\"https:\/\/www.guerini.it\/index.php\/prodotto\/un-mondo-sempre-piu-fragile\/\" \/>\n<meta property=\"og:site_name\" content=\"Guerini e Associati\" \/>\n<meta property=\"article:modified_time\" content=\"2024-06-09T18:25:10+00:00\" \/>\n<meta property=\"og:image\" content=\"https:\/\/www.guerini.it\/wp-content\/uploads\/2021\/07\/Front-Cover-XXV-RAPPORTO-EINAUDI-2020-scaled-e1625556580973.jpg\" \/>\n\t<meta property=\"og:image:width\" content=\"225\" \/>\n\t<meta property=\"og:image:height\" content=\"350\" \/>\n\t<meta property=\"og:image:type\" content=\"image\/jpeg\" \/>\n<meta name=\"twitter:card\" content=\"summary_large_image\" \/>\n<meta name=\"twitter:label1\" content=\"Tempo di lettura stimato\" \/>\n\t<meta name=\"twitter:data1\" content=\"2 minuti\" \/>\n<!-- \/ Yoast SEO plugin. -->","yoast_head_json":{"title":"Un mondo sempre pi\u00f9 fragile - Guerini e Associati","robots":{"index":"index","follow":"follow","max-snippet":"max-snippet:-1","max-image-preview":"max-image-preview:large","max-video-preview":"max-video-preview:-1"},"canonical":"https:\/\/www.guerini.it\/index.php\/prodotto\/un-mondo-sempre-piu-fragile\/","og_locale":"it_IT","og_type":"article","og_title":"Un mondo sempre pi\u00f9 fragile - Guerini e Associati","og_description":"&nbsp;  &nbsp;","og_url":"https:\/\/www.guerini.it\/index.php\/prodotto\/un-mondo-sempre-piu-fragile\/","og_site_name":"Guerini e Associati","article_modified_time":"2024-06-09T18:25:10+00:00","og_image":[{"width":225,"height":350,"url":"https:\/\/www.guerini.it\/wp-content\/uploads\/2021\/07\/Front-Cover-XXV-RAPPORTO-EINAUDI-2020-scaled-e1625556580973.jpg","type":"image\/jpeg"}],"twitter_card":"summary_large_image","twitter_misc":{"Tempo di lettura stimato":"2 minuti"},"schema":{"@context":"https:\/\/schema.org","@graph":[{"@type":"WebPage","@id":"https:\/\/www.guerini.it\/index.php\/prodotto\/un-mondo-sempre-piu-fragile\/","url":"https:\/\/www.guerini.it\/index.php\/prodotto\/un-mondo-sempre-piu-fragile\/","name":"Un mondo sempre pi\u00f9 fragile - Guerini e Associati","isPartOf":{"@id":"https:\/\/www.guerini.it\/#website"},"primaryImageOfPage":{"@id":"https:\/\/www.guerini.it\/index.php\/prodotto\/un-mondo-sempre-piu-fragile\/#primaryimage"},"image":{"@id":"https:\/\/www.guerini.it\/index.php\/prodotto\/un-mondo-sempre-piu-fragile\/#primaryimage"},"thumbnailUrl":"https:\/\/www.guerini.it\/wp-content\/uploads\/2021\/07\/Front-Cover-XXV-RAPPORTO-EINAUDI-2020-scaled-e1625556580973.jpg","datePublished":"2021-07-06T07:31:05+00:00","dateModified":"2024-06-09T18:25:10+00:00","breadcrumb":{"@id":"https:\/\/www.guerini.it\/index.php\/prodotto\/un-mondo-sempre-piu-fragile\/#breadcrumb"},"inLanguage":"it-IT","potentialAction":[{"@type":"ReadAction","target":["https:\/\/www.guerini.it\/index.php\/prodotto\/un-mondo-sempre-piu-fragile\/"]}]},{"@type":"ImageObject","inLanguage":"it-IT","@id":"https:\/\/www.guerini.it\/index.php\/prodotto\/un-mondo-sempre-piu-fragile\/#primaryimage","url":"https:\/\/www.guerini.it\/wp-content\/uploads\/2021\/07\/Front-Cover-XXV-RAPPORTO-EINAUDI-2020-scaled-e1625556580973.jpg","contentUrl":"https:\/\/www.guerini.it\/wp-content\/uploads\/2021\/07\/Front-Cover-XXV-RAPPORTO-EINAUDI-2020-scaled-e1625556580973.jpg","width":225,"height":350,"caption":"Copertina del libro Un mondo sempre pi\u00f9 fragile"},{"@type":"BreadcrumbList","@id":"https:\/\/www.guerini.it\/index.php\/prodotto\/un-mondo-sempre-piu-fragile\/#breadcrumb","itemListElement":[{"@type":"ListItem","position":1,"name":"Home","item":"https:\/\/www.guerini.it\/"},{"@type":"ListItem","position":2,"name":"Catalogo","item":"https:\/\/www.guerini.it\/index.php\/negozio\/"},{"@type":"ListItem","position":3,"name":"Un mondo sempre pi\u00f9 fragile"}]},{"@type":"WebSite","@id":"https:\/\/www.guerini.it\/#website","url":"https:\/\/www.guerini.it\/","name":"Guerini e Associati","description":"30 anni di libri, idee e libert\u00e0","publisher":{"@id":"https:\/\/www.guerini.it\/#organization"},"potentialAction":[{"@type":"SearchAction","target":{"@type":"EntryPoint","urlTemplate":"https:\/\/www.guerini.it\/?s={search_term_string}"},"query-input":{"@type":"PropertyValueSpecification","valueRequired":true,"valueName":"search_term_string"}}],"inLanguage":"it-IT"},{"@type":"Organization","@id":"https:\/\/www.guerini.it\/#organization","name":"Guerini e Associati","url":"https:\/\/www.guerini.it\/","logo":{"@type":"ImageObject","inLanguage":"it-IT","@id":"https:\/\/www.guerini.it\/#\/schema\/logo\/image\/","url":"https:\/\/www.guerini.it\/wp-content\/uploads\/2021\/03\/Logo-Guerini-OK_-e1615831292285.png","contentUrl":"https:\/\/www.guerini.it\/wp-content\/uploads\/2021\/03\/Logo-Guerini-OK_-e1615831292285.png","width":2805,"height":1870,"caption":"Guerini e Associati"},"image":{"@id":"https:\/\/www.guerini.it\/#\/schema\/logo\/image\/"}}]}},"_links":{"self":[{"href":"https:\/\/www.guerini.it\/index.php\/wp-json\/wp\/v2\/product\/22030","targetHints":{"allow":["GET"]}}],"collection":[{"href":"https:\/\/www.guerini.it\/index.php\/wp-json\/wp\/v2\/product"}],"about":[{"href":"https:\/\/www.guerini.it\/index.php\/wp-json\/wp\/v2\/types\/product"}],"wp:featuredmedia":[{"embeddable":true,"href":"https:\/\/www.guerini.it\/index.php\/wp-json\/wp\/v2\/media\/22031"}],"wp:attachment":[{"href":"https:\/\/www.guerini.it\/index.php\/wp-json\/wp\/v2\/media?parent=22030"}],"wp:term":[{"taxonomy":"product_brand","embeddable":true,"href":"https:\/\/www.guerini.it\/index.php\/wp-json\/wp\/v2\/product_brand?post=22030"},{"taxonomy":"product_cat","embeddable":true,"href":"https:\/\/www.guerini.it\/index.php\/wp-json\/wp\/v2\/product_cat?post=22030"},{"taxonomy":"product_tag","embeddable":true,"href":"https:\/\/www.guerini.it\/index.php\/wp-json\/wp\/v2\/product_tag?post=22030"}],"curies":[{"name":"wp","href":"https:\/\/api.w.org\/{rel}","templated":true}]}}

Un mondo sempre più fragile

<p style="text-align: justify;">Venticinque anni, venticinque analisi approfondite della realtà economi­co-politica di un mondo in rapidissima trasformazione: il <em>Rapporto sull’economia globale e l’Italia</em> giunge a questo prestigioso traguardo mentre la pandemia è ancora fortemente attiva e le certezze di più generazioni si sgretolano. Gli ultimi dodici mesi ci mostrano una globalizzazione scardi­nata, con un mondo all’affannosa ricerca di nuovi equilibri nel quale ten­tativi di pace si alternano a minacce di guerra, successi scientifici a fratture sociali, prospettive entusiasmanti a uno sconforto crescente. Un periodo di smarrimento e di instabilità in cui l’Italia ha particolarmente bisogno di «in­vestimenti buoni» per ripartire. Una lettura critica non solo per comprendere un mondo sempre più fragile, ma anche per provare a guardare avanti.</p>
<hr />
<p style="text-align: justify;"><strong>MARIO DEAGLIO</strong> è professore emerito di Economia internazionale presso l’Università di Torino.<br />
<strong>GIOVANNI B. ANDORNINO</strong>, ricercatore presso l’Università di Torino, insegna Relazioni internazionali dell’Asia orientale; è vicepresidente del Torino World Affairs lnstitute.<br />
<strong>GIORGIO ARFARAS</strong>, direttore della Lettera Economica del Centro Einaudi dal 2009 al 2020, collabora a numerose testate di economia e finanza.<br />
<strong>GIUSEPPINA DE SANTIS</strong>, già assessore alla Ricerca e alle Attività produttive della Regione Piemonte, è stata direttore del Centro Einaudi dal 2001 al 2014.<br />
<strong>IVAN LAGROSA</strong> è PhD student in Economics presso il CEMFI di Madrid.<br />
<strong>PAOLO MIGLIAVACCA</strong>, giornalista, collabora fra l’altro con Il Sole 24 Ore, di cui è stato caposervizio e curatore della pagina Esteri, edizione del lunedì.<br />
<strong>GIUSEPPE RUSSO</strong>, economista professionista, è direttore del Centro Einaudi dal 2014.<br />
<strong>GIORGIO VERNONI</strong>, è ricercatore in Economia del lavoro all&#8217;Istituto di Ricer­che Economico-Sociali del Piemonte. Collabora con il Centro Einaudi dal 2014.</p>
<p style="text-align: justify;"><em>Questo </em>Rapporto annuale sull’economia globale e l’Italia<em> – giunto alla venticinquesima edizione – è frutto della collaborazione fra il Centro di Ricerca e Documentazione Luigi Einaudi e Intesa Sanpaolo.</em></p>
<p>&nbsp;</p>

<!-- This site is optimized with the Yoast SEO plugin v25.4 - https://yoast.com/wordpress/plugins/seo/ -->
<title>Un mondo sempre più fragile - Guerini e Associati</title>
<meta name="robots" content="index, follow, max-snippet:-1, max-image-preview:large, max-video-preview:-1" />
<link rel="canonical" href="https://www.guerini.it/index.php/prodotto/un-mondo-sempre-piu-fragile/" />
<meta property="og:locale" content="it_IT" />
<meta property="og:type" content="article" />
<meta property="og:title" content="Un mondo sempre più fragile - Guerini e Associati" />
<meta property="og:description" content="&nbsp;  &nbsp;" />
<meta property="og:url" content="https://www.guerini.it/index.php/prodotto/un-mondo-sempre-piu-fragile/" />
<meta property="og:site_name" content="Guerini e Associati" />
<meta property="article:modified_time" content="2024-06-09T18:25:10+00:00" />
<meta property="og:image" content="https://www.guerini.it/wp-content/uploads/2021/07/Front-Cover-XXV-RAPPORTO-EINAUDI-2020-scaled-e1625556580973.jpg" />
	<meta property="og:image:width" content="225" />
	<meta property="og:image:height" content="350" />
	<meta property="og:image:type" content="image/jpeg" />
<meta name="twitter:card" content="summary_large_image" />
<meta name="twitter:label1" content="Tempo di lettura stimato" />
	<meta name="twitter:data1" content="2 minuti" />
<!-- / Yoast SEO plugin. -->

Un mondo sempre più fragile - Guerini e Associati

Copertina del libro Un mondo sempre più fragile

30 anni di libri, idee e libertà
