{"id":22032,"date":"2021-07-08T16:35:48","date_gmt":"2021-07-08T14:35:48","guid":{"rendered":"https:\/\/www.guerini.it\/?post_type=product&#038;p=22032"},"modified":"2024-06-09T20:25:11","modified_gmt":"2024-06-09T18:25:11","slug":"nati-per-cambiare","status":"publish","type":"product","link":"https:\/\/www.guerini.it\/index.php\/prodotto\/nati-per-cambiare\/","title":{"rendered":"Nati per cambiare"},"content":{"rendered":"<p style=\"text-align: center;\"><em>\u00abLa regola (o non regola) di lavoro interno \u00e8 quella della libert\u00e0 infantile, una sorta di gioiosit\u00e0 creativa comune che porta a scegliere non la strada pi\u00f9 facile o apparentemente remunerativa degli adulti, ma quella pi\u00f9 originale, pi\u00f9 appagante e alla lunga pi\u00f9 proficua\u00bb.<br \/>\n<\/em>dalla prefazione di Roberto Vecchioni<\/p>\n<p style=\"text-align: justify;\">Si pu\u00f2 organizzare un\u2019azienda seguendo gli stessi principi che guidano l\u2019ideazione di un asilo? Il gioco e la sperimentazione sono spazi d\u2019azione su cui \u00e8 possibile improntare la propria visione imprenditoriale.<br \/>\nIn questo saggio si propone un \u00abnon-metodo\u00bb di gestione delle organizzazioni aziendali fondato su un approccio agile, un\u2019apertura all\u2019ascolto e soprattutto sui cambiamenti che possono innescare le persone. <em>Case studies<\/em>, ricerche scientifiche e teorie del management si intersecano con la nota filosofia educativa del <em>Reggio Emilia Approach<\/em> per stimolare nuovi spunti di riflessione che ci permettano di ripensare gli ostacoli attuali: dall\u2019incertezza frettolosa che caratterizza la rivoluzione digitale all\u2019emergenza sanitaria, fino al ruolo della finanza.<br \/>\nBisogna ripartire dalle persone che lavorano con l\u2019azienda (e non solo) prendendosene cura, in particolare con attivit\u00e0 che insistano sulla sfera del benessere psicologico e sociale. <em>Nati per cambiare<\/em> traccia cos\u00ec linee guida per le future imprenditrici, i futuri manager, responsabili delle Risorse Umane o chiunque vorr\u00e0 sperimentare nuovi metodi di conduzione all\u2019interno di aziende gi\u00e0 esistenti, e lo fa raccontando un percorso, quello di LUZ, e sollevando pi\u00f9 e pi\u00f9 quesiti utili per impostare il proprio viaggio all\u2019insegna della fiducia e <em>dell\u2019humanitas<\/em>.<\/p>\n<hr \/>\n<p style=\"text-align: justify;\"><strong>ALICE SIRACUSANO<\/strong> (1983, Milano) abita il mondo della comunicazione dal 2007. Dopo la laurea in Finance and Administration alla Bocconi entra nella grande pubblicit\u00e0 di gruppi internazionali quali BBDO e WPP, per occuparsi poi delle dinamiche digitali in Google, YOOX e Samsung. Oggi reinterpreta il suo <em>know-how<\/em> come AD e socia di maggioranza in LUZ, realt\u00e0 che dal fotogiornalismo si \u00e8 trasformata in un\u2019agenzia di content marketing incentrata su storie umane, reali e di qualit\u00e0.<\/p>\n","protected":false},"excerpt":{"rendered":"<p>&nbsp;<\/p>\n<p>&nbsp;<\/p>\n","protected":false},"featured_media":22033,"template":"","meta":{"_editorskit_title_hidden":false,"_editorskit_reading_time":0,"_editorskit_is_block_options_detached":false,"_editorskit_block_options_position":"{}","_monsterinsights_skip_tracking":false,"_monsterinsights_sitenote_active":false,"_monsterinsights_sitenote_note":"","_monsterinsights_sitenote_category":0},"product_brand":[],"product_cat":[6805],"product_tag":[7413,7411,7412,6802],"class_list":{"0":"post-22032","1":"product","2":"type-product","3":"status-publish","4":"has-post-thumbnail","6":"product_cat-guerini-next","7":"product_tag-benessere-psicologico","8":"product_tag-metodo-reggio-emilia","9":"product_tag-organizzazione","10":"product_tag-risorse-umane","11":"pa_guerini_amazon_link-https-www-amazon-it-cambiare-basare-rivoluzione-aziendale-persone-dp-8868964058","12":"pa_guerini_feltrinelli_link-https-www-awin1-com-cread-phpawinmid9647awinaffid722809platformdluedhttpswww-lafeltrinelli-itlibrinati-cambiare-come-basare-una9788868964054","13":"pa_guerini_ibs_link-https-tidd-ly-3jvlya5","14":"pa_guerini_libruniver_link-https-www-libreriauniversitaria-it-nati-cambiare-basare-rivoluzione-aziendale-libro-9788868964054","15":"pa_guerini_mondadori_link-https-www-mondadoristore-it-nati-cambiare-come-basare-alice-siracusano-eai978886896405","17":"first","18":"instock","19":"sale","20":"shipping-taxable","21":"purchasable","22":"product-type-simple"},"yoast_head":"<!-- This site is optimized with the Yoast SEO plugin v25.4 - https:\/\/yoast.com\/wordpress\/plugins\/seo\/ -->\n<title>Nati per cambiare - Guerini e Associati<\/title>\n<meta name=\"robots\" content=\"index, follow, max-snippet:-1, max-image-preview:large, max-video-preview:-1\" \/>\n<link rel=\"canonical\" href=\"https:\/\/www.guerini.it\/index.php\/prodotto\/nati-per-cambiare\/\" \/>\n<meta property=\"og:locale\" content=\"it_IT\" \/>\n<meta property=\"og:type\" content=\"article\" \/>\n<meta property=\"og:title\" content=\"Nati per cambiare - Guerini e Associati\" \/>\n<meta property=\"og:description\" content=\"&nbsp;  &nbsp;\" \/>\n<meta property=\"og:url\" content=\"https:\/\/www.guerini.it\/index.php\/prodotto\/nati-per-cambiare\/\" \/>\n<meta property=\"og:site_name\" content=\"Guerini e Associati\" \/>\n<meta property=\"article:modified_time\" content=\"2024-06-09T18:25:11+00:00\" \/>\n<meta property=\"og:image\" content=\"https:\/\/www.guerini.it\/wp-content\/uploads\/2021\/07\/natipercambiare_cover_EXE-e1625754936662.jpg\" \/>\n\t<meta property=\"og:image:width\" content=\"234\" \/>\n\t<meta property=\"og:image:height\" content=\"350\" \/>\n\t<meta property=\"og:image:type\" content=\"image\/jpeg\" \/>\n<meta name=\"twitter:card\" content=\"summary_large_image\" \/>\n<meta name=\"twitter:label1\" content=\"Tempo di lettura stimato\" \/>\n\t<meta name=\"twitter:data1\" content=\"2 minuti\" \/>\n<!-- \/ Yoast SEO plugin. -->","yoast_head_json":{"title":"Nati per cambiare - Guerini e Associati","robots":{"index":"index","follow":"follow","max-snippet":"max-snippet:-1","max-image-preview":"max-image-preview:large","max-video-preview":"max-video-preview:-1"},"canonical":"https:\/\/www.guerini.it\/index.php\/prodotto\/nati-per-cambiare\/","og_locale":"it_IT","og_type":"article","og_title":"Nati per cambiare - Guerini e Associati","og_description":"&nbsp;  &nbsp;","og_url":"https:\/\/www.guerini.it\/index.php\/prodotto\/nati-per-cambiare\/","og_site_name":"Guerini e Associati","article_modified_time":"2024-06-09T18:25:11+00:00","og_image":[{"width":234,"height":350,"url":"https:\/\/www.guerini.it\/wp-content\/uploads\/2021\/07\/natipercambiare_cover_EXE-e1625754936662.jpg","type":"image\/jpeg"}],"twitter_card":"summary_large_image","twitter_misc":{"Tempo di lettura stimato":"2 minuti"},"schema":{"@context":"https:\/\/schema.org","@graph":[{"@type":"WebPage","@id":"https:\/\/www.guerini.it\/index.php\/prodotto\/nati-per-cambiare\/","url":"https:\/\/www.guerini.it\/index.php\/prodotto\/nati-per-cambiare\/","name":"Nati per cambiare - Guerini e Associati","isPartOf":{"@id":"https:\/\/www.guerini.it\/#website"},"primaryImageOfPage":{"@id":"https:\/\/www.guerini.it\/index.php\/prodotto\/nati-per-cambiare\/#primaryimage"},"image":{"@id":"https:\/\/www.guerini.it\/index.php\/prodotto\/nati-per-cambiare\/#primaryimage"},"thumbnailUrl":"https:\/\/www.guerini.it\/wp-content\/uploads\/2021\/07\/natipercambiare_cover_EXE-e1625754936662.jpg","datePublished":"2021-07-08T14:35:48+00:00","dateModified":"2024-06-09T18:25:11+00:00","breadcrumb":{"@id":"https:\/\/www.guerini.it\/index.php\/prodotto\/nati-per-cambiare\/#breadcrumb"},"inLanguage":"it-IT","potentialAction":[{"@type":"ReadAction","target":["https:\/\/www.guerini.it\/index.php\/prodotto\/nati-per-cambiare\/"]}]},{"@type":"ImageObject","inLanguage":"it-IT","@id":"https:\/\/www.guerini.it\/index.php\/prodotto\/nati-per-cambiare\/#primaryimage","url":"https:\/\/www.guerini.it\/wp-content\/uploads\/2021\/07\/natipercambiare_cover_EXE-e1625754936662.jpg","contentUrl":"https:\/\/www.guerini.it\/wp-content\/uploads\/2021\/07\/natipercambiare_cover_EXE-e1625754936662.jpg","width":234,"height":350,"caption":"Copertina del libro Nati per cambiare"},{"@type":"BreadcrumbList","@id":"https:\/\/www.guerini.it\/index.php\/prodotto\/nati-per-cambiare\/#breadcrumb","itemListElement":[{"@type":"ListItem","position":1,"name":"Home","item":"https:\/\/www.guerini.it\/"},{"@type":"ListItem","position":2,"name":"Catalogo","item":"https:\/\/www.guerini.it\/index.php\/negozio\/"},{"@type":"ListItem","position":3,"name":"Nati per cambiare"}]},{"@type":"WebSite","@id":"https:\/\/www.guerini.it\/#website","url":"https:\/\/www.guerini.it\/","name":"Guerini e Associati","description":"30 anni di libri, idee e libert\u00e0","publisher":{"@id":"https:\/\/www.guerini.it\/#organization"},"potentialAction":[{"@type":"SearchAction","target":{"@type":"EntryPoint","urlTemplate":"https:\/\/www.guerini.it\/?s={search_term_string}"},"query-input":{"@type":"PropertyValueSpecification","valueRequired":true,"valueName":"search_term_string"}}],"inLanguage":"it-IT"},{"@type":"Organization","@id":"https:\/\/www.guerini.it\/#organization","name":"Guerini e Associati","url":"https:\/\/www.guerini.it\/","logo":{"@type":"ImageObject","inLanguage":"it-IT","@id":"https:\/\/www.guerini.it\/#\/schema\/logo\/image\/","url":"https:\/\/www.guerini.it\/wp-content\/uploads\/2021\/03\/Logo-Guerini-OK_-e1615831292285.png","contentUrl":"https:\/\/www.guerini.it\/wp-content\/uploads\/2021\/03\/Logo-Guerini-OK_-e1615831292285.png","width":2805,"height":1870,"caption":"Guerini e Associati"},"image":{"@id":"https:\/\/www.guerini.it\/#\/schema\/logo\/image\/"}}]}},"_links":{"self":[{"href":"https:\/\/www.guerini.it\/index.php\/wp-json\/wp\/v2\/product\/22032","targetHints":{"allow":["GET"]}}],"collection":[{"href":"https:\/\/www.guerini.it\/index.php\/wp-json\/wp\/v2\/product"}],"about":[{"href":"https:\/\/www.guerini.it\/index.php\/wp-json\/wp\/v2\/types\/product"}],"wp:featuredmedia":[{"embeddable":true,"href":"https:\/\/www.guerini.it\/index.php\/wp-json\/wp\/v2\/media\/22033"}],"wp:attachment":[{"href":"https:\/\/www.guerini.it\/index.php\/wp-json\/wp\/v2\/media?parent=22032"}],"wp:term":[{"taxonomy":"product_brand","embeddable":true,"href":"https:\/\/www.guerini.it\/index.php\/wp-json\/wp\/v2\/product_brand?post=22032"},{"taxonomy":"product_cat","embeddable":true,"href":"https:\/\/www.guerini.it\/index.php\/wp-json\/wp\/v2\/product_cat?post=22032"},{"taxonomy":"product_tag","embeddable":true,"href":"https:\/\/www.guerini.it\/index.php\/wp-json\/wp\/v2\/product_tag?post=22032"}],"curies":[{"name":"wp","href":"https:\/\/api.w.org\/{rel}","templated":true}]}}

<p style="text-align: center;"><em>«La regola (o non regola) di lavoro interno è quella della libertà infantile, una sorta di gioiosità creativa comune che porta a scegliere non la strada più facile o apparentemente remunerativa degli adulti, ma quella più originale, più appagante e alla lunga più proficua».<br />
</em>dalla prefazione di Roberto Vecchioni</p>
<p style="text-align: justify;">Si può organizzare un’azienda seguendo gli stessi principi che guidano l’ideazione di un asilo? Il gioco e la sperimentazione sono spazi d’azione su cui è possibile improntare la propria visione imprenditoriale.<br />
In questo saggio si propone un «non-metodo» di gestione delle organizzazioni aziendali fondato su un approccio agile, un’apertura all’ascolto e soprattutto sui cambiamenti che possono innescare le persone. <em>Case studies</em>, ricerche scientifiche e teorie del management si intersecano con la nota filosofia educativa del <em>Reggio Emilia Approach</em> per stimolare nuovi spunti di riflessione che ci permettano di ripensare gli ostacoli attuali: dall’incertezza frettolosa che caratterizza la rivoluzione digitale all’emergenza sanitaria, fino al ruolo della finanza.<br />
Bisogna ripartire dalle persone che lavorano con l’azienda (e non solo) prendendosene cura, in particolare con attività che insistano sulla sfera del benessere psicologico e sociale. <em>Nati per cambiare</em> traccia così linee guida per le future imprenditrici, i futuri manager, responsabili delle Risorse Umane o chiunque vorrà sperimentare nuovi metodi di conduzione all’interno di aziende già esistenti, e lo fa raccontando un percorso, quello di LUZ, e sollevando più e più quesiti utili per impostare il proprio viaggio all’insegna della fiducia e <em>dell’humanitas</em>.</p>
<hr />
<p style="text-align: justify;"><strong>ALICE SIRACUSANO</strong> (1983, Milano) abita il mondo della comunicazione dal 2007. Dopo la laurea in Finance and Administration alla Bocconi entra nella grande pubblicità di gruppi internazionali quali BBDO e WPP, per occuparsi poi delle dinamiche digitali in Google, YOOX e Samsung. Oggi reinterpreta il suo <em>know-how</em> come AD e socia di maggioranza in LUZ, realtà che dal fotogiornalismo si è trasformata in un’agenzia di content marketing incentrata su storie umane, reali e di qualità.</p>

30 anni di libri, idee e libertà
