{"id":22034,"date":"2021-07-08T16:50:28","date_gmt":"2021-07-08T14:50:28","guid":{"rendered":"https:\/\/www.guerini.it\/?post_type=product&#038;p=22034"},"modified":"2024-06-27T16:16:43","modified_gmt":"2024-06-27T14:16:43","slug":"capire-i-fondi-pensione-alberto-brambilla-guerini","status":"publish","type":"product","link":"https:\/\/www.guerini.it\/index.php\/prodotto\/capire-i-fondi-pensione-alberto-brambilla-guerini\/","title":{"rendered":"Capire i fondi pensione"},"content":{"rendered":"<p style=\"text-align: justify;\">Un Paese moderno e responsabile deve offrire ai propri cittadini una pluralit\u00e0 di forme di <em>welfare<\/em> basate sulla cooperazione pubblico-privato. Per l&#8217;Italia alle prese con un elevato debito pubblico, vincoli di bilancio e invecchiamento della popolazione, la previdenza complementare e il <em>welfare mix<\/em> sono un&#8217;ineluttabile necessit\u00e0. Gi\u00e0 nel 1942 Beveridge, padre del moderno welfare, indicava: \u00abIl benessere collettivo deve essere raggiunto attraverso una stretta cooperazione fra lo Stato e l&#8217;individuo. Lo Stato deve offrire protezione in cambio di servizi e contribuzioni e nell&#8217;organizzare tale protezione lo Stato non deve soffocare n\u00e9 le ambizioni n\u00e9 le occasioni n\u00e9 la responsabilit\u00e0; stabilendo pertanto un minimo di attivit\u00e0 nazionale non deve per\u00f2 paralizzare le iniziative che portano l&#8217;individuo a provvedere pi\u00f9 di quel dato minimo per s\u00e9 stesso e per la sua famiglia\u00bb. Concetti fatti propri nel 1948 dalla nostra Costituzione all&#8217;articolo 38. Un vigoroso sviluppo dei fondi pensione, che offrano anche protezioni per la non autosufficienza e per la persona, consentir\u00e0 un futuro migliore a tutti i lavoratori e un rilancio del Paese. Il volume, aggiornato a tutte le norme e direttive, consentir\u00e0 al lettore (anche se neofita della materia) di comprendere con un linguaggio semplice e diretto funzionamento, modalit\u00e0 di adesione e vantaggi di questi fondamentali strumenti di risparmio. Un&#8217;opera completa che analizza le caratteristiche dei fondi pensione e del <em>welfare<\/em> integrativo sotto i profili giuridici, economici, di gestione amministrativa, finanziaria e assicurativa.<\/p>\n<hr \/>\n<p style=\"text-align: justify;\"><strong>Alberto Brambilla<\/strong> \u00e8 docente universitario, attualmente presiede il Centro Studi e Ricerche Itinerari Previdenziali. Gi\u00e0 presidente del Nucleo di Valutazione della Spesa Previdenziale presso il ministero del Lavoro e della Previdenza Sociale, \u00e8 stato dal 2001 al 2006 Sottosegretario di Stato al Ministero del Welfare con delega alla Previdenza Sociale, partecipando al coordinamento della riforma delle pensioni e alla stesura della disciplina delle forme pensionistiche complementari (D. lgs n. 252\/2005). Ha inoltre ricoperto l\u2019incarico di Consigliere economico alla Presidenza del Consiglio dei ministri dal 2018 al 2020.<\/p>\n<div style=\"width: 100%; height: auto; border: 1px solid black; padding: 8px; text-align: justify;\">Il lettore pu\u00f2 trovare sul sito web di Itinerari Previdenziali (<a href=\"http:\/\/www.itinerariprevidenziali.it\">www.itinerariprevidenziali.it<\/a>) materiali e strumenti a integrazione del testo, liberamente consultabili attraverso la pagina dedicata \u00abAppendice legislativa\u00bb. Sul sito web Pensioni&amp;Lavoro (<a href=\"http:\/\/www.pensionielavoro.it\">www.pensionielavoro.it<\/a>) \u00e8 inoltre possibile accedere gratuitamente a simulatori e calcolatori della previdenza pubblica e complementare, a cura del Centro Studi e Ricerche Itinerari Previdenziali.<\/div>\n","protected":false},"excerpt":{"rendered":"<p>&nbsp;<\/p>\n<p>&nbsp;<\/p>\n","protected":false},"featured_media":22035,"template":"","meta":{"_editorskit_title_hidden":false,"_editorskit_reading_time":0,"_editorskit_is_block_options_detached":false,"_editorskit_block_options_position":"{}","_monsterinsights_skip_tracking":false,"_monsterinsights_sitenote_active":false,"_monsterinsights_sitenote_note":"","_monsterinsights_sitenote_category":0},"product_brand":[],"product_cat":[6806],"product_tag":[7338,7419,7343,7420,7339],"class_list":{"0":"post-22034","1":"product","2":"type-product","3":"status-publish","4":"has-post-thumbnail","6":"product_cat-senza-categoria","7":"product_tag-fondi-pensione","8":"product_tag-pensioni","9":"product_tag-previdenza-sociale","10":"product_tag-sistema-pensionistico","11":"product_tag-welfare","12":"pa_guerini_amazon_link-https-www-amazon-it-pensione-frontiere-previdenza-welfare-integrativo-dp-8862508255","13":"pa_guerini_feltrinelli_link-https-tidd-ly-3jvozqv","14":"pa_guerini_ibs_link-https-tidd-ly-3jvozqv","15":"pa_guerini_libruniver_link-https-www-libreriauniversitaria-it-capire-fondi-pensione-nuove-frontiere-libro-9788862508254","16":"pa_guerini_mondadori_link-https-www-mondadoristore-it-capire-fondi-pensione-nuove-alberto-brambilla-eai978886250825","18":"first","19":"instock","20":"sale","21":"shipping-taxable","22":"purchasable","23":"product-type-simple"},"yoast_head":"<!-- This site is optimized with the Yoast SEO plugin v25.4 - https:\/\/yoast.com\/wordpress\/plugins\/seo\/ -->\n<title>Alberto Brambilla, Capire i fondi pensione | Guerini Editore<\/title>\n<meta name=\"description\" content=\"Uno sviluppo dei fondi pensione consentir\u00e0 un futuro migliore a tutti i lavoratori. Il volume consente al lettore di comprendere il funzionamento di questi strumenti di risparmio.\" \/>\n<meta name=\"robots\" content=\"index, follow, max-snippet:-1, max-image-preview:large, max-video-preview:-1\" \/>\n<link rel=\"canonical\" href=\"https:\/\/www.guerini.it\/index.php\/prodotto\/capire-i-fondi-pensione-alberto-brambilla-guerini\/\" \/>\n<meta property=\"og:locale\" content=\"it_IT\" \/>\n<meta property=\"og:type\" content=\"article\" \/>\n<meta property=\"og:title\" content=\"Alberto Brambilla, Capire i fondi pensione | Guerini Editore\" \/>\n<meta property=\"og:description\" content=\"Uno sviluppo dei fondi pensione consentir\u00e0 un futuro migliore a tutti i lavoratori. Il volume consente al lettore di comprendere il funzionamento di questi strumenti di risparmio.\" \/>\n<meta property=\"og:url\" content=\"https:\/\/www.guerini.it\/index.php\/prodotto\/capire-i-fondi-pensione-alberto-brambilla-guerini\/\" \/>\n<meta property=\"og:site_name\" content=\"Guerini e Associati\" \/>\n<meta property=\"article:modified_time\" content=\"2024-06-27T14:16:43+00:00\" \/>\n<meta property=\"og:image\" content=\"https:\/\/www.guerini.it\/wp-content\/uploads\/2021\/07\/Front-Cover-CAPIRE-I-FONDI-PENSIONE-Guerini-scaled-e1625755810985.jpg\" \/>\n\t<meta property=\"og:image:width\" content=\"248\" \/>\n\t<meta property=\"og:image:height\" content=\"350\" \/>\n\t<meta property=\"og:image:type\" content=\"image\/jpeg\" \/>\n<meta name=\"twitter:card\" content=\"summary_large_image\" \/>\n<meta name=\"twitter:label1\" content=\"Tempo di lettura stimato\" \/>\n\t<meta name=\"twitter:data1\" content=\"3 minuti\" \/>\n<!-- \/ Yoast SEO plugin. -->","yoast_head_json":{"title":"Alberto Brambilla, Capire i fondi pensione | Guerini Editore","description":"Uno sviluppo dei fondi pensione consentir\u00e0 un futuro migliore a tutti i lavoratori. Il volume consente al lettore di comprendere il funzionamento di questi strumenti di risparmio.","robots":{"index":"index","follow":"follow","max-snippet":"max-snippet:-1","max-image-preview":"max-image-preview:large","max-video-preview":"max-video-preview:-1"},"canonical":"https:\/\/www.guerini.it\/index.php\/prodotto\/capire-i-fondi-pensione-alberto-brambilla-guerini\/","og_locale":"it_IT","og_type":"article","og_title":"Alberto Brambilla, Capire i fondi pensione | Guerini Editore","og_description":"Uno sviluppo dei fondi pensione consentir\u00e0 un futuro migliore a tutti i lavoratori. Il volume consente al lettore di comprendere il funzionamento di questi strumenti di risparmio.","og_url":"https:\/\/www.guerini.it\/index.php\/prodotto\/capire-i-fondi-pensione-alberto-brambilla-guerini\/","og_site_name":"Guerini e Associati","article_modified_time":"2024-06-27T14:16:43+00:00","og_image":[{"width":248,"height":350,"url":"https:\/\/www.guerini.it\/wp-content\/uploads\/2021\/07\/Front-Cover-CAPIRE-I-FONDI-PENSIONE-Guerini-scaled-e1625755810985.jpg","type":"image\/jpeg"}],"twitter_card":"summary_large_image","twitter_misc":{"Tempo di lettura stimato":"3 minuti"},"schema":{"@context":"https:\/\/schema.org","@graph":[{"@type":"WebPage","@id":"https:\/\/www.guerini.it\/index.php\/prodotto\/capire-i-fondi-pensione-alberto-brambilla-guerini\/","url":"https:\/\/www.guerini.it\/index.php\/prodotto\/capire-i-fondi-pensione-alberto-brambilla-guerini\/","name":"Alberto Brambilla, Capire i fondi pensione | Guerini Editore","isPartOf":{"@id":"https:\/\/www.guerini.it\/#website"},"primaryImageOfPage":{"@id":"https:\/\/www.guerini.it\/index.php\/prodotto\/capire-i-fondi-pensione-alberto-brambilla-guerini\/#primaryimage"},"image":{"@id":"https:\/\/www.guerini.it\/index.php\/prodotto\/capire-i-fondi-pensione-alberto-brambilla-guerini\/#primaryimage"},"thumbnailUrl":"https:\/\/www.guerini.it\/wp-content\/uploads\/2021\/07\/Front-Cover-CAPIRE-I-FONDI-PENSIONE-Guerini-scaled-e1625755810985.jpg","datePublished":"2021-07-08T14:50:28+00:00","dateModified":"2024-06-27T14:16:43+00:00","description":"Uno sviluppo dei fondi pensione consentir\u00e0 un futuro migliore a tutti i lavoratori. Il volume consente al lettore di comprendere il funzionamento di questi strumenti di risparmio.","breadcrumb":{"@id":"https:\/\/www.guerini.it\/index.php\/prodotto\/capire-i-fondi-pensione-alberto-brambilla-guerini\/#breadcrumb"},"inLanguage":"it-IT","potentialAction":[{"@type":"ReadAction","target":["https:\/\/www.guerini.it\/index.php\/prodotto\/capire-i-fondi-pensione-alberto-brambilla-guerini\/"]}]},{"@type":"ImageObject","inLanguage":"it-IT","@id":"https:\/\/www.guerini.it\/index.php\/prodotto\/capire-i-fondi-pensione-alberto-brambilla-guerini\/#primaryimage","url":"https:\/\/www.guerini.it\/wp-content\/uploads\/2021\/07\/Front-Cover-CAPIRE-I-FONDI-PENSIONE-Guerini-scaled-e1625755810985.jpg","contentUrl":"https:\/\/www.guerini.it\/wp-content\/uploads\/2021\/07\/Front-Cover-CAPIRE-I-FONDI-PENSIONE-Guerini-scaled-e1625755810985.jpg","width":248,"height":350,"caption":"Copertina del libro Capire i fondi pensione"},{"@type":"BreadcrumbList","@id":"https:\/\/www.guerini.it\/index.php\/prodotto\/capire-i-fondi-pensione-alberto-brambilla-guerini\/#breadcrumb","itemListElement":[{"@type":"ListItem","position":1,"name":"Home","item":"https:\/\/www.guerini.it\/"},{"@type":"ListItem","position":2,"name":"Catalogo","item":"https:\/\/www.guerini.it\/index.php\/negozio\/"},{"@type":"ListItem","position":3,"name":"Capire i fondi pensione"}]},{"@type":"WebSite","@id":"https:\/\/www.guerini.it\/#website","url":"https:\/\/www.guerini.it\/","name":"Guerini e Associati","description":"30 anni di libri, idee e libert\u00e0","publisher":{"@id":"https:\/\/www.guerini.it\/#organization"},"potentialAction":[{"@type":"SearchAction","target":{"@type":"EntryPoint","urlTemplate":"https:\/\/www.guerini.it\/?s={search_term_string}"},"query-input":{"@type":"PropertyValueSpecification","valueRequired":true,"valueName":"search_term_string"}}],"inLanguage":"it-IT"},{"@type":"Organization","@id":"https:\/\/www.guerini.it\/#organization","name":"Guerini e Associati","url":"https:\/\/www.guerini.it\/","logo":{"@type":"ImageObject","inLanguage":"it-IT","@id":"https:\/\/www.guerini.it\/#\/schema\/logo\/image\/","url":"https:\/\/www.guerini.it\/wp-content\/uploads\/2021\/03\/Logo-Guerini-OK_-e1615831292285.png","contentUrl":"https:\/\/www.guerini.it\/wp-content\/uploads\/2021\/03\/Logo-Guerini-OK_-e1615831292285.png","width":2805,"height":1870,"caption":"Guerini e Associati"},"image":{"@id":"https:\/\/www.guerini.it\/#\/schema\/logo\/image\/"}}]}},"_links":{"self":[{"href":"https:\/\/www.guerini.it\/index.php\/wp-json\/wp\/v2\/product\/22034","targetHints":{"allow":["GET"]}}],"collection":[{"href":"https:\/\/www.guerini.it\/index.php\/wp-json\/wp\/v2\/product"}],"about":[{"href":"https:\/\/www.guerini.it\/index.php\/wp-json\/wp\/v2\/types\/product"}],"wp:featuredmedia":[{"embeddable":true,"href":"https:\/\/www.guerini.it\/index.php\/wp-json\/wp\/v2\/media\/22035"}],"wp:attachment":[{"href":"https:\/\/www.guerini.it\/index.php\/wp-json\/wp\/v2\/media?parent=22034"}],"wp:term":[{"taxonomy":"product_brand","embeddable":true,"href":"https:\/\/www.guerini.it\/index.php\/wp-json\/wp\/v2\/product_brand?post=22034"},{"taxonomy":"product_cat","embeddable":true,"href":"https:\/\/www.guerini.it\/index.php\/wp-json\/wp\/v2\/product_cat?post=22034"},{"taxonomy":"product_tag","embeddable":true,"href":"https:\/\/www.guerini.it\/index.php\/wp-json\/wp\/v2\/product_tag?post=22034"}],"curies":[{"name":"wp","href":"https:\/\/api.w.org\/{rel}","templated":true}]}}

<p style="text-align: justify;">Un Paese moderno e responsabile deve offrire ai propri cittadini una pluralità di forme di <em>welfare</em> basate sulla cooperazione pubblico-privato. Per l&#8217;Italia alle prese con un elevato debito pubblico, vincoli di bilancio e invecchiamento della popolazione, la previdenza complementare e il <em>welfare mix</em> sono un&#8217;ineluttabile necessità. Già nel 1942 Beveridge, padre del moderno welfare, indicava: «Il benessere collettivo deve essere raggiunto attraverso una stretta cooperazione fra lo Stato e l&#8217;individuo. Lo Stato deve offrire protezione in cambio di servizi e contribuzioni e nell&#8217;organizzare tale protezione lo Stato non deve soffocare né le ambizioni né le occasioni né la responsabilità; stabilendo pertanto un minimo di attività nazionale non deve però paralizzare le iniziative che portano l&#8217;individuo a provvedere più di quel dato minimo per sé stesso e per la sua famiglia». Concetti fatti propri nel 1948 dalla nostra Costituzione all&#8217;articolo 38. Un vigoroso sviluppo dei fondi pensione, che offrano anche protezioni per la non autosufficienza e per la persona, consentirà un futuro migliore a tutti i lavoratori e un rilancio del Paese. Il volume, aggiornato a tutte le norme e direttive, consentirà al lettore (anche se neofita della materia) di comprendere con un linguaggio semplice e diretto funzionamento, modalità di adesione e vantaggi di questi fondamentali strumenti di risparmio. Un&#8217;opera completa che analizza le caratteristiche dei fondi pensione e del <em>welfare</em> integrativo sotto i profili giuridici, economici, di gestione amministrativa, finanziaria e assicurativa.</p>
<hr />
<p style="text-align: justify;"><strong>Alberto Brambilla</strong> è docente universitario, attualmente presiede il Centro Studi e Ricerche Itinerari Previdenziali. Già presidente del Nucleo di Valutazione della Spesa Previdenziale presso il ministero del Lavoro e della Previdenza Sociale, è stato dal 2001 al 2006 Sottosegretario di Stato al Ministero del Welfare con delega alla Previdenza Sociale, partecipando al coordinamento della riforma delle pensioni e alla stesura della disciplina delle forme pensionistiche complementari (D. lgs n. 252/2005). Ha inoltre ricoperto l’incarico di Consigliere economico alla Presidenza del Consiglio dei ministri dal 2018 al 2020.</p>
<div style="width: 100%; height: auto; border: 1px solid black; padding: 8px; text-align: justify;">Il lettore può trovare sul sito web di Itinerari Previdenziali (<a href="http://www.itinerariprevidenziali.it">www.itinerariprevidenziali.it</a>) materiali e strumenti a integrazione del testo, liberamente consultabili attraverso la pagina dedicata «Appendice legislativa». Sul sito web Pensioni&amp;Lavoro (<a href="http://www.pensionielavoro.it">www.pensionielavoro.it</a>) è inoltre possibile accedere gratuitamente a simulatori e calcolatori della previdenza pubblica e complementare, a cura del Centro Studi e Ricerche Itinerari Previdenziali.</div>

<!-- This site is optimized with the Yoast SEO plugin v25.4 - https://yoast.com/wordpress/plugins/seo/ -->
<title>Alberto Brambilla, Capire i fondi pensione | Guerini Editore</title>
<meta name="description" content="Uno sviluppo dei fondi pensione consentirà un futuro migliore a tutti i lavoratori. Il volume consente al lettore di comprendere il funzionamento di questi strumenti di risparmio." />
<meta name="robots" content="index, follow, max-snippet:-1, max-image-preview:large, max-video-preview:-1" />
<link rel="canonical" href="https://www.guerini.it/index.php/prodotto/capire-i-fondi-pensione-alberto-brambilla-guerini/" />
<meta property="og:locale" content="it_IT" />
<meta property="og:type" content="article" />
<meta property="og:title" content="Alberto Brambilla, Capire i fondi pensione | Guerini Editore" />
<meta property="og:description" content="Uno sviluppo dei fondi pensione consentirà un futuro migliore a tutti i lavoratori. Il volume consente al lettore di comprendere il funzionamento di questi strumenti di risparmio." />
<meta property="og:url" content="https://www.guerini.it/index.php/prodotto/capire-i-fondi-pensione-alberto-brambilla-guerini/" />
<meta property="og:site_name" content="Guerini e Associati" />
<meta property="article:modified_time" content="2024-06-27T14:16:43+00:00" />
<meta property="og:image" content="https://www.guerini.it/wp-content/uploads/2021/07/Front-Cover-CAPIRE-I-FONDI-PENSIONE-Guerini-scaled-e1625755810985.jpg" />
	<meta property="og:image:width" content="248" />
	<meta property="og:image:height" content="350" />
	<meta property="og:image:type" content="image/jpeg" />
<meta name="twitter:card" content="summary_large_image" />
<meta name="twitter:label1" content="Tempo di lettura stimato" />
	<meta name="twitter:data1" content="3 minuti" />
<!-- / Yoast SEO plugin. -->

Uno sviluppo dei fondi pensione consentirà un futuro migliore a tutti i lavoratori. Il volume consente al lettore di comprendere il funzionamento di questi strumenti di risparmio.

30 anni di libri, idee e libertà
