{"id":22259,"date":"2022-02-18T11:07:49","date_gmt":"2022-02-18T10:07:49","guid":{"rendered":"https:\/\/www.guerini.it\/?post_type=product&#038;p=22259"},"modified":"2024-06-09T20:25:14","modified_gmt":"2024-06-09T18:25:14","slug":"il-pugno-nel-cuore","status":"publish","type":"product","link":"https:\/\/www.guerini.it\/index.php\/prodotto\/il-pugno-nel-cuore\/","title":{"rendered":"Il pugno nel cuore"},"content":{"rendered":"<p style=\"text-align: justify;\">Quasi una donna su tre, nel mondo, dichiara di aver subito una violenza fisica o sessuale. Nel 2020, in Italia, ogni tre giorni una donna \u00e8 stata vittima di femminicidio. Accanto alla ferocia di queste aggressioni, ci\u00f2 che colpisce della violenza contro le donne \u00e8 la sua ostinata presenza nel nostro quotidiano, la sua presenza tra le mura domestiche, che spesso nascondono un dolore celato e vissuto in famiglia.<br \/>\n\u00c8 questo il \u00abpugno nel cuore\u00bb, una violenza che coinvolge nel profondo gli affetti, i sentimenti, le emozioni di chi la subisce, ma anche di chi entra in contatto con le vittime per il ruolo che \u00e8 chiamato a rivestire.<br \/>\nDal rapporto sulle attivit\u00e0 svolte da operatori qualificati \u2013 medici, assistenti sociali, magistrati, agenti di polizia \u2013, in costante dialogo interdisciplinare e multiprofessionale fra loro, emerge un quadro allarmante e complesso, di un fenomeno radicato nella cultura e negli stereotipi di genere della popolazione, sia femminile che maschile.<br \/>\nFondamentali risultano l\u2019ascolto dei bisogni della vittima, l\u2019accoglienza e l\u2019accompagnamento a un percorso di uscita dalla violenza, cos\u00ec come l\u2019attivit\u00e0 di contrasto per prevenire la violenza e le iniziative di sensibilizzazione dell\u2019opinione pubblica su cui il rapporto si sofferma. Nel libro vengono evidenziate metodologie utilizzate, prassi e interventi di prevenzione delle vittime e dei maltrattanti, procedure di sostegno alle vittime attuate in sinergia con le reti territoriali, le Case rifugio e i Centri antiviolenza, politiche integrate di contrasto alla violenza di genere mutuate dai principi della Convenzione di Istanbul.<\/p>\n<hr \/>\n<p style=\"text-align: justify;\"><strong>PoliS-Lombardia<\/strong> \u00e8 ente pubblico strumentale di Regione Lombardia, nasce il 1\u00b0 gennaio 2018 dalla fusione di precedenti enti e agenzie, con la mission di supportare progettazione, realizzazione e valutazione delle politiche regionali. Ha ottenuto la certificazione di qualit\u00e0 per le attivit\u00e0 che svolge.<br \/>\n<strong>Direttore generale: Fulvio Matone<\/strong><br \/>\n<strong>Direttore scientifico: Armando De Crinito<\/strong><\/p>\n","protected":false},"excerpt":{"rendered":"<p>Quasi una donna su tre, nel mondo, dichiara di aver subito una violenza fisica o sessuale. Nel 2020, in Italia, ogni tre giorni una donna \u00e8 stata vittima di femminicidio. [&hellip;]<\/p>\n","protected":false},"featured_media":22260,"template":"","meta":{"_editorskit_title_hidden":false,"_editorskit_reading_time":0,"_editorskit_is_block_options_detached":false,"_editorskit_block_options_position":"{}","_monsterinsights_skip_tracking":false,"_monsterinsights_sitenote_active":false,"_monsterinsights_sitenote_note":"","_monsterinsights_sitenote_category":0},"product_brand":[],"product_cat":[6938],"product_tag":[6756,7009,7538,7537,7536,7008],"class_list":{"0":"post-22259","1":"product","2":"type-product","3":"status-publish","4":"has-post-thumbnail","6":"product_cat-serie-polis-lombardia","7":"product_tag-ambiente","8":"product_tag-donne","9":"product_tag-femminicidio","10":"product_tag-lombardia","11":"product_tag-medicina","12":"product_tag-violenza-di-genere","13":"pa_guerini_amazon_link-https-www-amazon-it-cuore-conoscenza-competenze-contrastare-violenza-dp-8862508301","14":"pa_guerini_feltrinelli_link-https-tidd-ly-3h4hn1y","15":"pa_guerini_ibs_link-https-www-ibs-it-pugno-nel-cuore-conoscenza-competenze-libro-vari-e-9788862508308","16":"pa_guerini_libruniver_link-https-www-libreriauniversitaria-it-pugno-cuore-conoscenza-competenze-contrastare-libro-9788862508308","17":"pa_guerini_mondadori_link-https-www-mondadoristore-it-pugno-cuore-conoscenza-na-eai978886250830","19":"first","20":"instock","21":"sale","22":"shipping-taxable","23":"purchasable","24":"product-type-simple"},"yoast_head":"<!-- This site is optimized with the Yoast SEO plugin v25.4 - https:\/\/yoast.com\/wordpress\/plugins\/seo\/ -->\n<title>Il pugno nel cuore - Guerini e Associati<\/title>\n<meta name=\"robots\" content=\"index, follow, max-snippet:-1, max-image-preview:large, max-video-preview:-1\" \/>\n<link rel=\"canonical\" href=\"https:\/\/www.guerini.it\/index.php\/prodotto\/il-pugno-nel-cuore\/\" \/>\n<meta property=\"og:locale\" content=\"it_IT\" \/>\n<meta property=\"og:type\" content=\"article\" \/>\n<meta property=\"og:title\" content=\"Il pugno nel cuore - Guerini e Associati\" \/>\n<meta property=\"og:description\" content=\"Quasi una donna su tre, nel mondo, dichiara di aver subito una violenza fisica o sessuale. Nel 2020, in Italia, ogni tre giorni una donna \u00e8 stata vittima di femminicidio. [&hellip;]\" \/>\n<meta property=\"og:url\" content=\"https:\/\/www.guerini.it\/index.php\/prodotto\/il-pugno-nel-cuore\/\" \/>\n<meta property=\"og:site_name\" content=\"Guerini e Associati\" \/>\n<meta property=\"article:modified_time\" content=\"2024-06-09T18:25:14+00:00\" \/>\n<meta property=\"og:image\" content=\"https:\/\/www.guerini.it\/wp-content\/uploads\/2021\/10\/Front-Cover-PUGNO-NEL-CUORE-PoliS_bordo-scaled-e1633075368533.jpg\" \/>\n\t<meta property=\"og:image:width\" content=\"246\" \/>\n\t<meta property=\"og:image:height\" content=\"350\" \/>\n\t<meta property=\"og:image:type\" content=\"image\/jpeg\" \/>\n<meta name=\"twitter:card\" content=\"summary_large_image\" \/>\n<meta name=\"twitter:label1\" content=\"Tempo di lettura stimato\" \/>\n\t<meta name=\"twitter:data1\" content=\"2 minuti\" \/>\n<!-- \/ Yoast SEO plugin. -->","yoast_head_json":{"title":"Il pugno nel cuore - Guerini e Associati","robots":{"index":"index","follow":"follow","max-snippet":"max-snippet:-1","max-image-preview":"max-image-preview:large","max-video-preview":"max-video-preview:-1"},"canonical":"https:\/\/www.guerini.it\/index.php\/prodotto\/il-pugno-nel-cuore\/","og_locale":"it_IT","og_type":"article","og_title":"Il pugno nel cuore - Guerini e Associati","og_description":"Quasi una donna su tre, nel mondo, dichiara di aver subito una violenza fisica o sessuale. Nel 2020, in Italia, ogni tre giorni una donna \u00e8 stata vittima di femminicidio. [&hellip;]","og_url":"https:\/\/www.guerini.it\/index.php\/prodotto\/il-pugno-nel-cuore\/","og_site_name":"Guerini e Associati","article_modified_time":"2024-06-09T18:25:14+00:00","og_image":[{"width":246,"height":350,"url":"https:\/\/www.guerini.it\/wp-content\/uploads\/2021\/10\/Front-Cover-PUGNO-NEL-CUORE-PoliS_bordo-scaled-e1633075368533.jpg","type":"image\/jpeg"}],"twitter_card":"summary_large_image","twitter_misc":{"Tempo di lettura stimato":"2 minuti"},"schema":{"@context":"https:\/\/schema.org","@graph":[{"@type":"WebPage","@id":"https:\/\/www.guerini.it\/index.php\/prodotto\/il-pugno-nel-cuore\/","url":"https:\/\/www.guerini.it\/index.php\/prodotto\/il-pugno-nel-cuore\/","name":"Il pugno nel cuore - Guerini e Associati","isPartOf":{"@id":"https:\/\/www.guerini.it\/#website"},"primaryImageOfPage":{"@id":"https:\/\/www.guerini.it\/index.php\/prodotto\/il-pugno-nel-cuore\/#primaryimage"},"image":{"@id":"https:\/\/www.guerini.it\/index.php\/prodotto\/il-pugno-nel-cuore\/#primaryimage"},"thumbnailUrl":"https:\/\/www.guerini.it\/wp-content\/uploads\/2021\/10\/Front-Cover-PUGNO-NEL-CUORE-PoliS_bordo-scaled-e1633075368533.jpg","datePublished":"2022-02-18T10:07:49+00:00","dateModified":"2024-06-09T18:25:14+00:00","breadcrumb":{"@id":"https:\/\/www.guerini.it\/index.php\/prodotto\/il-pugno-nel-cuore\/#breadcrumb"},"inLanguage":"it-IT","potentialAction":[{"@type":"ReadAction","target":["https:\/\/www.guerini.it\/index.php\/prodotto\/il-pugno-nel-cuore\/"]}]},{"@type":"ImageObject","inLanguage":"it-IT","@id":"https:\/\/www.guerini.it\/index.php\/prodotto\/il-pugno-nel-cuore\/#primaryimage","url":"https:\/\/www.guerini.it\/wp-content\/uploads\/2021\/10\/Front-Cover-PUGNO-NEL-CUORE-PoliS_bordo-scaled-e1633075368533.jpg","contentUrl":"https:\/\/www.guerini.it\/wp-content\/uploads\/2021\/10\/Front-Cover-PUGNO-NEL-CUORE-PoliS_bordo-scaled-e1633075368533.jpg","width":246,"height":350,"caption":"Front Cover - PUGNO NEL CUORE - PoliS"},{"@type":"BreadcrumbList","@id":"https:\/\/www.guerini.it\/index.php\/prodotto\/il-pugno-nel-cuore\/#breadcrumb","itemListElement":[{"@type":"ListItem","position":1,"name":"Home","item":"https:\/\/www.guerini.it\/"},{"@type":"ListItem","position":2,"name":"Catalogo","item":"https:\/\/www.guerini.it\/index.php\/negozio\/"},{"@type":"ListItem","position":3,"name":"Il pugno nel cuore"}]},{"@type":"WebSite","@id":"https:\/\/www.guerini.it\/#website","url":"https:\/\/www.guerini.it\/","name":"Guerini e Associati","description":"30 anni di libri, idee e libert\u00e0","publisher":{"@id":"https:\/\/www.guerini.it\/#organization"},"potentialAction":[{"@type":"SearchAction","target":{"@type":"EntryPoint","urlTemplate":"https:\/\/www.guerini.it\/?s={search_term_string}"},"query-input":{"@type":"PropertyValueSpecification","valueRequired":true,"valueName":"search_term_string"}}],"inLanguage":"it-IT"},{"@type":"Organization","@id":"https:\/\/www.guerini.it\/#organization","name":"Guerini e Associati","url":"https:\/\/www.guerini.it\/","logo":{"@type":"ImageObject","inLanguage":"it-IT","@id":"https:\/\/www.guerini.it\/#\/schema\/logo\/image\/","url":"https:\/\/www.guerini.it\/wp-content\/uploads\/2021\/03\/Logo-Guerini-OK_-e1615831292285.png","contentUrl":"https:\/\/www.guerini.it\/wp-content\/uploads\/2021\/03\/Logo-Guerini-OK_-e1615831292285.png","width":2805,"height":1870,"caption":"Guerini e Associati"},"image":{"@id":"https:\/\/www.guerini.it\/#\/schema\/logo\/image\/"}}]}},"_links":{"self":[{"href":"https:\/\/www.guerini.it\/index.php\/wp-json\/wp\/v2\/product\/22259","targetHints":{"allow":["GET"]}}],"collection":[{"href":"https:\/\/www.guerini.it\/index.php\/wp-json\/wp\/v2\/product"}],"about":[{"href":"https:\/\/www.guerini.it\/index.php\/wp-json\/wp\/v2\/types\/product"}],"wp:featuredmedia":[{"embeddable":true,"href":"https:\/\/www.guerini.it\/index.php\/wp-json\/wp\/v2\/media\/22260"}],"wp:attachment":[{"href":"https:\/\/www.guerini.it\/index.php\/wp-json\/wp\/v2\/media?parent=22259"}],"wp:term":[{"taxonomy":"product_brand","embeddable":true,"href":"https:\/\/www.guerini.it\/index.php\/wp-json\/wp\/v2\/product_brand?post=22259"},{"taxonomy":"product_cat","embeddable":true,"href":"https:\/\/www.guerini.it\/index.php\/wp-json\/wp\/v2\/product_cat?post=22259"},{"taxonomy":"product_tag","embeddable":true,"href":"https:\/\/www.guerini.it\/index.php\/wp-json\/wp\/v2\/product_tag?post=22259"}],"curies":[{"name":"wp","href":"https:\/\/api.w.org\/{rel}","templated":true}]}}