{"id":22312,"date":"2021-11-19T15:23:52","date_gmt":"2021-11-19T14:23:52","guid":{"rendered":"https:\/\/www.guerini.it\/?post_type=product&#038;p=22312"},"modified":"2024-06-09T20:25:16","modified_gmt":"2024-06-09T18:25:16","slug":"le-tecnologie-assistive-per-linclusione-socio-lavorativa-delle-persone-con-disabilita","status":"publish","type":"product","link":"https:\/\/www.guerini.it\/index.php\/prodotto\/le-tecnologie-assistive-per-linclusione-socio-lavorativa-delle-persone-con-disabilita\/","title":{"rendered":"Le tecnologie assistive per l\u2019inclusione socio-lavorativa delle persone con disabilit\u00e0"},"content":{"rendered":"<p style=\"text-align: justify;\">Le tecnologie assistive (TA) hanno un ruolo strategico nel consentire alle persone con disabilit\u00e0 di competere con tutte le altre per quanto riguarda l\u2019accesso al mercato del lavoro, l\u2019assunzione, e lo svolgimento delle mansioni lavorative assegnate.<br \/>\nScegliere una TA per il lavoro non significa assolvere all\u2019obbligo imposto dalla normativa, ma sostenere e rendere possibile il processo di inclusione socio-lavorativa di una persona con disabilit\u00e0, riconoscerla in quanto lavoratore che pu\u00f2 contribuire alla vita di una determinata realt\u00e0 economico produttiva, ufficializzarne l\u2019appartenenza, il ruolo e permetterle cos\u00ec di realizzare il suo progetto di vita.<br \/>\n\u00c8 a partire da queste considerazioni che si sviluppa la riflessione contenuta nel volume che dopo la presentazione di alcuni <em>sfondi<\/em> teorici, illustra <em>percorsi<\/em>, <em>risorse<\/em> e <em>possibilit\u00e0<\/em> utili a supportare quanti sono chiamati a scegliere una TA per sostenere il processo di inclusione socio-lavorativa delle persone con disabilit\u00e0.<\/p>\n<hr \/>\n<p style=\"text-align: justify;\"><strong>FABIO SACCHI<\/strong> \u00e8 dottorando della Scuola in Formazione della Persona e Mercato del Lavoro dell\u2019Universit\u00e0 degli Studi di Bergamo. I suoi interessi di ricerca sono quelli relativi alla persona adulta con disabilit\u00e0, alle strategie e alle figure professionali per sostenerne l\u2019inclusione lavorativa.<\/p>\n","protected":false},"excerpt":{"rendered":"<p>Le tecnologie assistive (TA) hanno un ruolo strategico nel consentire alle persone con disabilit\u00e0 di competere con tutte le altre per quanto riguarda l\u2019accesso al mercato del lavoro, l\u2019assunzione, e [&hellip;]<\/p>\n","protected":false},"featured_media":22313,"template":"","meta":{"_editorskit_title_hidden":false,"_editorskit_reading_time":0,"_editorskit_is_block_options_detached":false,"_editorskit_block_options_position":"{}","_monsterinsights_skip_tracking":false,"_monsterinsights_sitenote_active":false,"_monsterinsights_sitenote_note":"","_monsterinsights_sitenote_category":0},"product_brand":[],"product_cat":[6686],"product_tag":[7654,7067,7653],"class_list":{"0":"post-22312","1":"product","2":"type-product","3":"status-publish","4":"has-post-thumbnail","6":"product_cat-processi-formativi-e-scienze-dell-educazione-pedagogia-speciale-e-dell-inclusione","7":"product_tag-disabilita","8":"product_tag-inclusione","9":"product_tag-pedagogia","10":"pa_guerini_amazon_link-https-www-amazon-it-tecnologie-assistive-linclusione-socio-lavorativa-disabilit-dp-8881074532","11":"pa_guerini_feltrinelli_link-https-www-lafeltrinelli-it-tecnologie-assistive-per-inclusione-socio-libro-fabio-sacchi-e-9788881074532","12":"pa_guerini_ibs_link-https-www-ibs-it-tecnologie-assistive-per-inclusione-socio-libro-fabio-sacchi-e-9788881074532","13":"pa_guerini_libruniver_link-https-www-libreriauniversitaria-it-tecnologie-assistive-inclusione-socio-lavorativa-libro-9788881074532","14":"pa_guerini_mondadori_link-https-www-mondadoristore-it-tecnologie-assistive-fabio-sacchi-eai978888107453","16":"first","17":"instock","18":"sale","19":"shipping-taxable","20":"purchasable","21":"product-type-simple"},"yoast_head":"<!-- This site is optimized with the Yoast SEO plugin v25.4 - https:\/\/yoast.com\/wordpress\/plugins\/seo\/ -->\n<title>Le tecnologie assistive per l\u2019inclusione socio-lavorativa delle persone con disabilit\u00e0 - Guerini e Associati<\/title>\n<meta name=\"robots\" content=\"index, follow, max-snippet:-1, max-image-preview:large, max-video-preview:-1\" \/>\n<link rel=\"canonical\" href=\"https:\/\/www.guerini.it\/index.php\/prodotto\/le-tecnologie-assistive-per-linclusione-socio-lavorativa-delle-persone-con-disabilita\/\" \/>\n<meta property=\"og:locale\" content=\"it_IT\" \/>\n<meta property=\"og:type\" content=\"article\" \/>\n<meta property=\"og:title\" content=\"Le tecnologie assistive per l\u2019inclusione socio-lavorativa delle persone con disabilit\u00e0 - Guerini e Associati\" \/>\n<meta property=\"og:description\" content=\"Le tecnologie assistive (TA) hanno un ruolo strategico nel consentire alle persone con disabilit\u00e0 di competere con tutte le altre per quanto riguarda l\u2019accesso al mercato del lavoro, l\u2019assunzione, e [&hellip;]\" \/>\n<meta property=\"og:url\" content=\"https:\/\/www.guerini.it\/index.php\/prodotto\/le-tecnologie-assistive-per-linclusione-socio-lavorativa-delle-persone-con-disabilita\/\" \/>\n<meta property=\"og:site_name\" content=\"Guerini e Associati\" \/>\n<meta property=\"article:modified_time\" content=\"2024-06-09T18:25:16+00:00\" \/>\n<meta property=\"og:image\" content=\"https:\/\/www.guerini.it\/wp-content\/uploads\/2021\/11\/Cop.-Sacchi-2b-scaled-e1637331646205.jpg\" \/>\n\t<meta property=\"og:image:width\" content=\"227\" \/>\n\t<meta property=\"og:image:height\" content=\"350\" \/>\n\t<meta property=\"og:image:type\" content=\"image\/jpeg\" \/>\n<meta name=\"twitter:card\" content=\"summary_large_image\" \/>\n<meta name=\"twitter:label1\" content=\"Tempo di lettura stimato\" \/>\n\t<meta name=\"twitter:data1\" content=\"2 minuti\" \/>\n<!-- \/ Yoast SEO plugin. -->","yoast_head_json":{"title":"Le tecnologie assistive per l\u2019inclusione socio-lavorativa delle persone con disabilit\u00e0 - Guerini e Associati","robots":{"index":"index","follow":"follow","max-snippet":"max-snippet:-1","max-image-preview":"max-image-preview:large","max-video-preview":"max-video-preview:-1"},"canonical":"https:\/\/www.guerini.it\/index.php\/prodotto\/le-tecnologie-assistive-per-linclusione-socio-lavorativa-delle-persone-con-disabilita\/","og_locale":"it_IT","og_type":"article","og_title":"Le tecnologie assistive per l\u2019inclusione socio-lavorativa delle persone con disabilit\u00e0 - Guerini e Associati","og_description":"Le tecnologie assistive (TA) hanno un ruolo strategico nel consentire alle persone con disabilit\u00e0 di competere con tutte le altre per quanto riguarda l\u2019accesso al mercato del lavoro, l\u2019assunzione, e [&hellip;]","og_url":"https:\/\/www.guerini.it\/index.php\/prodotto\/le-tecnologie-assistive-per-linclusione-socio-lavorativa-delle-persone-con-disabilita\/","og_site_name":"Guerini e Associati","article_modified_time":"2024-06-09T18:25:16+00:00","og_image":[{"width":227,"height":350,"url":"https:\/\/www.guerini.it\/wp-content\/uploads\/2021\/11\/Cop.-Sacchi-2b-scaled-e1637331646205.jpg","type":"image\/jpeg"}],"twitter_card":"summary_large_image","twitter_misc":{"Tempo di lettura stimato":"2 minuti"},"schema":{"@context":"https:\/\/schema.org","@graph":[{"@type":"WebPage","@id":"https:\/\/www.guerini.it\/index.php\/prodotto\/le-tecnologie-assistive-per-linclusione-socio-lavorativa-delle-persone-con-disabilita\/","url":"https:\/\/www.guerini.it\/index.php\/prodotto\/le-tecnologie-assistive-per-linclusione-socio-lavorativa-delle-persone-con-disabilita\/","name":"Le tecnologie assistive per l\u2019inclusione socio-lavorativa delle persone con disabilit\u00e0 - Guerini e Associati","isPartOf":{"@id":"https:\/\/www.guerini.it\/#website"},"primaryImageOfPage":{"@id":"https:\/\/www.guerini.it\/index.php\/prodotto\/le-tecnologie-assistive-per-linclusione-socio-lavorativa-delle-persone-con-disabilita\/#primaryimage"},"image":{"@id":"https:\/\/www.guerini.it\/index.php\/prodotto\/le-tecnologie-assistive-per-linclusione-socio-lavorativa-delle-persone-con-disabilita\/#primaryimage"},"thumbnailUrl":"https:\/\/www.guerini.it\/wp-content\/uploads\/2021\/11\/Cop.-Sacchi-2b-scaled-e1637331646205.jpg","datePublished":"2021-11-19T14:23:52+00:00","dateModified":"2024-06-09T18:25:16+00:00","breadcrumb":{"@id":"https:\/\/www.guerini.it\/index.php\/prodotto\/le-tecnologie-assistive-per-linclusione-socio-lavorativa-delle-persone-con-disabilita\/#breadcrumb"},"inLanguage":"it-IT","potentialAction":[{"@type":"ReadAction","target":["https:\/\/www.guerini.it\/index.php\/prodotto\/le-tecnologie-assistive-per-linclusione-socio-lavorativa-delle-persone-con-disabilita\/"]}]},{"@type":"ImageObject","inLanguage":"it-IT","@id":"https:\/\/www.guerini.it\/index.php\/prodotto\/le-tecnologie-assistive-per-linclusione-socio-lavorativa-delle-persone-con-disabilita\/#primaryimage","url":"https:\/\/www.guerini.it\/wp-content\/uploads\/2021\/11\/Cop.-Sacchi-2b-scaled-e1637331646205.jpg","contentUrl":"https:\/\/www.guerini.it\/wp-content\/uploads\/2021\/11\/Cop.-Sacchi-2b-scaled-e1637331646205.jpg","width":227,"height":350,"caption":"Cover Le tecnologie assistive"},{"@type":"BreadcrumbList","@id":"https:\/\/www.guerini.it\/index.php\/prodotto\/le-tecnologie-assistive-per-linclusione-socio-lavorativa-delle-persone-con-disabilita\/#breadcrumb","itemListElement":[{"@type":"ListItem","position":1,"name":"Home","item":"https:\/\/www.guerini.it\/"},{"@type":"ListItem","position":2,"name":"Catalogo","item":"https:\/\/www.guerini.it\/index.php\/negozio\/"},{"@type":"ListItem","position":3,"name":"Le tecnologie assistive per l\u2019inclusione socio-lavorativa delle persone con disabilit\u00e0"}]},{"@type":"WebSite","@id":"https:\/\/www.guerini.it\/#website","url":"https:\/\/www.guerini.it\/","name":"Guerini e Associati","description":"30 anni di libri, idee e libert\u00e0","publisher":{"@id":"https:\/\/www.guerini.it\/#organization"},"potentialAction":[{"@type":"SearchAction","target":{"@type":"EntryPoint","urlTemplate":"https:\/\/www.guerini.it\/?s={search_term_string}"},"query-input":{"@type":"PropertyValueSpecification","valueRequired":true,"valueName":"search_term_string"}}],"inLanguage":"it-IT"},{"@type":"Organization","@id":"https:\/\/www.guerini.it\/#organization","name":"Guerini e Associati","url":"https:\/\/www.guerini.it\/","logo":{"@type":"ImageObject","inLanguage":"it-IT","@id":"https:\/\/www.guerini.it\/#\/schema\/logo\/image\/","url":"https:\/\/www.guerini.it\/wp-content\/uploads\/2021\/03\/Logo-Guerini-OK_-e1615831292285.png","contentUrl":"https:\/\/www.guerini.it\/wp-content\/uploads\/2021\/03\/Logo-Guerini-OK_-e1615831292285.png","width":2805,"height":1870,"caption":"Guerini e Associati"},"image":{"@id":"https:\/\/www.guerini.it\/#\/schema\/logo\/image\/"}}]}},"_links":{"self":[{"href":"https:\/\/www.guerini.it\/index.php\/wp-json\/wp\/v2\/product\/22312","targetHints":{"allow":["GET"]}}],"collection":[{"href":"https:\/\/www.guerini.it\/index.php\/wp-json\/wp\/v2\/product"}],"about":[{"href":"https:\/\/www.guerini.it\/index.php\/wp-json\/wp\/v2\/types\/product"}],"wp:featuredmedia":[{"embeddable":true,"href":"https:\/\/www.guerini.it\/index.php\/wp-json\/wp\/v2\/media\/22313"}],"wp:attachment":[{"href":"https:\/\/www.guerini.it\/index.php\/wp-json\/wp\/v2\/media?parent=22312"}],"wp:term":[{"taxonomy":"product_brand","embeddable":true,"href":"https:\/\/www.guerini.it\/index.php\/wp-json\/wp\/v2\/product_brand?post=22312"},{"taxonomy":"product_cat","embeddable":true,"href":"https:\/\/www.guerini.it\/index.php\/wp-json\/wp\/v2\/product_cat?post=22312"},{"taxonomy":"product_tag","embeddable":true,"href":"https:\/\/www.guerini.it\/index.php\/wp-json\/wp\/v2\/product_tag?post=22312"}],"curies":[{"name":"wp","href":"https:\/\/api.w.org\/{rel}","templated":true}]}}

Le tecnologie assistive per l’inclusione socio-lavorativa delle persone con disabilità

<p style="text-align: justify;">Le tecnologie assistive (TA) hanno un ruolo strategico nel consentire alle persone con disabilità di competere con tutte le altre per quanto riguarda l’accesso al mercato del lavoro, l’assunzione, e lo svolgimento delle mansioni lavorative assegnate.<br />
Scegliere una TA per il lavoro non significa assolvere all’obbligo imposto dalla normativa, ma sostenere e rendere possibile il processo di inclusione socio-lavorativa di una persona con disabilità, riconoscerla in quanto lavoratore che può contribuire alla vita di una determinata realtà economico produttiva, ufficializzarne l’appartenenza, il ruolo e permetterle così di realizzare il suo progetto di vita.<br />
È a partire da queste considerazioni che si sviluppa la riflessione contenuta nel volume che dopo la presentazione di alcuni <em>sfondi</em> teorici, illustra <em>percorsi</em>, <em>risorse</em> e <em>possibilità</em> utili a supportare quanti sono chiamati a scegliere una TA per sostenere il processo di inclusione socio-lavorativa delle persone con disabilità.</p>
<hr />
<p style="text-align: justify;"><strong>FABIO SACCHI</strong> è dottorando della Scuola in Formazione della Persona e Mercato del Lavoro dell’Università degli Studi di Bergamo. I suoi interessi di ricerca sono quelli relativi alla persona adulta con disabilità, alle strategie e alle figure professionali per sostenerne l’inclusione lavorativa.</p>

<p>Le tecnologie assistive (TA) hanno un ruolo strategico nel consentire alle persone con disabilità di competere con tutte le altre per quanto riguarda l’accesso al mercato del lavoro, l’assunzione, e [&hellip;]</p>

<!-- This site is optimized with the Yoast SEO plugin v25.4 - https://yoast.com/wordpress/plugins/seo/ -->
<title>Le tecnologie assistive per l’inclusione socio-lavorativa delle persone con disabilità - Guerini e Associati</title>
<meta name="robots" content="index, follow, max-snippet:-1, max-image-preview:large, max-video-preview:-1" />
<link rel="canonical" href="https://www.guerini.it/index.php/prodotto/le-tecnologie-assistive-per-linclusione-socio-lavorativa-delle-persone-con-disabilita/" />
<meta property="og:locale" content="it_IT" />
<meta property="og:type" content="article" />
<meta property="og:title" content="Le tecnologie assistive per l’inclusione socio-lavorativa delle persone con disabilità - Guerini e Associati" />
<meta property="og:description" content="Le tecnologie assistive (TA) hanno un ruolo strategico nel consentire alle persone con disabilità di competere con tutte le altre per quanto riguarda l’accesso al mercato del lavoro, l’assunzione, e [&hellip;]" />
<meta property="og:url" content="https://www.guerini.it/index.php/prodotto/le-tecnologie-assistive-per-linclusione-socio-lavorativa-delle-persone-con-disabilita/" />
<meta property="og:site_name" content="Guerini e Associati" />
<meta property="article:modified_time" content="2024-06-09T18:25:16+00:00" />
<meta property="og:image" content="https://www.guerini.it/wp-content/uploads/2021/11/Cop.-Sacchi-2b-scaled-e1637331646205.jpg" />
	<meta property="og:image:width" content="227" />
	<meta property="og:image:height" content="350" />
	<meta property="og:image:type" content="image/jpeg" />
<meta name="twitter:card" content="summary_large_image" />
<meta name="twitter:label1" content="Tempo di lettura stimato" />
	<meta name="twitter:data1" content="2 minuti" />
<!-- / Yoast SEO plugin. -->

Le tecnologie assistive per l’inclusione socio-lavorativa delle persone con disabilità - Guerini e Associati

Le tecnologie assistive (TA) hanno un ruolo strategico nel consentire alle persone con disabilità di competere con tutte le altre per quanto riguarda l’accesso al mercato del lavoro, l’assunzione, e [&hellip;]

30 anni di libri, idee e libertà
