{"id":22316,"date":"2021-11-19T16:12:49","date_gmt":"2021-11-19T15:12:49","guid":{"rendered":"https:\/\/www.guerini.it\/?post_type=product&#038;p=22316"},"modified":"2026-01-22T10:39:31","modified_gmt":"2026-01-22T09:39:31","slug":"lesistere-pedagogico","status":"publish","type":"product","link":"https:\/\/www.guerini.it\/index.php\/prodotto\/lesistere-pedagogico\/","title":{"rendered":"L\u2019esistere pedagogico"},"content":{"rendered":"<p style=\"text-align: justify;\"><em>L\u2019esistere pedagogico<\/em> \u00e8 il testo fondativo in cui Piero Bertolini delinea un quadro teoretico all\u2019interno del quale assumono significato le idee, le pratiche e le politiche ispirate a un approccio fenomenologico all\u2019esperienza educativa variamente intesa.<br \/>\nSulla scorta della fenomenologia di Edmund Husserl, l\u2019autore intende fondare una pedagogia come scienza rigorosa per offrire alla riflessione pedagogica quell\u2019autorevolezza e quel rigore in grado di superare sia lo spontaneismo naif della pratica sia il dogmatismo rigido delle scienze dure.<br \/>\nIn questo testo prende forma una pedagogia rigorosa, ma non rigida; autorevole ma non dogmatica; autonoma, ma non chiusa. Di questa disciplina Bertolini sviluppa le applicazioni metodologiche e pratiche e tratteggia il profilo di competenze di un educatore che su quel sapere fonda la sua professionalit\u00e0.<\/p>\n<hr \/>\n<p style=\"text-align: justify;\"><strong>PIERO BERTOLINI<\/strong> (1931-2006) \u00e8 stato professore di Pedagogia Generale all\u2019Universit\u00e0 di Bologna per quasi quarant\u2019anni, dopo aver diretto per un decennio l\u2019istituto minorile \u00abCesare Beccaria\u00bb di Milano. Ha fondato e diretto le riviste Infanzia e Encyclopaideia, svariate collane editoriali e pubblicato decine di volumi che lo hanno reso una delle figure pi\u00f9 rilevanti della pedagogia del secondo dopoguerra.<\/p>\n<p style=\"text-align: justify;\"><strong>MASSIMILIANO TAROZZI<\/strong> \u00e8 professore ordinario di Pedagogia generale presso il dipartimento di Scienze per la qualit\u00e0 della vita, Universit\u00e0 di Bologna, ed \u00e8 titolare della cattedra UNESCO sull\u2019educazione alla cittadinanza globale. \u00c8 stato allievo di Piero Bertolini.<\/p>\n","protected":false},"excerpt":{"rendered":"<p>L\u2019esistere pedagogico \u00e8 il testo fondativo in cui Piero Bertolini delinea un quadro teoretico all\u2019interno del quale assumono significato le idee, le pratiche e le politiche ispirate a un approccio [&hellip;]<\/p>\n","protected":false},"featured_media":22317,"template":"","meta":{"_editorskit_title_hidden":false,"_editorskit_reading_time":0,"_editorskit_is_block_options_detached":false,"_editorskit_block_options_position":"{}","_monsterinsights_skip_tracking":false,"_monsterinsights_sitenote_active":false,"_monsterinsights_sitenote_note":"","_monsterinsights_sitenote_category":0},"product_brand":[],"product_cat":[6672],"product_tag":[6821,6822,7653],"class_list":{"0":"post-22316","1":"product","2":"type-product","3":"status-publish","4":"has-post-thumbnail","6":"product_cat-processi-formativi-nuova-serie","7":"product_tag-ambienti-educativi","8":"product_tag-educazione","9":"product_tag-pedagogia","10":"pa_guerini_amazon_link-https-www-amazon-it-lesistere-pedagogico-ragioni-pedagogia-fenomenologicamente-dp-8881074540","11":"pa_guerini_feltrinelli_link-https-www-lafeltrinelli-it-esistere-pedagogico-ragioni-limiti-di-libro-piero-bertolini-e-9788881074549","12":"pa_guerini_ibs_link-https-www-ibs-it-esistere-pedagogico-ragioni-limiti-di-libro-piero-bertolini-e-9788881074549","13":"pa_guerini_libruniver_link-https-www-libreriauniversitaria-it-esistere-pedagogico-ragioni-limiti-pedagogia-libro-9788881074549","14":"pa_guerini_mondadori_link-https-www-mondadoristore-it-esistere-pedagogico-ragioni-piero-bertolini-eai978888107454","16":"first","17":"instock","18":"sale","19":"shipping-taxable","20":"purchasable","21":"product-type-simple"},"yoast_head":"<!-- This site is optimized with the Yoast SEO plugin v25.4 - https:\/\/yoast.com\/wordpress\/plugins\/seo\/ -->\n<title>L\u2019esistere pedagogico - Guerini e Associati<\/title>\n<meta name=\"robots\" content=\"index, follow, max-snippet:-1, max-image-preview:large, max-video-preview:-1\" \/>\n<link rel=\"canonical\" href=\"https:\/\/www.guerini.it\/index.php\/prodotto\/lesistere-pedagogico\/\" \/>\n<meta property=\"og:locale\" content=\"it_IT\" \/>\n<meta property=\"og:type\" content=\"article\" \/>\n<meta property=\"og:title\" content=\"L\u2019esistere pedagogico - Guerini e Associati\" \/>\n<meta property=\"og:description\" content=\"L\u2019esistere pedagogico \u00e8 il testo fondativo in cui Piero Bertolini delinea un quadro teoretico all\u2019interno del quale assumono significato le idee, le pratiche e le politiche ispirate a un approccio [&hellip;]\" \/>\n<meta property=\"og:url\" content=\"https:\/\/www.guerini.it\/index.php\/prodotto\/lesistere-pedagogico\/\" \/>\n<meta property=\"og:site_name\" content=\"Guerini e Associati\" \/>\n<meta property=\"article:modified_time\" content=\"2026-01-22T09:39:31+00:00\" \/>\n<meta property=\"og:image\" content=\"https:\/\/www.guerini.it\/wp-content\/uploads\/2021\/11\/Cop.Lesistere-pedagogico-scaled-e1637334294113.jpg\" \/>\n\t<meta property=\"og:image:width\" content=\"222\" \/>\n\t<meta property=\"og:image:height\" content=\"350\" \/>\n\t<meta property=\"og:image:type\" content=\"image\/jpeg\" \/>\n<meta name=\"twitter:card\" content=\"summary_large_image\" \/>\n<meta name=\"twitter:label1\" content=\"Tempo di lettura stimato\" \/>\n\t<meta name=\"twitter:data1\" content=\"2 minuti\" \/>\n<!-- \/ Yoast SEO plugin. -->","yoast_head_json":{"title":"L\u2019esistere pedagogico - Guerini e Associati","robots":{"index":"index","follow":"follow","max-snippet":"max-snippet:-1","max-image-preview":"max-image-preview:large","max-video-preview":"max-video-preview:-1"},"canonical":"https:\/\/www.guerini.it\/index.php\/prodotto\/lesistere-pedagogico\/","og_locale":"it_IT","og_type":"article","og_title":"L\u2019esistere pedagogico - Guerini e Associati","og_description":"L\u2019esistere pedagogico \u00e8 il testo fondativo in cui Piero Bertolini delinea un quadro teoretico all\u2019interno del quale assumono significato le idee, le pratiche e le politiche ispirate a un approccio [&hellip;]","og_url":"https:\/\/www.guerini.it\/index.php\/prodotto\/lesistere-pedagogico\/","og_site_name":"Guerini e Associati","article_modified_time":"2026-01-22T09:39:31+00:00","og_image":[{"width":222,"height":350,"url":"https:\/\/www.guerini.it\/wp-content\/uploads\/2021\/11\/Cop.Lesistere-pedagogico-scaled-e1637334294113.jpg","type":"image\/jpeg"}],"twitter_card":"summary_large_image","twitter_misc":{"Tempo di lettura stimato":"2 minuti"},"schema":{"@context":"https:\/\/schema.org","@graph":[{"@type":"WebPage","@id":"https:\/\/www.guerini.it\/index.php\/prodotto\/lesistere-pedagogico\/","url":"https:\/\/www.guerini.it\/index.php\/prodotto\/lesistere-pedagogico\/","name":"L\u2019esistere pedagogico - Guerini e Associati","isPartOf":{"@id":"https:\/\/www.guerini.it\/#website"},"primaryImageOfPage":{"@id":"https:\/\/www.guerini.it\/index.php\/prodotto\/lesistere-pedagogico\/#primaryimage"},"image":{"@id":"https:\/\/www.guerini.it\/index.php\/prodotto\/lesistere-pedagogico\/#primaryimage"},"thumbnailUrl":"https:\/\/www.guerini.it\/wp-content\/uploads\/2021\/11\/Cop.Lesistere-pedagogico-scaled-e1637334294113.jpg","datePublished":"2021-11-19T15:12:49+00:00","dateModified":"2026-01-22T09:39:31+00:00","breadcrumb":{"@id":"https:\/\/www.guerini.it\/index.php\/prodotto\/lesistere-pedagogico\/#breadcrumb"},"inLanguage":"it-IT","potentialAction":[{"@type":"ReadAction","target":["https:\/\/www.guerini.it\/index.php\/prodotto\/lesistere-pedagogico\/"]}]},{"@type":"ImageObject","inLanguage":"it-IT","@id":"https:\/\/www.guerini.it\/index.php\/prodotto\/lesistere-pedagogico\/#primaryimage","url":"https:\/\/www.guerini.it\/wp-content\/uploads\/2021\/11\/Cop.Lesistere-pedagogico-scaled-e1637334294113.jpg","contentUrl":"https:\/\/www.guerini.it\/wp-content\/uploads\/2021\/11\/Cop.Lesistere-pedagogico-scaled-e1637334294113.jpg","width":222,"height":350,"caption":"Copertina del volume L\u2019esistere pedagogico"},{"@type":"BreadcrumbList","@id":"https:\/\/www.guerini.it\/index.php\/prodotto\/lesistere-pedagogico\/#breadcrumb","itemListElement":[{"@type":"ListItem","position":1,"name":"Home","item":"https:\/\/www.guerini.it\/"},{"@type":"ListItem","position":2,"name":"Catalogo","item":"https:\/\/www.guerini.it\/index.php\/negozio\/"},{"@type":"ListItem","position":3,"name":"L\u2019esistere pedagogico"}]},{"@type":"WebSite","@id":"https:\/\/www.guerini.it\/#website","url":"https:\/\/www.guerini.it\/","name":"Guerini e Associati","description":"30 anni di libri, idee e libert\u00e0","publisher":{"@id":"https:\/\/www.guerini.it\/#organization"},"potentialAction":[{"@type":"SearchAction","target":{"@type":"EntryPoint","urlTemplate":"https:\/\/www.guerini.it\/?s={search_term_string}"},"query-input":{"@type":"PropertyValueSpecification","valueRequired":true,"valueName":"search_term_string"}}],"inLanguage":"it-IT"},{"@type":"Organization","@id":"https:\/\/www.guerini.it\/#organization","name":"Guerini e Associati","url":"https:\/\/www.guerini.it\/","logo":{"@type":"ImageObject","inLanguage":"it-IT","@id":"https:\/\/www.guerini.it\/#\/schema\/logo\/image\/","url":"https:\/\/www.guerini.it\/wp-content\/uploads\/2021\/03\/Logo-Guerini-OK_-e1615831292285.png","contentUrl":"https:\/\/www.guerini.it\/wp-content\/uploads\/2021\/03\/Logo-Guerini-OK_-e1615831292285.png","width":2805,"height":1870,"caption":"Guerini e Associati"},"image":{"@id":"https:\/\/www.guerini.it\/#\/schema\/logo\/image\/"}}]}},"_links":{"self":[{"href":"https:\/\/www.guerini.it\/index.php\/wp-json\/wp\/v2\/product\/22316","targetHints":{"allow":["GET"]}}],"collection":[{"href":"https:\/\/www.guerini.it\/index.php\/wp-json\/wp\/v2\/product"}],"about":[{"href":"https:\/\/www.guerini.it\/index.php\/wp-json\/wp\/v2\/types\/product"}],"wp:featuredmedia":[{"embeddable":true,"href":"https:\/\/www.guerini.it\/index.php\/wp-json\/wp\/v2\/media\/22317"}],"wp:attachment":[{"href":"https:\/\/www.guerini.it\/index.php\/wp-json\/wp\/v2\/media?parent=22316"}],"wp:term":[{"taxonomy":"product_brand","embeddable":true,"href":"https:\/\/www.guerini.it\/index.php\/wp-json\/wp\/v2\/product_brand?post=22316"},{"taxonomy":"product_cat","embeddable":true,"href":"https:\/\/www.guerini.it\/index.php\/wp-json\/wp\/v2\/product_cat?post=22316"},{"taxonomy":"product_tag","embeddable":true,"href":"https:\/\/www.guerini.it\/index.php\/wp-json\/wp\/v2\/product_tag?post=22316"}],"curies":[{"name":"wp","href":"https:\/\/api.w.org\/{rel}","templated":true}]}}

<p style="text-align: justify;"><em>L’esistere pedagogico</em> è il testo fondativo in cui Piero Bertolini delinea un quadro teoretico all’interno del quale assumono significato le idee, le pratiche e le politiche ispirate a un approccio fenomenologico all’esperienza educativa variamente intesa.<br />
Sulla scorta della fenomenologia di Edmund Husserl, l’autore intende fondare una pedagogia come scienza rigorosa per offrire alla riflessione pedagogica quell’autorevolezza e quel rigore in grado di superare sia lo spontaneismo naif della pratica sia il dogmatismo rigido delle scienze dure.<br />
In questo testo prende forma una pedagogia rigorosa, ma non rigida; autorevole ma non dogmatica; autonoma, ma non chiusa. Di questa disciplina Bertolini sviluppa le applicazioni metodologiche e pratiche e tratteggia il profilo di competenze di un educatore che su quel sapere fonda la sua professionalità.</p>
<hr />
<p style="text-align: justify;"><strong>PIERO BERTOLINI</strong> (1931-2006) è stato professore di Pedagogia Generale all’Università di Bologna per quasi quarant’anni, dopo aver diretto per un decennio l’istituto minorile «Cesare Beccaria» di Milano. Ha fondato e diretto le riviste Infanzia e Encyclopaideia, svariate collane editoriali e pubblicato decine di volumi che lo hanno reso una delle figure più rilevanti della pedagogia del secondo dopoguerra.</p>
<p style="text-align: justify;"><strong>MASSIMILIANO TAROZZI</strong> è professore ordinario di Pedagogia generale presso il dipartimento di Scienze per la qualità della vita, Università di Bologna, ed è titolare della cattedra UNESCO sull’educazione alla cittadinanza globale. È stato allievo di Piero Bertolini.</p>

<p>L’esistere pedagogico è il testo fondativo in cui Piero Bertolini delinea un quadro teoretico all’interno del quale assumono significato le idee, le pratiche e le politiche ispirate a un approccio [&hellip;]</p>

<!-- This site is optimized with the Yoast SEO plugin v25.4 - https://yoast.com/wordpress/plugins/seo/ -->
<title>L’esistere pedagogico - Guerini e Associati</title>
<meta name="robots" content="index, follow, max-snippet:-1, max-image-preview:large, max-video-preview:-1" />
<link rel="canonical" href="https://www.guerini.it/index.php/prodotto/lesistere-pedagogico/" />
<meta property="og:locale" content="it_IT" />
<meta property="og:type" content="article" />
<meta property="og:title" content="L’esistere pedagogico - Guerini e Associati" />
<meta property="og:description" content="L’esistere pedagogico è il testo fondativo in cui Piero Bertolini delinea un quadro teoretico all’interno del quale assumono significato le idee, le pratiche e le politiche ispirate a un approccio [&hellip;]" />
<meta property="og:url" content="https://www.guerini.it/index.php/prodotto/lesistere-pedagogico/" />
<meta property="og:site_name" content="Guerini e Associati" />
<meta property="article:modified_time" content="2026-01-22T09:39:31+00:00" />
<meta property="og:image" content="https://www.guerini.it/wp-content/uploads/2021/11/Cop.Lesistere-pedagogico-scaled-e1637334294113.jpg" />
	<meta property="og:image:width" content="222" />
	<meta property="og:image:height" content="350" />
	<meta property="og:image:type" content="image/jpeg" />
<meta name="twitter:card" content="summary_large_image" />
<meta name="twitter:label1" content="Tempo di lettura stimato" />
	<meta name="twitter:data1" content="2 minuti" />
<!-- / Yoast SEO plugin. -->

L’esistere pedagogico è il testo fondativo in cui Piero Bertolini delinea un quadro teoretico all’interno del quale assumono significato le idee, le pratiche e le politiche ispirate a un approccio [&hellip;]

30 anni di libri, idee e libertà
