{"id":22348,"date":"2021-12-16T12:39:15","date_gmt":"2021-12-16T11:39:15","guid":{"rendered":"https:\/\/www.guerini.it\/?post_type=product&#038;p=22348"},"modified":"2024-06-09T20:25:21","modified_gmt":"2024-06-09T18:25:21","slug":"pensare-e-fare-economia-circolare","status":"publish","type":"product","link":"https:\/\/www.guerini.it\/index.php\/prodotto\/pensare-e-fare-economia-circolare\/","title":{"rendered":"Pensare e fare economia circolare"},"content":{"rendered":"<p style=\"text-align: justify;\">Dal dire al fare c\u2019\u00e8 di mezzo il mare, recita un vecchio adagio. Parlando di economia circolare il mare non c\u2019\u00e8, ma si tratta pur sempre di imponenti volumi d\u2019acqua con cui fare i conti: spostare ogni giorno metri cubi di oro blu dal sottosuolo alle case dei cittadini comporta un dispendio di energia altissimo oltre alla generazione di emissioni e sostanze di rifiuto.<br \/>\nDiventa importante allora capire quali sono le reali opportunit\u00e0 offerte dall\u2019economia circolare e come tradurre le strategie in pratiche concrete. Per creare un sistema integrato e sinergico \u00e8 necessario adottare un approccio dal basso che parta dalle reti territoriali, tanto della grande citt\u00e0 metropolitana quanto delle aree rurali situate nelle periferie urbane.<br \/>\nIl volume raccoglie le testimonianze di importanti organizzazioni che, facendo proprio questo principio, hanno portato alla realizzazione di casi di successo e sono diventate driver di sviluppo per un intero ecosistema sociale.<\/p>\n<hr \/>\n<p style=\"text-align: justify;\"><strong>Alessandro Russo<\/strong> presiede il Consiglio di Amministrazione di Cap Holding Spa, gestore del servizio idrico integrato della Citt\u00e0 metropolitana di Milano. Sviluppa il suo percorso professionale in ambito pubblico dove, in qualit\u00e0 di vicesindaco di Solaro, \u00e8 stato presidente del Dipartimento Casa e Giovani e Sport in Anci Lombardia. Dal 2018 \u00e8 vicepresidente di Utilitalia, coordinatore del Consiglio Direttivo Acqua dell\u2019associazione e presidente di Confservizi Lombardia; dal 2014 al 2019 \u00e8 stato vicepresidente di Aqua Publica Europea (Ape). \u00c8 impegnato in ambito sociale e nelle politiche abitative, come amministratore di Fondazione Triulza, Fondazione Housing Sociale e In-Domus Srl.<\/p>\n","protected":false},"excerpt":{"rendered":"<p>Dal dire al fare c\u2019\u00e8 di mezzo il mare, recita un vecchio adagio. Parlando di economia circolare il mare non c\u2019\u00e8, ma si tratta pur sempre di imponenti volumi d\u2019acqua [&hellip;]<\/p>\n","protected":false},"featured_media":22349,"template":"","meta":{"_editorskit_title_hidden":false,"_editorskit_reading_time":0,"_editorskit_is_block_options_detached":false,"_editorskit_block_options_position":"{}","_monsterinsights_skip_tracking":false,"_monsterinsights_sitenote_active":false,"_monsterinsights_sitenote_note":"","_monsterinsights_sitenote_category":0},"product_brand":[],"product_cat":[6591],"product_tag":[7689,7688,6837,7687,7690],"class_list":{"0":"post-22348","1":"product","2":"type-product","3":"status-publish","4":"has-post-thumbnail","6":"product_cat-lda","7":"product_tag-acqua","8":"product_tag-cap","9":"product_tag-economia-circolare","10":"product_tag-green-new-deal","11":"product_tag-responsabilita-sociale","12":"pa_guerini_amazon_link-https-www-amazon-it-economia-circolare-territori-trasformare-strategia-dp-8862508379","13":"pa_guerini_feltrinelli_link-https-www-lafeltrinelli-it-pensare-fare-economia-circolare-dal-libro-vari-e-9788862508377","14":"pa_guerini_ibs_link-https-www-ibs-it-pensare-fare-economia-circolare-dal-libro-vari-e-9788862508377","15":"pa_guerini_libruniver_link-https-www-libreriauniversitaria-it-pensare-fare-economia-circolare-green-libro-9788862508377","16":"pa_guerini_mondadori_link-https-www-mondadoristore-it-pensare-fare-economia-na-eai978886250837","18":"first","19":"instock","20":"sale","21":"shipping-taxable","22":"purchasable","23":"product-type-simple"},"yoast_head":"<!-- This site is optimized with the Yoast SEO plugin v25.4 - https:\/\/yoast.com\/wordpress\/plugins\/seo\/ -->\n<title>Pensare e fare economia circolare - Guerini e Associati<\/title>\n<meta name=\"robots\" content=\"index, follow, max-snippet:-1, max-image-preview:large, max-video-preview:-1\" \/>\n<link rel=\"canonical\" href=\"https:\/\/www.guerini.it\/index.php\/prodotto\/pensare-e-fare-economia-circolare\/\" \/>\n<meta property=\"og:locale\" content=\"it_IT\" \/>\n<meta property=\"og:type\" content=\"article\" \/>\n<meta property=\"og:title\" content=\"Pensare e fare economia circolare - Guerini e Associati\" \/>\n<meta property=\"og:description\" content=\"Dal dire al fare c\u2019\u00e8 di mezzo il mare, recita un vecchio adagio. Parlando di economia circolare il mare non c\u2019\u00e8, ma si tratta pur sempre di imponenti volumi d\u2019acqua [&hellip;]\" \/>\n<meta property=\"og:url\" content=\"https:\/\/www.guerini.it\/index.php\/prodotto\/pensare-e-fare-economia-circolare\/\" \/>\n<meta property=\"og:site_name\" content=\"Guerini e Associati\" \/>\n<meta property=\"article:modified_time\" content=\"2024-06-09T18:25:21+00:00\" \/>\n<meta property=\"og:image\" content=\"https:\/\/www.guerini.it\/wp-content\/uploads\/2021\/12\/Front-Cover-PENSARE-E-FARE-ECONOMIA-CIRCOLARE_bordo-e1639654652738.jpg\" \/>\n\t<meta property=\"og:image:width\" content=\"234\" \/>\n\t<meta property=\"og:image:height\" content=\"350\" \/>\n\t<meta property=\"og:image:type\" content=\"image\/jpeg\" \/>\n<meta name=\"twitter:card\" content=\"summary_large_image\" \/>\n<meta name=\"twitter:label1\" content=\"Tempo di lettura stimato\" \/>\n\t<meta name=\"twitter:data1\" content=\"2 minuti\" \/>\n<!-- \/ Yoast SEO plugin. -->","yoast_head_json":{"title":"Pensare e fare economia circolare - Guerini e Associati","robots":{"index":"index","follow":"follow","max-snippet":"max-snippet:-1","max-image-preview":"max-image-preview:large","max-video-preview":"max-video-preview:-1"},"canonical":"https:\/\/www.guerini.it\/index.php\/prodotto\/pensare-e-fare-economia-circolare\/","og_locale":"it_IT","og_type":"article","og_title":"Pensare e fare economia circolare - Guerini e Associati","og_description":"Dal dire al fare c\u2019\u00e8 di mezzo il mare, recita un vecchio adagio. Parlando di economia circolare il mare non c\u2019\u00e8, ma si tratta pur sempre di imponenti volumi d\u2019acqua [&hellip;]","og_url":"https:\/\/www.guerini.it\/index.php\/prodotto\/pensare-e-fare-economia-circolare\/","og_site_name":"Guerini e Associati","article_modified_time":"2024-06-09T18:25:21+00:00","og_image":[{"width":234,"height":350,"url":"https:\/\/www.guerini.it\/wp-content\/uploads\/2021\/12\/Front-Cover-PENSARE-E-FARE-ECONOMIA-CIRCOLARE_bordo-e1639654652738.jpg","type":"image\/jpeg"}],"twitter_card":"summary_large_image","twitter_misc":{"Tempo di lettura stimato":"2 minuti"},"schema":{"@context":"https:\/\/schema.org","@graph":[{"@type":"WebPage","@id":"https:\/\/www.guerini.it\/index.php\/prodotto\/pensare-e-fare-economia-circolare\/","url":"https:\/\/www.guerini.it\/index.php\/prodotto\/pensare-e-fare-economia-circolare\/","name":"Pensare e fare economia circolare - Guerini e Associati","isPartOf":{"@id":"https:\/\/www.guerini.it\/#website"},"primaryImageOfPage":{"@id":"https:\/\/www.guerini.it\/index.php\/prodotto\/pensare-e-fare-economia-circolare\/#primaryimage"},"image":{"@id":"https:\/\/www.guerini.it\/index.php\/prodotto\/pensare-e-fare-economia-circolare\/#primaryimage"},"thumbnailUrl":"https:\/\/www.guerini.it\/wp-content\/uploads\/2021\/12\/Front-Cover-PENSARE-E-FARE-ECONOMIA-CIRCOLARE_bordo-e1639654652738.jpg","datePublished":"2021-12-16T11:39:15+00:00","dateModified":"2024-06-09T18:25:21+00:00","breadcrumb":{"@id":"https:\/\/www.guerini.it\/index.php\/prodotto\/pensare-e-fare-economia-circolare\/#breadcrumb"},"inLanguage":"it-IT","potentialAction":[{"@type":"ReadAction","target":["https:\/\/www.guerini.it\/index.php\/prodotto\/pensare-e-fare-economia-circolare\/"]}]},{"@type":"ImageObject","inLanguage":"it-IT","@id":"https:\/\/www.guerini.it\/index.php\/prodotto\/pensare-e-fare-economia-circolare\/#primaryimage","url":"https:\/\/www.guerini.it\/wp-content\/uploads\/2021\/12\/Front-Cover-PENSARE-E-FARE-ECONOMIA-CIRCOLARE_bordo-e1639654652738.jpg","contentUrl":"https:\/\/www.guerini.it\/wp-content\/uploads\/2021\/12\/Front-Cover-PENSARE-E-FARE-ECONOMIA-CIRCOLARE_bordo-e1639654652738.jpg","width":234,"height":350,"caption":"pensare e fare economia circolare"},{"@type":"BreadcrumbList","@id":"https:\/\/www.guerini.it\/index.php\/prodotto\/pensare-e-fare-economia-circolare\/#breadcrumb","itemListElement":[{"@type":"ListItem","position":1,"name":"Home","item":"https:\/\/www.guerini.it\/"},{"@type":"ListItem","position":2,"name":"Catalogo","item":"https:\/\/www.guerini.it\/index.php\/negozio\/"},{"@type":"ListItem","position":3,"name":"Pensare e fare economia circolare"}]},{"@type":"WebSite","@id":"https:\/\/www.guerini.it\/#website","url":"https:\/\/www.guerini.it\/","name":"Guerini e Associati","description":"30 anni di libri, idee e libert\u00e0","publisher":{"@id":"https:\/\/www.guerini.it\/#organization"},"potentialAction":[{"@type":"SearchAction","target":{"@type":"EntryPoint","urlTemplate":"https:\/\/www.guerini.it\/?s={search_term_string}"},"query-input":{"@type":"PropertyValueSpecification","valueRequired":true,"valueName":"search_term_string"}}],"inLanguage":"it-IT"},{"@type":"Organization","@id":"https:\/\/www.guerini.it\/#organization","name":"Guerini e Associati","url":"https:\/\/www.guerini.it\/","logo":{"@type":"ImageObject","inLanguage":"it-IT","@id":"https:\/\/www.guerini.it\/#\/schema\/logo\/image\/","url":"https:\/\/www.guerini.it\/wp-content\/uploads\/2021\/03\/Logo-Guerini-OK_-e1615831292285.png","contentUrl":"https:\/\/www.guerini.it\/wp-content\/uploads\/2021\/03\/Logo-Guerini-OK_-e1615831292285.png","width":2805,"height":1870,"caption":"Guerini e Associati"},"image":{"@id":"https:\/\/www.guerini.it\/#\/schema\/logo\/image\/"}}]}},"_links":{"self":[{"href":"https:\/\/www.guerini.it\/index.php\/wp-json\/wp\/v2\/product\/22348","targetHints":{"allow":["GET"]}}],"collection":[{"href":"https:\/\/www.guerini.it\/index.php\/wp-json\/wp\/v2\/product"}],"about":[{"href":"https:\/\/www.guerini.it\/index.php\/wp-json\/wp\/v2\/types\/product"}],"wp:featuredmedia":[{"embeddable":true,"href":"https:\/\/www.guerini.it\/index.php\/wp-json\/wp\/v2\/media\/22349"}],"wp:attachment":[{"href":"https:\/\/www.guerini.it\/index.php\/wp-json\/wp\/v2\/media?parent=22348"}],"wp:term":[{"taxonomy":"product_brand","embeddable":true,"href":"https:\/\/www.guerini.it\/index.php\/wp-json\/wp\/v2\/product_brand?post=22348"},{"taxonomy":"product_cat","embeddable":true,"href":"https:\/\/www.guerini.it\/index.php\/wp-json\/wp\/v2\/product_cat?post=22348"},{"taxonomy":"product_tag","embeddable":true,"href":"https:\/\/www.guerini.it\/index.php\/wp-json\/wp\/v2\/product_tag?post=22348"}],"curies":[{"name":"wp","href":"https:\/\/api.w.org\/{rel}","templated":true}]}}

<p style="text-align: justify;">Dal dire al fare c’è di mezzo il mare, recita un vecchio adagio. Parlando di economia circolare il mare non c’è, ma si tratta pur sempre di imponenti volumi d’acqua con cui fare i conti: spostare ogni giorno metri cubi di oro blu dal sottosuolo alle case dei cittadini comporta un dispendio di energia altissimo oltre alla generazione di emissioni e sostanze di rifiuto.<br />
Diventa importante allora capire quali sono le reali opportunità offerte dall’economia circolare e come tradurre le strategie in pratiche concrete. Per creare un sistema integrato e sinergico è necessario adottare un approccio dal basso che parta dalle reti territoriali, tanto della grande città metropolitana quanto delle aree rurali situate nelle periferie urbane.<br />
Il volume raccoglie le testimonianze di importanti organizzazioni che, facendo proprio questo principio, hanno portato alla realizzazione di casi di successo e sono diventate driver di sviluppo per un intero ecosistema sociale.</p>
<hr />
<p style="text-align: justify;"><strong>Alessandro Russo</strong> presiede il Consiglio di Amministrazione di Cap Holding Spa, gestore del servizio idrico integrato della Città metropolitana di Milano. Sviluppa il suo percorso professionale in ambito pubblico dove, in qualità di vicesindaco di Solaro, è stato presidente del Dipartimento Casa e Giovani e Sport in Anci Lombardia. Dal 2018 è vicepresidente di Utilitalia, coordinatore del Consiglio Direttivo Acqua dell’associazione e presidente di Confservizi Lombardia; dal 2014 al 2019 è stato vicepresidente di Aqua Publica Europea (Ape). È impegnato in ambito sociale e nelle politiche abitative, come amministratore di Fondazione Triulza, Fondazione Housing Sociale e In-Domus Srl.</p>

<p>Dal dire al fare c’è di mezzo il mare, recita un vecchio adagio. Parlando di economia circolare il mare non c’è, ma si tratta pur sempre di imponenti volumi d’acqua [&hellip;]</p>

<!-- This site is optimized with the Yoast SEO plugin v25.4 - https://yoast.com/wordpress/plugins/seo/ -->
<title>Pensare e fare economia circolare - Guerini e Associati</title>
<meta name="robots" content="index, follow, max-snippet:-1, max-image-preview:large, max-video-preview:-1" />
<link rel="canonical" href="https://www.guerini.it/index.php/prodotto/pensare-e-fare-economia-circolare/" />
<meta property="og:locale" content="it_IT" />
<meta property="og:type" content="article" />
<meta property="og:title" content="Pensare e fare economia circolare - Guerini e Associati" />
<meta property="og:description" content="Dal dire al fare c’è di mezzo il mare, recita un vecchio adagio. Parlando di economia circolare il mare non c’è, ma si tratta pur sempre di imponenti volumi d’acqua [&hellip;]" />
<meta property="og:url" content="https://www.guerini.it/index.php/prodotto/pensare-e-fare-economia-circolare/" />
<meta property="og:site_name" content="Guerini e Associati" />
<meta property="article:modified_time" content="2024-06-09T18:25:21+00:00" />
<meta property="og:image" content="https://www.guerini.it/wp-content/uploads/2021/12/Front-Cover-PENSARE-E-FARE-ECONOMIA-CIRCOLARE_bordo-e1639654652738.jpg" />
	<meta property="og:image:width" content="234" />
	<meta property="og:image:height" content="350" />
	<meta property="og:image:type" content="image/jpeg" />
<meta name="twitter:card" content="summary_large_image" />
<meta name="twitter:label1" content="Tempo di lettura stimato" />
	<meta name="twitter:data1" content="2 minuti" />
<!-- / Yoast SEO plugin. -->

Dal dire al fare c’è di mezzo il mare, recita un vecchio adagio. Parlando di economia circolare il mare non c’è, ma si tratta pur sempre di imponenti volumi d’acqua [&hellip;]

30 anni di libri, idee e libertà
