{"id":22377,"date":"2021-12-20T12:37:20","date_gmt":"2021-12-20T11:37:20","guid":{"rendered":"https:\/\/www.guerini.it\/?post_type=product&#038;p=22377"},"modified":"2024-06-09T20:25:22","modified_gmt":"2024-06-09T18:25:22","slug":"rapporto-lombardia-2021","status":"publish","type":"product","link":"https:\/\/www.guerini.it\/index.php\/prodotto\/rapporto-lombardia-2021\/","title":{"rendered":"Rapporto Lombardia 2021"},"content":{"rendered":"<p style=\"text-align: justify;\">A oltre 18 mesi dall\u2019inizio della pandemia, il ritorno a una piena normalit\u00e0 sembra ancora distante. Dopo mesi di sofferenza e la rincorsa ai vaccini, non \u00e8 chiaro se la Lombardia si \u00e8 definitivamente lasciata alle spalle il periodo emergenziale e soprattutto quali scenari l\u2019attendono. Il Rapporto Lombardia, giunto alla sua quinta edizione, si interroga sullo scenario di nuova normalit\u00e0, sospeso tra le sfide della digitalizzazione e le incertezze di un sistema sanitario, economico, politico e sociale che si \u00e8 scoperto vulnerabile alle minacce globali e che cerca faticosamente di recuperare una nuova identit\u00e0.<br \/>\nOltre a offrire la consueta lettura dell\u2019evoluzione della situazione della Lombardia rispetto ai Goal dell\u2019Agenda ONU 2030, la nuova edizione del Rapporto Lombardia dedica ampio spazio alle domande che ci interrogano tutti da vicino, dai policy maker ai cittadini, su quello che succeder\u00e0 adesso e su come potrebbero (o non potrebbero) cambiare le nostre abitudini nei prossimi anni. Perch\u00e9 una cosa \u00e8 certa: la pandemia ha sovvertito le nostre certezze, aprendo scenari inediti in cui si \u201ccelano\u201d opportunit\u00e0 che vanno colte e tra queste quella di una crescita sostenibile, duratura e rispettosa dell\u2019ambiente, dell\u2019uomo, delle attivit\u00e0 economiche, dei rapporti sociali, gi\u00e0 profondamente radicata nella storia della Lombardia.<\/p>\n<hr \/>\n<p style=\"text-align: justify;\"><strong>PoliS-Lombardia &#8211; Istituto regionale per il supporto alle politiche della Lombardia<\/strong> &#8211; ha come mission il servizio e l\u2019accompagnamento alla implementazione (e valutazione) delle politiche della Regione Lombardia, con particolare riferimento agli aspetti economici, sociali e territoriali.<\/p>\n","protected":false},"excerpt":{"rendered":"<p>A oltre 18 mesi dall\u2019inizio della pandemia, il ritorno a una piena normalit\u00e0 sembra ancora distante. Dopo mesi di sofferenza e la rincorsa ai vaccini, non \u00e8 chiaro se la [&hellip;]<\/p>\n","protected":false},"featured_media":22378,"template":"","meta":{"_editorskit_title_hidden":false,"_editorskit_reading_time":0,"_editorskit_is_block_options_detached":false,"_editorskit_block_options_position":"{}","_monsterinsights_skip_tracking":false,"_monsterinsights_sitenote_active":false,"_monsterinsights_sitenote_note":"","_monsterinsights_sitenote_category":0},"product_brand":[],"product_cat":[6938],"product_tag":[7693,7537,7692,7053,6941],"class_list":{"0":"post-22377","1":"product","2":"type-product","3":"status-publish","4":"has-post-thumbnail","6":"product_cat-serie-polis-lombardia","7":"product_tag-agenda-onu-2030","8":"product_tag-lombardia","9":"product_tag-new-normal","10":"product_tag-pandemia","11":"product_tag-sistema-socio-sanitario","12":"pa_guerini_amazon_link-https-www-amazon-it-rapporto-lombardia-normal-ancora-costruire-dp-8862508387","13":"pa_guerini_feltrinelli_link-https-tidd-ly-3s8r5ou","14":"pa_guerini_ibs_link-https-tidd-ly-3lre5xn","15":"pa_guerini_libruniver_link-https-www-libreriauniversitaria-it-rapporto-lombardia-2021-new-normal-libro-9788862508384","16":"pa_guerini_mondadori_link-https-www-mondadoristore-it-rapporto-lombardia-2021-new-na-eai978886250838","18":"first","19":"instock","20":"sale","21":"shipping-taxable","22":"purchasable","23":"product-type-simple"},"yoast_head":"<!-- This site is optimized with the Yoast SEO plugin v25.4 - https:\/\/yoast.com\/wordpress\/plugins\/seo\/ -->\n<title>Rapporto Lombardia 2021 - Guerini e Associati<\/title>\n<meta name=\"robots\" content=\"index, follow, max-snippet:-1, max-image-preview:large, max-video-preview:-1\" \/>\n<link rel=\"canonical\" href=\"https:\/\/www.guerini.it\/index.php\/prodotto\/rapporto-lombardia-2021\/\" \/>\n<meta property=\"og:locale\" content=\"it_IT\" \/>\n<meta property=\"og:type\" content=\"article\" \/>\n<meta property=\"og:title\" content=\"Rapporto Lombardia 2021 - Guerini e Associati\" \/>\n<meta property=\"og:description\" content=\"A oltre 18 mesi dall\u2019inizio della pandemia, il ritorno a una piena normalit\u00e0 sembra ancora distante. Dopo mesi di sofferenza e la rincorsa ai vaccini, non \u00e8 chiaro se la [&hellip;]\" \/>\n<meta property=\"og:url\" content=\"https:\/\/www.guerini.it\/index.php\/prodotto\/rapporto-lombardia-2021\/\" \/>\n<meta property=\"og:site_name\" content=\"Guerini e Associati\" \/>\n<meta property=\"article:modified_time\" content=\"2024-06-09T18:25:22+00:00\" \/>\n<meta property=\"og:image\" content=\"https:\/\/www.guerini.it\/wp-content\/uploads\/2021\/12\/9788862508384-scaled-e1640000214117.jpg\" \/>\n\t<meta property=\"og:image:width\" content=\"253\" \/>\n\t<meta property=\"og:image:height\" content=\"350\" \/>\n\t<meta property=\"og:image:type\" content=\"image\/jpeg\" \/>\n<meta name=\"twitter:card\" content=\"summary_large_image\" \/>\n<meta name=\"twitter:label1\" content=\"Tempo di lettura stimato\" \/>\n\t<meta name=\"twitter:data1\" content=\"2 minuti\" \/>\n<!-- \/ Yoast SEO plugin. -->","yoast_head_json":{"title":"Rapporto Lombardia 2021 - Guerini e Associati","robots":{"index":"index","follow":"follow","max-snippet":"max-snippet:-1","max-image-preview":"max-image-preview:large","max-video-preview":"max-video-preview:-1"},"canonical":"https:\/\/www.guerini.it\/index.php\/prodotto\/rapporto-lombardia-2021\/","og_locale":"it_IT","og_type":"article","og_title":"Rapporto Lombardia 2021 - Guerini e Associati","og_description":"A oltre 18 mesi dall\u2019inizio della pandemia, il ritorno a una piena normalit\u00e0 sembra ancora distante. Dopo mesi di sofferenza e la rincorsa ai vaccini, non \u00e8 chiaro se la [&hellip;]","og_url":"https:\/\/www.guerini.it\/index.php\/prodotto\/rapporto-lombardia-2021\/","og_site_name":"Guerini e Associati","article_modified_time":"2024-06-09T18:25:22+00:00","og_image":[{"width":253,"height":350,"url":"https:\/\/www.guerini.it\/wp-content\/uploads\/2021\/12\/9788862508384-scaled-e1640000214117.jpg","type":"image\/jpeg"}],"twitter_card":"summary_large_image","twitter_misc":{"Tempo di lettura stimato":"2 minuti"},"schema":{"@context":"https:\/\/schema.org","@graph":[{"@type":"WebPage","@id":"https:\/\/www.guerini.it\/index.php\/prodotto\/rapporto-lombardia-2021\/","url":"https:\/\/www.guerini.it\/index.php\/prodotto\/rapporto-lombardia-2021\/","name":"Rapporto Lombardia 2021 - Guerini e Associati","isPartOf":{"@id":"https:\/\/www.guerini.it\/#website"},"primaryImageOfPage":{"@id":"https:\/\/www.guerini.it\/index.php\/prodotto\/rapporto-lombardia-2021\/#primaryimage"},"image":{"@id":"https:\/\/www.guerini.it\/index.php\/prodotto\/rapporto-lombardia-2021\/#primaryimage"},"thumbnailUrl":"https:\/\/www.guerini.it\/wp-content\/uploads\/2021\/12\/9788862508384-scaled-e1640000214117.jpg","datePublished":"2021-12-20T11:37:20+00:00","dateModified":"2024-06-09T18:25:22+00:00","breadcrumb":{"@id":"https:\/\/www.guerini.it\/index.php\/prodotto\/rapporto-lombardia-2021\/#breadcrumb"},"inLanguage":"it-IT","potentialAction":[{"@type":"ReadAction","target":["https:\/\/www.guerini.it\/index.php\/prodotto\/rapporto-lombardia-2021\/"]}]},{"@type":"ImageObject","inLanguage":"it-IT","@id":"https:\/\/www.guerini.it\/index.php\/prodotto\/rapporto-lombardia-2021\/#primaryimage","url":"https:\/\/www.guerini.it\/wp-content\/uploads\/2021\/12\/9788862508384-scaled-e1640000214117.jpg","contentUrl":"https:\/\/www.guerini.it\/wp-content\/uploads\/2021\/12\/9788862508384-scaled-e1640000214117.jpg","width":253,"height":350,"caption":"Copertina Rapporto lombardia 2021"},{"@type":"BreadcrumbList","@id":"https:\/\/www.guerini.it\/index.php\/prodotto\/rapporto-lombardia-2021\/#breadcrumb","itemListElement":[{"@type":"ListItem","position":1,"name":"Home","item":"https:\/\/www.guerini.it\/"},{"@type":"ListItem","position":2,"name":"Catalogo","item":"https:\/\/www.guerini.it\/index.php\/negozio\/"},{"@type":"ListItem","position":3,"name":"Rapporto Lombardia 2021"}]},{"@type":"WebSite","@id":"https:\/\/www.guerini.it\/#website","url":"https:\/\/www.guerini.it\/","name":"Guerini e Associati","description":"30 anni di libri, idee e libert\u00e0","publisher":{"@id":"https:\/\/www.guerini.it\/#organization"},"potentialAction":[{"@type":"SearchAction","target":{"@type":"EntryPoint","urlTemplate":"https:\/\/www.guerini.it\/?s={search_term_string}"},"query-input":{"@type":"PropertyValueSpecification","valueRequired":true,"valueName":"search_term_string"}}],"inLanguage":"it-IT"},{"@type":"Organization","@id":"https:\/\/www.guerini.it\/#organization","name":"Guerini e Associati","url":"https:\/\/www.guerini.it\/","logo":{"@type":"ImageObject","inLanguage":"it-IT","@id":"https:\/\/www.guerini.it\/#\/schema\/logo\/image\/","url":"https:\/\/www.guerini.it\/wp-content\/uploads\/2021\/03\/Logo-Guerini-OK_-e1615831292285.png","contentUrl":"https:\/\/www.guerini.it\/wp-content\/uploads\/2021\/03\/Logo-Guerini-OK_-e1615831292285.png","width":2805,"height":1870,"caption":"Guerini e Associati"},"image":{"@id":"https:\/\/www.guerini.it\/#\/schema\/logo\/image\/"}}]}},"_links":{"self":[{"href":"https:\/\/www.guerini.it\/index.php\/wp-json\/wp\/v2\/product\/22377","targetHints":{"allow":["GET"]}}],"collection":[{"href":"https:\/\/www.guerini.it\/index.php\/wp-json\/wp\/v2\/product"}],"about":[{"href":"https:\/\/www.guerini.it\/index.php\/wp-json\/wp\/v2\/types\/product"}],"wp:featuredmedia":[{"embeddable":true,"href":"https:\/\/www.guerini.it\/index.php\/wp-json\/wp\/v2\/media\/22378"}],"wp:attachment":[{"href":"https:\/\/www.guerini.it\/index.php\/wp-json\/wp\/v2\/media?parent=22377"}],"wp:term":[{"taxonomy":"product_brand","embeddable":true,"href":"https:\/\/www.guerini.it\/index.php\/wp-json\/wp\/v2\/product_brand?post=22377"},{"taxonomy":"product_cat","embeddable":true,"href":"https:\/\/www.guerini.it\/index.php\/wp-json\/wp\/v2\/product_cat?post=22377"},{"taxonomy":"product_tag","embeddable":true,"href":"https:\/\/www.guerini.it\/index.php\/wp-json\/wp\/v2\/product_tag?post=22377"}],"curies":[{"name":"wp","href":"https:\/\/api.w.org\/{rel}","templated":true}]}}

<p style="text-align: justify;">A oltre 18 mesi dall’inizio della pandemia, il ritorno a una piena normalità sembra ancora distante. Dopo mesi di sofferenza e la rincorsa ai vaccini, non è chiaro se la Lombardia si è definitivamente lasciata alle spalle il periodo emergenziale e soprattutto quali scenari l’attendono. Il Rapporto Lombardia, giunto alla sua quinta edizione, si interroga sullo scenario di nuova normalità, sospeso tra le sfide della digitalizzazione e le incertezze di un sistema sanitario, economico, politico e sociale che si è scoperto vulnerabile alle minacce globali e che cerca faticosamente di recuperare una nuova identità.<br />
Oltre a offrire la consueta lettura dell’evoluzione della situazione della Lombardia rispetto ai Goal dell’Agenda ONU 2030, la nuova edizione del Rapporto Lombardia dedica ampio spazio alle domande che ci interrogano tutti da vicino, dai policy maker ai cittadini, su quello che succederà adesso e su come potrebbero (o non potrebbero) cambiare le nostre abitudini nei prossimi anni. Perché una cosa è certa: la pandemia ha sovvertito le nostre certezze, aprendo scenari inediti in cui si “celano” opportunità che vanno colte e tra queste quella di una crescita sostenibile, duratura e rispettosa dell’ambiente, dell’uomo, delle attività economiche, dei rapporti sociali, già profondamente radicata nella storia della Lombardia.</p>
<hr />
<p style="text-align: justify;"><strong>PoliS-Lombardia &#8211; Istituto regionale per il supporto alle politiche della Lombardia</strong> &#8211; ha come mission il servizio e l’accompagnamento alla implementazione (e valutazione) delle politiche della Regione Lombardia, con particolare riferimento agli aspetti economici, sociali e territoriali.</p>

<p>A oltre 18 mesi dall’inizio della pandemia, il ritorno a una piena normalità sembra ancora distante. Dopo mesi di sofferenza e la rincorsa ai vaccini, non è chiaro se la [&hellip;]</p>

<!-- This site is optimized with the Yoast SEO plugin v25.4 - https://yoast.com/wordpress/plugins/seo/ -->
<title>Rapporto Lombardia 2021 - Guerini e Associati</title>
<meta name="robots" content="index, follow, max-snippet:-1, max-image-preview:large, max-video-preview:-1" />
<link rel="canonical" href="https://www.guerini.it/index.php/prodotto/rapporto-lombardia-2021/" />
<meta property="og:locale" content="it_IT" />
<meta property="og:type" content="article" />
<meta property="og:title" content="Rapporto Lombardia 2021 - Guerini e Associati" />
<meta property="og:description" content="A oltre 18 mesi dall’inizio della pandemia, il ritorno a una piena normalità sembra ancora distante. Dopo mesi di sofferenza e la rincorsa ai vaccini, non è chiaro se la [&hellip;]" />
<meta property="og:url" content="https://www.guerini.it/index.php/prodotto/rapporto-lombardia-2021/" />
<meta property="og:site_name" content="Guerini e Associati" />
<meta property="article:modified_time" content="2024-06-09T18:25:22+00:00" />
<meta property="og:image" content="https://www.guerini.it/wp-content/uploads/2021/12/9788862508384-scaled-e1640000214117.jpg" />
	<meta property="og:image:width" content="253" />
	<meta property="og:image:height" content="350" />
	<meta property="og:image:type" content="image/jpeg" />
<meta name="twitter:card" content="summary_large_image" />
<meta name="twitter:label1" content="Tempo di lettura stimato" />
	<meta name="twitter:data1" content="2 minuti" />
<!-- / Yoast SEO plugin. -->

A oltre 18 mesi dall’inizio della pandemia, il ritorno a una piena normalità sembra ancora distante. Dopo mesi di sofferenza e la rincorsa ai vaccini, non è chiaro se la [&hellip;]

30 anni di libri, idee e libertà
