{"id":22396,"date":"2021-12-27T17:43:29","date_gmt":"2021-12-27T16:43:29","guid":{"rendered":"https:\/\/www.guerini.it\/?post_type=product&#038;p=22396"},"modified":"2025-12-30T17:01:51","modified_gmt":"2025-12-30T16:01:51","slug":"il-futuro-delle-risorse-umane","status":"publish","type":"product","link":"https:\/\/www.guerini.it\/index.php\/prodotto\/il-futuro-delle-risorse-umane\/","title":{"rendered":"Il futuro delle risorse umane"},"content":{"rendered":"<p style=\"text-align: justify;\">Come ha inciso la pandemia, e le relative trasformazioni di carattere economico e sociale, sulle scelte organizzative collegate all\u2019ambito della gestione delle risorse umane?<br \/>\nA rispondere, in questo saggio a pi\u00f9 voci, agile ma approfondito, sono alcuni tra i pi\u00f9 importanti consulenti e studiosi della materia, ciascuno sviluppando gli specifici contenuti pi\u00f9 in linea con le proprie competenze e attitudini, e toccando cos\u00ec moltissimi aspetti delle responsabilit\u00e0 gestionali assunte in contesti pervasi di \u2013 attuata o incipiente \u2013 innovazione tecnologica.<br \/>\nBen prima della crisi pandemica, le alternative gestionali hanno trovato, come \u00e8 ormai risaputo, nell\u2019innovazione tecnologica la base tecnico-scientifica per la loro realizzazione materiale. A ci\u00f2 si aggiungono naturalmente le inedite opportunit\u00e0 maturate con l\u2019avvento della sconvolgente situazione sanitaria. Tutto questo \u00e8 all\u2019origine della presente opera, che condensa in un\u2019unica formula, centrata sul binomio Funzione del Personale e Innovazione, una variet\u00e0 di approcci al tema, declinati in un ricco spettro di stili diversi, tutti accomunati dalla profonda attualit\u00e0 dell\u2019argomento.<br \/>\nLa materia che i vari autori del saggio maneggiano, infatti, \u00e8 senza dubbio surriscaldata, sia per le conseguenze socio psicologiche, logistiche e contrattuali causate dalla imprevista dislocazione di moltissimi lavoratori nelle loro residenze abitative, sia per l\u2019immagine \u2013 allo stesso tempo inquietante e salvifica \u2013 riflessa dalle nuove tecnologie e dalla digitalizzazione che insieme impronteranno i futuri assetti organizzativi.<\/p>\n<hr \/>\n<p style=\"text-align: justify;\"><strong>Paola Frison<\/strong>, psicologa del lavoro, ha maturato quindici anni di esperienza in una multinazionale nell\u2019area risorse umane, occupandosi principalmente di leadership, sviluppo organizzativo, formazione e selezione del personale. Ha collaborato con l\u2019Universit\u00e0 degli Studi di Torino come cultrice della materia nel corso di laurea in Psicologia dello Sviluppo Organizzativo. Per un periodico dedicato al benessere nell\u2019ambito delle risorse umane, ha scritto un contributo dedicato a come formulare in modo appropriato un curriculum.<\/p>\n<p style=\"text-align: justify;\"><strong>Luigi Mario Spadarotto<\/strong>, psicologo del lavoro, psicoterapeuta. Consulente aziendale e formatore per aziende private e pubbliche. Gi\u00e0 dirigente industriale in ISVOR-FIAT, ha insegnato Organizzazione e sviluppo per molti anni al MBA della SAA\u00a0 dell\u2019Universit\u00e0 degli Studi di Torino; Psicologia della formazione presso l\u2019Universit\u00e0 degli Studi di Pavia e Psicologia della Comunicazione presso l\u2019Istituto Universitario Salesiano Torino. Recentemente \u00e8 stato docente di Consulenza pedagogica alle organizzazioni presso l\u2019Universit\u00e0 degli Studi di Torino. Coordinatore di AIF Piemonte dal 1993 al 1996, ha al suo attivo oltre sessanta pubblicazioni. Attualmente \u00e8 membro onorario del consiglio direttivo di AIF Piemonte.<\/p>\n","protected":false},"excerpt":{"rendered":"<p>Come ha inciso la pandemia, e le relative trasformazioni di carattere economico e sociale, sulle scelte organizzative collegate all\u2019ambito della gestione delle risorse umane? A rispondere, in questo saggio a [&hellip;]<\/p>\n","protected":false},"featured_media":22397,"template":"","meta":{"_editorskit_title_hidden":false,"_editorskit_reading_time":0,"_editorskit_is_block_options_detached":false,"_editorskit_block_options_position":"{}","_monsterinsights_skip_tracking":false,"_monsterinsights_sitenote_active":false,"_monsterinsights_sitenote_note":"","_monsterinsights_sitenote_category":0},"product_brand":[],"product_cat":[6805,8828,6529],"product_tag":[7551,6802,7714],"class_list":{"0":"post-22396","1":"product","2":"type-product","3":"status-publish","4":"has-post-thumbnail","6":"product_cat-guerini-next","7":"product_cat-persone-strumenti-e-organizzazioni","8":"product_cat-economia-e-management","9":"product_tag-psicologia-del-lavoro","10":"product_tag-risorse-umane","11":"product_tag-sviluppo-organizzativo","12":"pa_guerini_amazon_link-https-www-amazon-it-risorse-innovarne-gestione-generando-innovazione-dp-8868964236","13":"pa_guerini_feltrinelli_link-https-www-lafeltrinelli-it-futuro-delle-risorse-umane-come-libro-vari-e-9788868964238","14":"pa_guerini_ibs_link-https-www-ibs-it-futuro-delle-risorse-umane-come-libro-vari-e-9788868964238","15":"pa_guerini_libruniver_link-https-www-libreriauniversitaria-it-futuro-risorse-umane-innovarne-gestione-libro-9788868964238","16":"pa_guerini_link_amazon-https-www-amazon-it-risorse-innovare-gestione-generando-innovazione-ebook-dp-b09qv7zk1g","17":"pa_guerini_link_apple_ibook-https-books-apple-com-it-book-il-futuro-delle-risorse-umane-come-innovare-la-id1606234515","18":"pa_guerini_link_bookrepublic-https-www-bookrepublic-it-ebook-9788868964276-il-futuro-delle-risorse-umane-come-innovare-la-gestione-generando-innovazione-goware-guerini-next","19":"pa_guerini_link_giunti_punto-https-www-giuntialpunto-it-product-b09qv7zk1g-libri-il-futuro-delle-risorse-umane-come-innovare-la-gestione-generando","20":"pa_guerini_link_google_play-https-play-google-com-store-books-details-paola_frison_il_futuro_delle_risorse_umane_come_inid0ydaeaaaqbaj","21":"pa_guerini_link_ibs-https-tidd-ly-3g268vl","22":"pa_guerini_link_kobo-https-www-kobo-com-it-it-ebook-il-futuro-delle-risorse-umane-come-innovare-la-gestione-generando-innovazione","23":"pa_guerini_link_lafeltrinelli-https-tidd-ly-3h2s7rw","24":"pa_guerini_link_mondadori-https-www-mondadoristore-it-futuro-risorse-umane-come-luigi-spadarotto-a-cura-di-paola-frison-eai978886896427","25":"pa_guerini_mondadori_link-https-www-mondadoristore-it-futuro-risorse-umane-come-na-eai978886896423","27":"first","28":"instock","29":"sale","30":"shipping-taxable","31":"purchasable","32":"product-type-simple"},"yoast_head":"<!-- This site is optimized with the Yoast SEO plugin v25.4 - https:\/\/yoast.com\/wordpress\/plugins\/seo\/ -->\n<title>Il futuro delle risorse umane - Guerini e Associati<\/title>\n<meta name=\"robots\" content=\"index, follow, max-snippet:-1, max-image-preview:large, max-video-preview:-1\" \/>\n<link rel=\"canonical\" href=\"https:\/\/www.guerini.it\/index.php\/prodotto\/il-futuro-delle-risorse-umane\/\" \/>\n<meta property=\"og:locale\" content=\"it_IT\" \/>\n<meta property=\"og:type\" content=\"article\" \/>\n<meta property=\"og:title\" content=\"Il futuro delle risorse umane - Guerini e Associati\" \/>\n<meta property=\"og:description\" content=\"Come ha inciso la pandemia, e le relative trasformazioni di carattere economico e sociale, sulle scelte organizzative collegate all\u2019ambito della gestione delle risorse umane? A rispondere, in questo saggio a [&hellip;]\" \/>\n<meta property=\"og:url\" content=\"https:\/\/www.guerini.it\/index.php\/prodotto\/il-futuro-delle-risorse-umane\/\" \/>\n<meta property=\"og:site_name\" content=\"Guerini e Associati\" \/>\n<meta property=\"article:modified_time\" content=\"2025-12-30T16:01:51+00:00\" \/>\n<meta property=\"og:image\" content=\"https:\/\/www.guerini.it\/wp-content\/uploads\/2021\/12\/Front-Cover-IL-FUTURO-DELLE-RISORSE-UMANE-e1640623345639.jpg\" \/>\n\t<meta property=\"og:image:width\" content=\"233\" \/>\n\t<meta property=\"og:image:height\" content=\"350\" \/>\n\t<meta property=\"og:image:type\" content=\"image\/jpeg\" \/>\n<meta name=\"twitter:card\" content=\"summary_large_image\" \/>\n<meta name=\"twitter:label1\" content=\"Tempo di lettura stimato\" \/>\n\t<meta name=\"twitter:data1\" content=\"3 minuti\" \/>\n<!-- \/ Yoast SEO plugin. -->","yoast_head_json":{"title":"Il futuro delle risorse umane - Guerini e Associati","robots":{"index":"index","follow":"follow","max-snippet":"max-snippet:-1","max-image-preview":"max-image-preview:large","max-video-preview":"max-video-preview:-1"},"canonical":"https:\/\/www.guerini.it\/index.php\/prodotto\/il-futuro-delle-risorse-umane\/","og_locale":"it_IT","og_type":"article","og_title":"Il futuro delle risorse umane - Guerini e Associati","og_description":"Come ha inciso la pandemia, e le relative trasformazioni di carattere economico e sociale, sulle scelte organizzative collegate all\u2019ambito della gestione delle risorse umane? A rispondere, in questo saggio a [&hellip;]","og_url":"https:\/\/www.guerini.it\/index.php\/prodotto\/il-futuro-delle-risorse-umane\/","og_site_name":"Guerini e Associati","article_modified_time":"2025-12-30T16:01:51+00:00","og_image":[{"width":233,"height":350,"url":"https:\/\/www.guerini.it\/wp-content\/uploads\/2021\/12\/Front-Cover-IL-FUTURO-DELLE-RISORSE-UMANE-e1640623345639.jpg","type":"image\/jpeg"}],"twitter_card":"summary_large_image","twitter_misc":{"Tempo di lettura stimato":"3 minuti"},"schema":{"@context":"https:\/\/schema.org","@graph":[{"@type":"WebPage","@id":"https:\/\/www.guerini.it\/index.php\/prodotto\/il-futuro-delle-risorse-umane\/","url":"https:\/\/www.guerini.it\/index.php\/prodotto\/il-futuro-delle-risorse-umane\/","name":"Il futuro delle risorse umane - Guerini e Associati","isPartOf":{"@id":"https:\/\/www.guerini.it\/#website"},"primaryImageOfPage":{"@id":"https:\/\/www.guerini.it\/index.php\/prodotto\/il-futuro-delle-risorse-umane\/#primaryimage"},"image":{"@id":"https:\/\/www.guerini.it\/index.php\/prodotto\/il-futuro-delle-risorse-umane\/#primaryimage"},"thumbnailUrl":"https:\/\/www.guerini.it\/wp-content\/uploads\/2021\/12\/Front-Cover-IL-FUTURO-DELLE-RISORSE-UMANE-e1640623345639.jpg","datePublished":"2021-12-27T16:43:29+00:00","dateModified":"2025-12-30T16:01:51+00:00","breadcrumb":{"@id":"https:\/\/www.guerini.it\/index.php\/prodotto\/il-futuro-delle-risorse-umane\/#breadcrumb"},"inLanguage":"it-IT","potentialAction":[{"@type":"ReadAction","target":["https:\/\/www.guerini.it\/index.php\/prodotto\/il-futuro-delle-risorse-umane\/"]}]},{"@type":"ImageObject","inLanguage":"it-IT","@id":"https:\/\/www.guerini.it\/index.php\/prodotto\/il-futuro-delle-risorse-umane\/#primaryimage","url":"https:\/\/www.guerini.it\/wp-content\/uploads\/2021\/12\/Front-Cover-IL-FUTURO-DELLE-RISORSE-UMANE-e1640623345639.jpg","contentUrl":"https:\/\/www.guerini.it\/wp-content\/uploads\/2021\/12\/Front-Cover-IL-FUTURO-DELLE-RISORSE-UMANE-e1640623345639.jpg","width":233,"height":350,"caption":"Front Cover IL FUTURO DELLE RISORSE UMANE"},{"@type":"BreadcrumbList","@id":"https:\/\/www.guerini.it\/index.php\/prodotto\/il-futuro-delle-risorse-umane\/#breadcrumb","itemListElement":[{"@type":"ListItem","position":1,"name":"Home","item":"https:\/\/www.guerini.it\/"},{"@type":"ListItem","position":2,"name":"Catalogo","item":"https:\/\/www.guerini.it\/index.php\/negozio\/"},{"@type":"ListItem","position":3,"name":"Il futuro delle risorse umane"}]},{"@type":"WebSite","@id":"https:\/\/www.guerini.it\/#website","url":"https:\/\/www.guerini.it\/","name":"Guerini e Associati","description":"30 anni di libri, idee e libert\u00e0","publisher":{"@id":"https:\/\/www.guerini.it\/#organization"},"potentialAction":[{"@type":"SearchAction","target":{"@type":"EntryPoint","urlTemplate":"https:\/\/www.guerini.it\/?s={search_term_string}"},"query-input":{"@type":"PropertyValueSpecification","valueRequired":true,"valueName":"search_term_string"}}],"inLanguage":"it-IT"},{"@type":"Organization","@id":"https:\/\/www.guerini.it\/#organization","name":"Guerini e Associati","url":"https:\/\/www.guerini.it\/","logo":{"@type":"ImageObject","inLanguage":"it-IT","@id":"https:\/\/www.guerini.it\/#\/schema\/logo\/image\/","url":"https:\/\/www.guerini.it\/wp-content\/uploads\/2021\/03\/Logo-Guerini-OK_-e1615831292285.png","contentUrl":"https:\/\/www.guerini.it\/wp-content\/uploads\/2021\/03\/Logo-Guerini-OK_-e1615831292285.png","width":2805,"height":1870,"caption":"Guerini e Associati"},"image":{"@id":"https:\/\/www.guerini.it\/#\/schema\/logo\/image\/"}}]}},"_links":{"self":[{"href":"https:\/\/www.guerini.it\/index.php\/wp-json\/wp\/v2\/product\/22396","targetHints":{"allow":["GET"]}}],"collection":[{"href":"https:\/\/www.guerini.it\/index.php\/wp-json\/wp\/v2\/product"}],"about":[{"href":"https:\/\/www.guerini.it\/index.php\/wp-json\/wp\/v2\/types\/product"}],"wp:featuredmedia":[{"embeddable":true,"href":"https:\/\/www.guerini.it\/index.php\/wp-json\/wp\/v2\/media\/22397"}],"wp:attachment":[{"href":"https:\/\/www.guerini.it\/index.php\/wp-json\/wp\/v2\/media?parent=22396"}],"wp:term":[{"taxonomy":"product_brand","embeddable":true,"href":"https:\/\/www.guerini.it\/index.php\/wp-json\/wp\/v2\/product_brand?post=22396"},{"taxonomy":"product_cat","embeddable":true,"href":"https:\/\/www.guerini.it\/index.php\/wp-json\/wp\/v2\/product_cat?post=22396"},{"taxonomy":"product_tag","embeddable":true,"href":"https:\/\/www.guerini.it\/index.php\/wp-json\/wp\/v2\/product_tag?post=22396"}],"curies":[{"name":"wp","href":"https:\/\/api.w.org\/{rel}","templated":true}]}}

<p style="text-align: justify;">Come ha inciso la pandemia, e le relative trasformazioni di carattere economico e sociale, sulle scelte organizzative collegate all’ambito della gestione delle risorse umane?<br />
A rispondere, in questo saggio a più voci, agile ma approfondito, sono alcuni tra i più importanti consulenti e studiosi della materia, ciascuno sviluppando gli specifici contenuti più in linea con le proprie competenze e attitudini, e toccando così moltissimi aspetti delle responsabilità gestionali assunte in contesti pervasi di – attuata o incipiente – innovazione tecnologica.<br />
Ben prima della crisi pandemica, le alternative gestionali hanno trovato, come è ormai risaputo, nell’innovazione tecnologica la base tecnico-scientifica per la loro realizzazione materiale. A ciò si aggiungono naturalmente le inedite opportunità maturate con l’avvento della sconvolgente situazione sanitaria. Tutto questo è all’origine della presente opera, che condensa in un’unica formula, centrata sul binomio Funzione del Personale e Innovazione, una varietà di approcci al tema, declinati in un ricco spettro di stili diversi, tutti accomunati dalla profonda attualità dell’argomento.<br />
La materia che i vari autori del saggio maneggiano, infatti, è senza dubbio surriscaldata, sia per le conseguenze socio psicologiche, logistiche e contrattuali causate dalla imprevista dislocazione di moltissimi lavoratori nelle loro residenze abitative, sia per l’immagine – allo stesso tempo inquietante e salvifica – riflessa dalle nuove tecnologie e dalla digitalizzazione che insieme impronteranno i futuri assetti organizzativi.</p>
<hr />
<p style="text-align: justify;"><strong>Paola Frison</strong>, psicologa del lavoro, ha maturato quindici anni di esperienza in una multinazionale nell’area risorse umane, occupandosi principalmente di leadership, sviluppo organizzativo, formazione e selezione del personale. Ha collaborato con l’Università degli Studi di Torino come cultrice della materia nel corso di laurea in Psicologia dello Sviluppo Organizzativo. Per un periodico dedicato al benessere nell’ambito delle risorse umane, ha scritto un contributo dedicato a come formulare in modo appropriato un curriculum.</p>
<p style="text-align: justify;"><strong>Luigi Mario Spadarotto</strong>, psicologo del lavoro, psicoterapeuta. Consulente aziendale e formatore per aziende private e pubbliche. Già dirigente industriale in ISVOR-FIAT, ha insegnato Organizzazione e sviluppo per molti anni al MBA della SAA  dell’Università degli Studi di Torino; Psicologia della formazione presso l’Università degli Studi di Pavia e Psicologia della Comunicazione presso l’Istituto Universitario Salesiano Torino. Recentemente è stato docente di Consulenza pedagogica alle organizzazioni presso l’Università degli Studi di Torino. Coordinatore di AIF Piemonte dal 1993 al 1996, ha al suo attivo oltre sessanta pubblicazioni. Attualmente è membro onorario del consiglio direttivo di AIF Piemonte.</p>

30 anni di libri, idee e libertà
