{"id":22403,"date":"2022-01-10T14:35:31","date_gmt":"2022-01-10T13:35:31","guid":{"rendered":"https:\/\/www.guerini.it\/?post_type=product&#038;p=22403"},"modified":"2024-06-09T20:25:23","modified_gmt":"2024-06-09T18:25:23","slug":"da-26-a-60","status":"publish","type":"product","link":"https:\/\/www.guerini.it\/index.php\/prodotto\/da-26-a-60\/","title":{"rendered":"Da 26 a 60"},"content":{"rendered":"<p style=\"text-align: justify;\">Osservare il lungo percorso evolutivo della popolazione italiana dall\u2019Unit\u00e0 al terzo millennio significa analizzare una numerosa serie di cambiamenti che ne hanno mutato profondamente le dinamiche e le strutture. Molti di questi processi di trasformazione si sono ormai conclusi, altri sono tutt\u2019ora in atto e, infine, nuovi fattori si sono inseriti nel sistema demografico italiano, aprendo ulteriori prospettive di sviluppo futuro. La popolazione italiana si evolve in diverse fasi, ciascuna con caratteristiche demografico-strutturali proprie, che portano l\u2019Italia da poco pi\u00f9 di 26 milioni di abitanti nel 1861 ai 59 milioni registrati al 1\u00b0 gennaio del 2021, raggiungendo la massima espansione nel 2014 con oltre 60 milioni, un valore mai raggiunto prima di allora, per poi avviarsi verso un declino che pare inarrestabile.<br \/>\nLo scopo del presente volume \u00e8 quello di cogliere i punti salienti di questo percorso, delineando i cambiamenti avvenuti nella dimensione demografica all\u2019interno del quadro storico, sociale, culturale ed economico italiano.<\/p>\n<hr \/>\n<p style=\"text-align: justify;\"><strong>Maristella Bergaglio<\/strong> \u00e8 ricercatrice confermata presso il Dipartimento di Beni Culturali e Ambientali dell\u2019Universit\u00e0 degli Studi di Milano e professore aggregato di Geografia della popolazione presso lo stesso ateneo. La sua attivit\u00e0 di ricerca si concentra su tematiche riguardanti la sostenibilit\u00e0 demografica, il rapporto tra popolazione e sviluppo, l\u2019<em>empowerment<\/em> femminile e le trasformazioni demografico-territoriali dell\u2019area metropolitana milanese. Le pubblicazioni pi\u00f9 recenti e le partecipazioni a seminari e convegni privilegiano un approccio interdisciplinare tra gli studi di popolazione e gli studi umanistici in prospettiva geostorica. Per le nostre edizioni ha pubblicato anche <a href=\"https:\/\/www.guerini.it\/index.php\/prodotto\/la-popolazione\/\"><em>La popolazione. Metodi, strumenti e fonti per gli studi umanistici<\/em><\/a> (2018).<\/p>\n","protected":false},"excerpt":{"rendered":"<p>Osservare il lungo percorso evolutivo della popolazione italiana dall\u2019Unit\u00e0 al terzo millennio significa analizzare una numerosa serie di cambiamenti che ne hanno mutato profondamente le dinamiche e le strutture. Molti [&hellip;]<\/p>\n","protected":false},"featured_media":23806,"template":"","meta":{"_editorskit_title_hidden":false,"_editorskit_reading_time":0,"_editorskit_is_block_options_detached":false,"_editorskit_block_options_position":"{}","_monsterinsights_skip_tracking":false,"_monsterinsights_sitenote_active":false,"_monsterinsights_sitenote_note":"","_monsterinsights_sitenote_category":0},"product_brand":[],"product_cat":[6586,6539],"product_tag":[7721,7720,7722],"class_list":{"0":"post-22403","1":"product","2":"type-product","3":"status-publish","4":"has-post-thumbnail","6":"product_cat-sp","7":"product_cat-storia-e-geografia","8":"product_tag-demografia","9":"product_tag-geografia","10":"product_tag-geografia-della-popolazione","11":"pa_guerini_amazon_link-https-www-amazon-it-geostoria-popolazione-italiana-dallunit-millennio-dp-8881074559","12":"pa_guerini_feltrinelli_link-https-www-lafeltrinelli-it-da-26-a-60-geostoria-libro-maristella-bergaglio-e-9788881074556","13":"pa_guerini_ibs_link-https-www-ibs-it-da-26-a-60-geostoria-libro-maristella-bergaglio-e-9788881074556","14":"pa_guerini_libruniver_link-https-www-libreriauniversitaria-it-26-60-geostoria-popolazione-italiana-libro-9788881074556","15":"pa_guerini_mondadori_link-https-www-mondadoristore-it-da-26-60-geostoria-maristella-bergaglio-eai978888107455","17":"first","18":"instock","19":"sale","20":"shipping-taxable","21":"purchasable","22":"product-type-simple"},"yoast_head":"<!-- This site is optimized with the Yoast SEO plugin v25.4 - https:\/\/yoast.com\/wordpress\/plugins\/seo\/ -->\n<title>Da 26 a 60 - Guerini e Associati<\/title>\n<meta name=\"robots\" content=\"index, follow, max-snippet:-1, max-image-preview:large, max-video-preview:-1\" \/>\n<link rel=\"canonical\" href=\"https:\/\/www.guerini.it\/index.php\/prodotto\/da-26-a-60\/\" \/>\n<meta property=\"og:locale\" content=\"it_IT\" \/>\n<meta property=\"og:type\" content=\"article\" \/>\n<meta property=\"og:title\" content=\"Da 26 a 60 - Guerini e Associati\" \/>\n<meta property=\"og:description\" content=\"Osservare il lungo percorso evolutivo della popolazione italiana dall\u2019Unit\u00e0 al terzo millennio significa analizzare una numerosa serie di cambiamenti che ne hanno mutato profondamente le dinamiche e le strutture. Molti [&hellip;]\" \/>\n<meta property=\"og:url\" content=\"https:\/\/www.guerini.it\/index.php\/prodotto\/da-26-a-60\/\" \/>\n<meta property=\"og:site_name\" content=\"Guerini e Associati\" \/>\n<meta property=\"article:modified_time\" content=\"2024-06-09T18:25:23+00:00\" \/>\n<meta property=\"og:image\" content=\"https:\/\/www.guerini.it\/wp-content\/uploads\/2022\/01\/Da-26-a-60-scaled.webp\" \/>\n\t<meta property=\"og:image:width\" content=\"1659\" \/>\n\t<meta property=\"og:image:height\" content=\"2560\" \/>\n\t<meta property=\"og:image:type\" content=\"image\/webp\" \/>\n<meta name=\"twitter:card\" content=\"summary_large_image\" \/>\n<meta name=\"twitter:label1\" content=\"Tempo di lettura stimato\" \/>\n\t<meta name=\"twitter:data1\" content=\"2 minuti\" \/>\n<!-- \/ Yoast SEO plugin. -->","yoast_head_json":{"title":"Da 26 a 60 - Guerini e Associati","robots":{"index":"index","follow":"follow","max-snippet":"max-snippet:-1","max-image-preview":"max-image-preview:large","max-video-preview":"max-video-preview:-1"},"canonical":"https:\/\/www.guerini.it\/index.php\/prodotto\/da-26-a-60\/","og_locale":"it_IT","og_type":"article","og_title":"Da 26 a 60 - Guerini e Associati","og_description":"Osservare il lungo percorso evolutivo della popolazione italiana dall\u2019Unit\u00e0 al terzo millennio significa analizzare una numerosa serie di cambiamenti che ne hanno mutato profondamente le dinamiche e le strutture. Molti [&hellip;]","og_url":"https:\/\/www.guerini.it\/index.php\/prodotto\/da-26-a-60\/","og_site_name":"Guerini e Associati","article_modified_time":"2024-06-09T18:25:23+00:00","og_image":[{"width":1659,"height":2560,"url":"https:\/\/www.guerini.it\/wp-content\/uploads\/2022\/01\/Da-26-a-60-scaled.webp","type":"image\/webp"}],"twitter_card":"summary_large_image","twitter_misc":{"Tempo di lettura stimato":"2 minuti"},"schema":{"@context":"https:\/\/schema.org","@graph":[{"@type":"WebPage","@id":"https:\/\/www.guerini.it\/index.php\/prodotto\/da-26-a-60\/","url":"https:\/\/www.guerini.it\/index.php\/prodotto\/da-26-a-60\/","name":"Da 26 a 60 - Guerini e Associati","isPartOf":{"@id":"https:\/\/www.guerini.it\/#website"},"primaryImageOfPage":{"@id":"https:\/\/www.guerini.it\/index.php\/prodotto\/da-26-a-60\/#primaryimage"},"image":{"@id":"https:\/\/www.guerini.it\/index.php\/prodotto\/da-26-a-60\/#primaryimage"},"thumbnailUrl":"https:\/\/www.guerini.it\/wp-content\/uploads\/2022\/01\/Da-26-a-60-scaled.webp","datePublished":"2022-01-10T13:35:31+00:00","dateModified":"2024-06-09T18:25:23+00:00","breadcrumb":{"@id":"https:\/\/www.guerini.it\/index.php\/prodotto\/da-26-a-60\/#breadcrumb"},"inLanguage":"it-IT","potentialAction":[{"@type":"ReadAction","target":["https:\/\/www.guerini.it\/index.php\/prodotto\/da-26-a-60\/"]}]},{"@type":"ImageObject","inLanguage":"it-IT","@id":"https:\/\/www.guerini.it\/index.php\/prodotto\/da-26-a-60\/#primaryimage","url":"https:\/\/www.guerini.it\/wp-content\/uploads\/2022\/01\/Da-26-a-60-scaled.webp","contentUrl":"https:\/\/www.guerini.it\/wp-content\/uploads\/2022\/01\/Da-26-a-60-scaled.webp","width":1659,"height":2560,"caption":"Copertina del volume Da 26 a 60, Guerini Scientifica, 2022"},{"@type":"BreadcrumbList","@id":"https:\/\/www.guerini.it\/index.php\/prodotto\/da-26-a-60\/#breadcrumb","itemListElement":[{"@type":"ListItem","position":1,"name":"Home","item":"https:\/\/www.guerini.it\/"},{"@type":"ListItem","position":2,"name":"Catalogo","item":"https:\/\/www.guerini.it\/index.php\/negozio\/"},{"@type":"ListItem","position":3,"name":"Da 26 a 60"}]},{"@type":"WebSite","@id":"https:\/\/www.guerini.it\/#website","url":"https:\/\/www.guerini.it\/","name":"Guerini e Associati","description":"30 anni di libri, idee e libert\u00e0","publisher":{"@id":"https:\/\/www.guerini.it\/#organization"},"potentialAction":[{"@type":"SearchAction","target":{"@type":"EntryPoint","urlTemplate":"https:\/\/www.guerini.it\/?s={search_term_string}"},"query-input":{"@type":"PropertyValueSpecification","valueRequired":true,"valueName":"search_term_string"}}],"inLanguage":"it-IT"},{"@type":"Organization","@id":"https:\/\/www.guerini.it\/#organization","name":"Guerini e Associati","url":"https:\/\/www.guerini.it\/","logo":{"@type":"ImageObject","inLanguage":"it-IT","@id":"https:\/\/www.guerini.it\/#\/schema\/logo\/image\/","url":"https:\/\/www.guerini.it\/wp-content\/uploads\/2021\/03\/Logo-Guerini-OK_-e1615831292285.png","contentUrl":"https:\/\/www.guerini.it\/wp-content\/uploads\/2021\/03\/Logo-Guerini-OK_-e1615831292285.png","width":2805,"height":1870,"caption":"Guerini e Associati"},"image":{"@id":"https:\/\/www.guerini.it\/#\/schema\/logo\/image\/"}}]}},"_links":{"self":[{"href":"https:\/\/www.guerini.it\/index.php\/wp-json\/wp\/v2\/product\/22403","targetHints":{"allow":["GET"]}}],"collection":[{"href":"https:\/\/www.guerini.it\/index.php\/wp-json\/wp\/v2\/product"}],"about":[{"href":"https:\/\/www.guerini.it\/index.php\/wp-json\/wp\/v2\/types\/product"}],"wp:featuredmedia":[{"embeddable":true,"href":"https:\/\/www.guerini.it\/index.php\/wp-json\/wp\/v2\/media\/23806"}],"wp:attachment":[{"href":"https:\/\/www.guerini.it\/index.php\/wp-json\/wp\/v2\/media?parent=22403"}],"wp:term":[{"taxonomy":"product_brand","embeddable":true,"href":"https:\/\/www.guerini.it\/index.php\/wp-json\/wp\/v2\/product_brand?post=22403"},{"taxonomy":"product_cat","embeddable":true,"href":"https:\/\/www.guerini.it\/index.php\/wp-json\/wp\/v2\/product_cat?post=22403"},{"taxonomy":"product_tag","embeddable":true,"href":"https:\/\/www.guerini.it\/index.php\/wp-json\/wp\/v2\/product_tag?post=22403"}],"curies":[{"name":"wp","href":"https:\/\/api.w.org\/{rel}","templated":true}]}}

<p style="text-align: justify;">Osservare il lungo percorso evolutivo della popolazione italiana dall’Unità al terzo millennio significa analizzare una numerosa serie di cambiamenti che ne hanno mutato profondamente le dinamiche e le strutture. Molti di questi processi di trasformazione si sono ormai conclusi, altri sono tutt’ora in atto e, infine, nuovi fattori si sono inseriti nel sistema demografico italiano, aprendo ulteriori prospettive di sviluppo futuro. La popolazione italiana si evolve in diverse fasi, ciascuna con caratteristiche demografico-strutturali proprie, che portano l’Italia da poco più di 26 milioni di abitanti nel 1861 ai 59 milioni registrati al 1° gennaio del 2021, raggiungendo la massima espansione nel 2014 con oltre 60 milioni, un valore mai raggiunto prima di allora, per poi avviarsi verso un declino che pare inarrestabile.<br />
Lo scopo del presente volume è quello di cogliere i punti salienti di questo percorso, delineando i cambiamenti avvenuti nella dimensione demografica all’interno del quadro storico, sociale, culturale ed economico italiano.</p>
<hr />
<p style="text-align: justify;"><strong>Maristella Bergaglio</strong> è ricercatrice confermata presso il Dipartimento di Beni Culturali e Ambientali dell’Università degli Studi di Milano e professore aggregato di Geografia della popolazione presso lo stesso ateneo. La sua attività di ricerca si concentra su tematiche riguardanti la sostenibilità demografica, il rapporto tra popolazione e sviluppo, l’<em>empowerment</em> femminile e le trasformazioni demografico-territoriali dell’area metropolitana milanese. Le pubblicazioni più recenti e le partecipazioni a seminari e convegni privilegiano un approccio interdisciplinare tra gli studi di popolazione e gli studi umanistici in prospettiva geostorica. Per le nostre edizioni ha pubblicato anche <a href="https://www.guerini.it/index.php/prodotto/la-popolazione/"><em>La popolazione. Metodi, strumenti e fonti per gli studi umanistici</em></a> (2018).</p>

<p>Osservare il lungo percorso evolutivo della popolazione italiana dall’Unità al terzo millennio significa analizzare una numerosa serie di cambiamenti che ne hanno mutato profondamente le dinamiche e le strutture. Molti [&hellip;]</p>

<!-- This site is optimized with the Yoast SEO plugin v25.4 - https://yoast.com/wordpress/plugins/seo/ -->
<title>Da 26 a 60 - Guerini e Associati</title>
<meta name="robots" content="index, follow, max-snippet:-1, max-image-preview:large, max-video-preview:-1" />
<link rel="canonical" href="https://www.guerini.it/index.php/prodotto/da-26-a-60/" />
<meta property="og:locale" content="it_IT" />
<meta property="og:type" content="article" />
<meta property="og:title" content="Da 26 a 60 - Guerini e Associati" />
<meta property="og:description" content="Osservare il lungo percorso evolutivo della popolazione italiana dall’Unità al terzo millennio significa analizzare una numerosa serie di cambiamenti che ne hanno mutato profondamente le dinamiche e le strutture. Molti [&hellip;]" />
<meta property="og:url" content="https://www.guerini.it/index.php/prodotto/da-26-a-60/" />
<meta property="og:site_name" content="Guerini e Associati" />
<meta property="article:modified_time" content="2024-06-09T18:25:23+00:00" />
<meta property="og:image" content="https://www.guerini.it/wp-content/uploads/2022/01/Da-26-a-60-scaled.webp" />
	<meta property="og:image:width" content="1659" />
	<meta property="og:image:height" content="2560" />
	<meta property="og:image:type" content="image/webp" />
<meta name="twitter:card" content="summary_large_image" />
<meta name="twitter:label1" content="Tempo di lettura stimato" />
	<meta name="twitter:data1" content="2 minuti" />
<!-- / Yoast SEO plugin. -->

Osservare il lungo percorso evolutivo della popolazione italiana dall’Unità al terzo millennio significa analizzare una numerosa serie di cambiamenti che ne hanno mutato profondamente le dinamiche e le strutture. Molti [&hellip;]

30 anni di libri, idee e libertà
